{"id":15,"date":"2022-08-22T13:10:48","date_gmt":"2022-08-22T11:10:48","guid":{"rendered":"https:\/\/bonifratrzy.pl\/ziololecznictwo-cieszyn\/?page_id=15"},"modified":"2026-02-03T13:13:48","modified_gmt":"2026-02-03T12:13:48","slug":"strona-glowna","status":"publish","type":"page","link":"https:\/\/bonifratrzy.pl\/ziololecznictwo-cieszyn\/","title":{"rendered":"Poradnia Zio\u0142olecznicza"},"content":{"rendered":"<p>Szanowni Pa\u0144stwo,<\/p>\n<p>Wychodz\u0105c naprzeciw oczekiwaniom lokalnej spo\u0142eczno\u015bci i pacjent\u00f3w korzystaj\u0105cych z Apteki \u201eU Mi\u0142osiernych\u201d, Konwent Bonifratr\u00f3w w Cieszynie rozszerzy\u0142 swoj\u0105 dotychczasow\u0105 dzia\u0142alno\u015b\u0107\u00a0o Poradni\u0119 Zio\u0142olecznictwa.<\/p>\n<p>Adres:<br \/>\npl. ks. Londzina 1<br \/>\n43-400 Cieszyn<\/p>\n<p>Gabinet Porad Zielarskich czynny:<\/p>\n<p><strong>Wtorek 9:00 &#8211; 14:30<\/strong><\/p>\n<p><strong>\u015aroda 14:00 &#8211; 17:30<\/strong><\/p>\n<p><strong>Pi\u0105tek 9:00 &#8211; 14:30<\/strong><\/p>\n<p>Zapisy \u2013 osobi\u015bcie lub telefonicznie<\/p>\n<p>Telefon: 33 852 02 68 wew. 106<\/p>\n<p>&nbsp;<\/p>\n<p>Porad udziela dyplomowany zielarz &#8211; fitoterapeuta, pani Barbara Bereza.<\/p>\n<p>&nbsp;<\/p>\n<p><strong>Na wizyt\u0119 dobrze jest zabra\u0107 wyniki bada\u0144, list\u0119 przyjmowanych lek\u00f3w, karty wypisowe ze szpitala i zapisane zalecenia z poprzednich wizyt w poradni zio\u0142oleczniczej.<\/strong><\/p>\n<div class=\"su-row\"><div class=\"su-column su-column-size-1-2\"><div class=\"su-column-inner su-u-clearfix su-u-trim\">\n<\/div><\/div> <div class=\"su-column su-column-size-1-2\"><div class=\"su-column-inner su-u-clearfix su-u-trim\">\n<\/div><\/div><\/div>\n<p>&nbsp;<\/p>\n<p>&nbsp;<\/p>\n","protected":false},"excerpt":{"rendered":"<p>Szanowni Pa\u0144stwo, Wychodz\u0105c naprzeciw oczekiwaniom lokalnej spo\u0142eczno\u015bci i pacjent\u00f3w korzystaj\u0105cych z Apteki \u201eU Mi\u0142osiernych\u201d, Konwent Bonifratr\u00f3w w Cieszynie rozszerzy\u0142 swoj\u0105 dotychczasow\u0105 dzia\u0142alno\u015b\u0107\u00a0o Poradni\u0119 Zio\u0142olecznictwa. Adres: pl. ks. Londzina 1 43-400 Cieszyn Gabinet Porad Zielarskich czynny: Wtorek 9:00 &#8211; 14:30 \u015aroda 14:00 &#8211; 17:30 Pi\u0105tek 9:00 &#8211; 14:30 Zapisy \u2013 osobi\u015bcie lub telefonicznie Telefon: 33 852 [&hellip;]<\/p>\n","protected":false},"author":1,"featured_media":0,"parent":0,"menu_order":2,"comment_status":"closed","ping_status":"closed","template":"page-home.php","meta":{"footnotes":""},"_links":{"self":[{"href":"https:\/\/bonifratrzy.pl\/ziololecznictwo-cieszyn\/wp-json\/wp\/v2\/pages\/15"}],"collection":[{"href":"https:\/\/bonifratrzy.pl\/ziololecznictwo-cieszyn\/wp-json\/wp\/v2\/pages"}],"about":[{"href":"https:\/\/bonifratrzy.pl\/ziololecznictwo-cieszyn\/wp-json\/wp\/v2\/types\/page"}],"author":[{"embeddable":true,"href":"https:\/\/bonifratrzy.pl\/ziololecznictwo-cieszyn\/wp-json\/wp\/v2\/users\/1"}],"replies":[{"embeddable":true,"href":"https:\/\/bonifratrzy.pl\/ziololecznictwo-cieszyn\/wp-json\/wp\/v2\/comments?post=15"}],"version-history":[{"count":25,"href":"https:\/\/bonifratrzy.pl\/ziololecznictwo-cieszyn\/wp-json\/wp\/v2\/pages\/15\/revisions"}],"predecessor-version":[{"id":311,"href":"https:\/\/bonifratrzy.pl\/ziololecznictwo-cieszyn\/wp-json\/wp\/v2\/pages\/15\/revisions\/311"}],"wp:attachment":[{"href":"https:\/\/bonifratrzy.pl\/ziololecznictwo-cieszyn\/wp-json\/wp\/v2\/media?parent=15"}],"curies":[{"name":"wp","href":"https:\/\/api.w.org\/{rel}","templated":true}]}}