{"id":85,"date":"2020-12-08T23:48:39","date_gmt":"2020-12-08T22:48:39","guid":{"rendered":"https:\/\/bonifratrzy.pl\/wtz-zebrzydowice\/?page_id=85"},"modified":"2020-12-08T23:48:39","modified_gmt":"2020-12-08T22:48:39","slug":"kontakt","status":"publish","type":"page","link":"https:\/\/bonifratrzy.pl\/wtz-zebrzydowice\/kontakt\/","title":{"rendered":"Kontakt"},"content":{"rendered":"<div class=\"centercontent\">\n<p><strong>Warsztat Terapii Zaj\u0119ciowej<br \/>\n<\/strong><strong>przy Domu Pomocy Spo\u0142ecznej Zakonu Bonifratr\u00f3w<br \/>\nw Zebrzydowicach<\/strong><\/p>\n<p>Zebrzydowice 1<br \/>\n34-130 Kalwaria Zebrzydowska<\/p>\n<p>Tel.\/fax: 33 876-48-96<\/p>\n<p>email: &#119;t&#x7a;&#64;&#x7a;e&#x62;r&#x7a;y&#x64;o&#x77;&#115;&#x6b;&#105;&#x2e;&#112;&#x6c;<\/p>\n<\/div>\n<div class=\" \"><\/div>\n","protected":false},"excerpt":{"rendered":"<p>Warsztat Terapii Zaj\u0119ciowej przy Domu Pomocy Spo\u0142ecznej Zakonu Bonifratr\u00f3w w Zebrzydowicach Zebrzydowice 1 34-130 Kalwaria Zebrzydowska Tel.\/fax: 33 876-48-96 email: &#119;t&#x7a;&#64;&#x7a;e&#x62;r&#x7a;&#121;&#x64;&#111;&#x77;&#115;&#x6b;&#105;&#46;&#112;l<\/p>\n","protected":false},"author":1,"featured_media":0,"parent":0,"menu_order":0,"comment_status":"closed","ping_status":"closed","template":"","meta":{"footnotes":""},"_links":{"self":[{"href":"https:\/\/bonifratrzy.pl\/wtz-zebrzydowice\/wp-json\/wp\/v2\/pages\/85"}],"collection":[{"href":"https:\/\/bonifratrzy.pl\/wtz-zebrzydowice\/wp-json\/wp\/v2\/pages"}],"about":[{"href":"https:\/\/bonifratrzy.pl\/wtz-zebrzydowice\/wp-json\/wp\/v2\/types\/page"}],"author":[{"embeddable":true,"href":"https:\/\/bonifratrzy.pl\/wtz-zebrzydowice\/wp-json\/wp\/v2\/users\/1"}],"replies":[{"embeddable":true,"href":"https:\/\/bonifratrzy.pl\/wtz-zebrzydowice\/wp-json\/wp\/v2\/comments?post=85"}],"version-history":[{"count":1,"href":"https:\/\/bonifratrzy.pl\/wtz-zebrzydowice\/wp-json\/wp\/v2\/pages\/85\/revisions"}],"predecessor-version":[{"id":86,"href":"https:\/\/bonifratrzy.pl\/wtz-zebrzydowice\/wp-json\/wp\/v2\/pages\/85\/revisions\/86"}],"wp:attachment":[{"href":"https:\/\/bonifratrzy.pl\/wtz-zebrzydowice\/wp-json\/wp\/v2\/media?parent=85"}],"curies":[{"name":"wp","href":"https:\/\/api.w.org\/{rel}","templated":true}]}}