{"id":74,"date":"2016-03-21T11:33:31","date_gmt":"2016-03-21T10:33:31","guid":{"rendered":"https:\/\/bonifratrzy.pl\/szkola-opieki-duszpasterskiej\/?page_id=74"},"modified":"2016-03-21T11:33:31","modified_gmt":"2016-03-21T10:33:31","slug":"koszt-studiow","status":"publish","type":"page","link":"https:\/\/bonifratrzy.pl\/szkola-opieki-duszpasterskiej\/rekrutacja\/koszt-studiow\/","title":{"rendered":"Koszt studi\u00f3w"},"content":{"rendered":"<p><strong>Przewidywany koszt studi\u00f3w<\/strong><\/p>\n<p>Op\u0142ata rekrutacyjna: 100, 00 z\u0142<br \/>\n3000 z\u0142 &#8211; koszt ca\u0142kowity;<br \/>\n(mo\u017cliwo\u015b\u0107 wnoszenia op\u0142at semestralnych &#8211; 1500 z\u0142 za semestr)<\/p>\n<p>Informujemy, \u017ce Polska Prowincja Zakonu Bonifratr\u00f3w zobowi\u0105zuje si\u0119 do pokrycia kosztu studi\u00f3w dw\u00f3m osobom (kandydatom wsp\u00f3\u0142pracuj\u0105cym z Zakonem Bonifratr\u00f3w).<\/p>\n","protected":false},"excerpt":{"rendered":"<p>Przewidywany koszt studi\u00f3w Op\u0142ata rekrutacyjna: 100, 00 z\u0142 3000 z\u0142 &#8211; koszt ca\u0142kowity; (mo\u017cliwo\u015b\u0107 wnoszenia op\u0142at semestralnych &#8211; 1500 z\u0142 za semestr) Informujemy, \u017ce Polska Prowincja Zakonu Bonifratr\u00f3w zobowi\u0105zuje si\u0119 do pokrycia kosztu studi\u00f3w dw\u00f3m osobom (kandydatom wsp\u00f3\u0142pracuj\u0105cym z Zakonem Bonifratr\u00f3w).<\/p>\n","protected":false},"author":1,"featured_media":0,"parent":11,"menu_order":0,"comment_status":"closed","ping_status":"closed","template":"","meta":{"footnotes":""},"_links":{"self":[{"href":"https:\/\/bonifratrzy.pl\/szkola-opieki-duszpasterskiej\/wp-json\/wp\/v2\/pages\/74"}],"collection":[{"href":"https:\/\/bonifratrzy.pl\/szkola-opieki-duszpasterskiej\/wp-json\/wp\/v2\/pages"}],"about":[{"href":"https:\/\/bonifratrzy.pl\/szkola-opieki-duszpasterskiej\/wp-json\/wp\/v2\/types\/page"}],"author":[{"embeddable":true,"href":"https:\/\/bonifratrzy.pl\/szkola-opieki-duszpasterskiej\/wp-json\/wp\/v2\/users\/1"}],"replies":[{"embeddable":true,"href":"https:\/\/bonifratrzy.pl\/szkola-opieki-duszpasterskiej\/wp-json\/wp\/v2\/comments?post=74"}],"version-history":[{"count":1,"href":"https:\/\/bonifratrzy.pl\/szkola-opieki-duszpasterskiej\/wp-json\/wp\/v2\/pages\/74\/revisions"}],"predecessor-version":[{"id":75,"href":"https:\/\/bonifratrzy.pl\/szkola-opieki-duszpasterskiej\/wp-json\/wp\/v2\/pages\/74\/revisions\/75"}],"up":[{"embeddable":true,"href":"https:\/\/bonifratrzy.pl\/szkola-opieki-duszpasterskiej\/wp-json\/wp\/v2\/pages\/11"}],"wp:attachment":[{"href":"https:\/\/bonifratrzy.pl\/szkola-opieki-duszpasterskiej\/wp-json\/wp\/v2\/media?parent=74"}],"curies":[{"name":"wp","href":"https:\/\/api.w.org\/{rel}","templated":true}]}}