{"id":65,"date":"2016-03-21T11:25:25","date_gmt":"2016-03-21T10:25:25","guid":{"rendered":"https:\/\/bonifratrzy.pl\/szkola-opieki-duszpasterskiej\/?page_id=65"},"modified":"2016-03-21T11:25:25","modified_gmt":"2016-03-21T10:25:25","slug":"rekolekcje","status":"publish","type":"page","link":"https:\/\/bonifratrzy.pl\/szkola-opieki-duszpasterskiej\/dla-studentow\/rekolekcje\/","title":{"rendered":"Rekolekcje"},"content":{"rendered":"<h2>Rekolekcje dla uczestnik\u00f3w Studi\u00f3w Podyplomowych z zakresu Duszpasterstwa S\u0142u\u017cby Zdrowia i Pomocy Spo\u0142ecznej Szko\u0142a Opieki Duszpasterskiej \u015aw. Jana Bo\u017cego<\/h2>\n<p>Na zako\u0144czenie Studi\u00f3w Podyplomowych z zakresu Duszpasterstwa S\u0142u\u017cby Zdrowia i Pomocy Spo\u0142ecznej przewidziane s\u0105 dla wszystkich absolwent\u00f3w \u2013 duchownych i \u015bwieckich \u2013 specjalne, 4-dniowe rekolekcje. Stanowi\u0105 one integraln\u0105 cze\u015b\u0107 Szko\u0142y Opieki Duszpasterskiej \u015aw. Jana Bo\u017cego, a ich celem jest duchowe przygotowanie uczestnik\u00f3w studi\u00f3w do pos\u0142ugi w\u015br\u00f3d chorych.<\/p>\n<p><strong>W programie rekolekcji znajd\u0105 si\u0119 codziennie:<\/strong><\/p>\n<ul>\n<li>Msza \u015bw.<\/li>\n<li>Modlitwa w ciszy oraz modlitwa psalmami<\/li>\n<li>Konferencje o \u017cyciu duchowym i \u017cyciu modlitwy<\/li>\n<li>Wieczorne spotkania na tematy zwi\u0105zane z wiar\u0105<\/li>\n<li>Czas indywidualny<\/li>\n<li>Mo\u017cliwo\u015b\u0107 osobistej adoracji przez ca\u0142y czas pobytu<\/li>\n<\/ul>\n<p>Rekolekcje po\u0142\u0105czone b\u0119d\u0105 z rozdaniem ko\u0144cowych dyplom\u00f3w oraz certyfikat\u00f3w praktyk klinicznych i opieku\u0144czych. Kap\u0142ani b\u0119d\u0105 mogli uzyska\u0107 tak\u017ce za\u015bwiadczenie odbytych rekolekcji do przed\u0142o\u017cenia swoim prze\u0142o\u017conym.<\/p>\n","protected":false},"excerpt":{"rendered":"<p>Rekolekcje dla uczestnik\u00f3w Studi\u00f3w Podyplomowych z zakresu Duszpasterstwa S\u0142u\u017cby Zdrowia i Pomocy Spo\u0142ecznej Szko\u0142a Opieki Duszpasterskiej \u015aw. Jana Bo\u017cego Na zako\u0144czenie Studi\u00f3w Podyplomowych z zakresu Duszpasterstwa S\u0142u\u017cby Zdrowia i Pomocy Spo\u0142ecznej przewidziane s\u0105 dla wszystkich absolwent\u00f3w \u2013 duchownych i \u015bwieckich \u2013 specjalne, 4-dniowe rekolekcje. Stanowi\u0105 one integraln\u0105 cze\u015b\u0107 Szko\u0142y Opieki Duszpasterskiej \u015aw. Jana Bo\u017cego, a [&hellip;]<\/p>\n","protected":false},"author":1,"featured_media":0,"parent":13,"menu_order":0,"comment_status":"closed","ping_status":"closed","template":"","meta":{"footnotes":""},"_links":{"self":[{"href":"https:\/\/bonifratrzy.pl\/szkola-opieki-duszpasterskiej\/wp-json\/wp\/v2\/pages\/65"}],"collection":[{"href":"https:\/\/bonifratrzy.pl\/szkola-opieki-duszpasterskiej\/wp-json\/wp\/v2\/pages"}],"about":[{"href":"https:\/\/bonifratrzy.pl\/szkola-opieki-duszpasterskiej\/wp-json\/wp\/v2\/types\/page"}],"author":[{"embeddable":true,"href":"https:\/\/bonifratrzy.pl\/szkola-opieki-duszpasterskiej\/wp-json\/wp\/v2\/users\/1"}],"replies":[{"embeddable":true,"href":"https:\/\/bonifratrzy.pl\/szkola-opieki-duszpasterskiej\/wp-json\/wp\/v2\/comments?post=65"}],"version-history":[{"count":1,"href":"https:\/\/bonifratrzy.pl\/szkola-opieki-duszpasterskiej\/wp-json\/wp\/v2\/pages\/65\/revisions"}],"predecessor-version":[{"id":66,"href":"https:\/\/bonifratrzy.pl\/szkola-opieki-duszpasterskiej\/wp-json\/wp\/v2\/pages\/65\/revisions\/66"}],"up":[{"embeddable":true,"href":"https:\/\/bonifratrzy.pl\/szkola-opieki-duszpasterskiej\/wp-json\/wp\/v2\/pages\/13"}],"wp:attachment":[{"href":"https:\/\/bonifratrzy.pl\/szkola-opieki-duszpasterskiej\/wp-json\/wp\/v2\/media?parent=65"}],"curies":[{"name":"wp","href":"https:\/\/api.w.org\/{rel}","templated":true}]}}