{"id":25,"date":"2016-03-17T23:12:25","date_gmt":"2016-03-17T22:12:25","guid":{"rendered":"https:\/\/bonifratrzy.pl\/szkola-opieki-duszpasterskiej\/?page_id=25"},"modified":"2016-03-20T16:54:32","modified_gmt":"2016-03-20T15:54:32","slug":"program-studiow","status":"publish","type":"page","link":"https:\/\/bonifratrzy.pl\/szkola-opieki-duszpasterskiej\/o-szkole\/program-studiow\/","title":{"rendered":"Program Studi\u00f3w"},"content":{"rendered":"<p><strong>Tematyka studi\u00f3w podyplomowych:<\/strong><\/p>\n<ul>\n<li>duchowo\u015b\u0107 os\u00f3b chorych i umieraj\u0105cych<\/li>\n<li>psychopedagogika i komunikacja z pacjentem, rodzin\u0105 i zespo\u0142em terapeutycznym<\/li>\n<li>podstawy medycyny, piel\u0119gniarstwa i opieki spo\u0142ecznej<\/li>\n<li>teologia pastoralna<\/li>\n<li>bioetyka<\/li>\n<li>nowy model zespo\u0142owej opieki duszpasterskiej z udzia\u0142em kap\u0142an\u00f3w, innych os\u00f3b konsekrowanych, \u015bwieckich wsp\u00f3\u0142pracownik\u00f3w i wolontariuszy<\/li>\n<\/ul>\n<p>Ka\u017cda z dziedzin opr\u00f3cz wyk\u0142ad\u00f3w teoretycznych b\u0119dzie zawiera\u0142a praktyki kliniczne.<\/p>\n<p>&nbsp;<\/p>\n<p><strong>Trzysemestralne studia podyplomowe (368 godzin wyk\u0142ad\u00f3w i praktyk klinicznych), realizowane w trybie mieszanym:<\/strong><\/p>\n<p>wyk\u0142ady teoretyczne, w ramach trzech zjazd\u00f3w w Krakowie (poniedzia\u0142ek-sobota)<br \/>\nedukacja przez e-learning<br \/>\nzaj\u0119cia praktyczne w o\u015brodkach szpitalnych i pomocowych Bonifratr\u00f3w w ca\u0142ym kraju (zobacz)<br \/>\nWszystkie zaj\u0119cia b\u0119d\u0105 prowadzone z trosk\u0105 o chrze\u015bcija\u0144sk\u0105 tradycj\u0119 samaryta\u0144skiej duchowo\u015bci w s\u0142u\u017cbie zdrowia i pomocy spo\u0142ecznej.<\/p>\n<p>W ramach studi\u00f3w prowadzone b\u0119d\u0105 zaj\u0119cia z pierwszej pomocy, po kt\u00f3rych student otrzyma certyfikat American Heart Association (AHA) w zakresie podstawowych zabieg\u00f3w resuscytacyjnych<br \/>\nStudenci Szko\u0142y otrzymaj\u0105 dyplom Uniwersytetu Papieskiego Jana Paw\u0142a II wraz z certyfikatem praktyk klinicznych i opieku\u0144czych wydanym przez Zakon Bonifratr\u00f3w.<br \/>\nNajlepszym studentom zostanie zaproponowana wsp\u00f3\u0142praca w praktycznej cz\u0119\u015bci edukacji w kolejnych edycjach studi\u00f3w (opiekun praktyk klinicznych).<\/p>\n","protected":false},"excerpt":{"rendered":"<p>Tematyka studi\u00f3w podyplomowych: duchowo\u015b\u0107 os\u00f3b chorych i umieraj\u0105cych psychopedagogika i komunikacja z pacjentem, rodzin\u0105 i zespo\u0142em terapeutycznym podstawy medycyny, piel\u0119gniarstwa i opieki spo\u0142ecznej teologia pastoralna bioetyka nowy model zespo\u0142owej opieki duszpasterskiej z udzia\u0142em kap\u0142an\u00f3w, innych os\u00f3b konsekrowanych, \u015bwieckich wsp\u00f3\u0142pracownik\u00f3w i wolontariuszy Ka\u017cda z dziedzin opr\u00f3cz wyk\u0142ad\u00f3w teoretycznych b\u0119dzie zawiera\u0142a praktyki kliniczne. &nbsp; Trzysemestralne studia podyplomowe [&hellip;]<\/p>\n","protected":false},"author":1,"featured_media":0,"parent":21,"menu_order":0,"comment_status":"closed","ping_status":"closed","template":"","meta":{"footnotes":""},"_links":{"self":[{"href":"https:\/\/bonifratrzy.pl\/szkola-opieki-duszpasterskiej\/wp-json\/wp\/v2\/pages\/25"}],"collection":[{"href":"https:\/\/bonifratrzy.pl\/szkola-opieki-duszpasterskiej\/wp-json\/wp\/v2\/pages"}],"about":[{"href":"https:\/\/bonifratrzy.pl\/szkola-opieki-duszpasterskiej\/wp-json\/wp\/v2\/types\/page"}],"author":[{"embeddable":true,"href":"https:\/\/bonifratrzy.pl\/szkola-opieki-duszpasterskiej\/wp-json\/wp\/v2\/users\/1"}],"replies":[{"embeddable":true,"href":"https:\/\/bonifratrzy.pl\/szkola-opieki-duszpasterskiej\/wp-json\/wp\/v2\/comments?post=25"}],"version-history":[{"count":2,"href":"https:\/\/bonifratrzy.pl\/szkola-opieki-duszpasterskiej\/wp-json\/wp\/v2\/pages\/25\/revisions"}],"predecessor-version":[{"id":45,"href":"https:\/\/bonifratrzy.pl\/szkola-opieki-duszpasterskiej\/wp-json\/wp\/v2\/pages\/25\/revisions\/45"}],"up":[{"embeddable":true,"href":"https:\/\/bonifratrzy.pl\/szkola-opieki-duszpasterskiej\/wp-json\/wp\/v2\/pages\/21"}],"wp:attachment":[{"href":"https:\/\/bonifratrzy.pl\/szkola-opieki-duszpasterskiej\/wp-json\/wp\/v2\/media?parent=25"}],"curies":[{"name":"wp","href":"https:\/\/api.w.org\/{rel}","templated":true}]}}