{"id":19,"date":"2016-03-17T23:11:41","date_gmt":"2016-03-17T22:11:41","guid":{"rendered":"https:\/\/bonifratrzy.pl\/szkola-opieki-duszpasterskiej\/?page_id=19"},"modified":"2016-03-20T19:22:21","modified_gmt":"2016-03-20T18:22:21","slug":"program-konferencji","status":"publish","type":"page","link":"https:\/\/bonifratrzy.pl\/szkola-opieki-duszpasterskiej\/inauguracja-szkoly\/program-konferencji\/","title":{"rendered":"Program Konferencji"},"content":{"rendered":"<h2>Konferencja DOLENTIUM HOMINUM. Duchowni i \u015bwieccy wobec ludzkiego cierpienia.<\/h2>\n<p>Pod Patronatem\u00a0Kurii Prowincjalnej Zakonu Bonifratr\u00f3w i Uniwersytetu Papieskiego Jana Paw\u0142a II w Krakowie\u00a0we wsp\u00f3\u0142pracy z wydawnictwem Medycyna Praktyczna<\/p>\n<p>Krak\u00f3w, 10 pa\u017adziernika 2011 r.<\/p>\n<p>Sanktuarium Mi\u0142osierdzia Bo\u017cego \u2013 \u0141agiewniki, Aula Jana Paw\u0142a II<br \/>\n9.00 &#8211; Msza \u015awi\u0119ta w Bazylice Bo\u017cego Mi\u0142osierdzia<br \/>\nB\u0142ogos\u0142awie\u0144stwo na rozpocz\u0119cie dzia\u0142alno\u015bci Szko\u0142y Opieki Duszpasterskiej \u015aw. Jana Bo\u017cego<\/p>\n<p>10.00 &#8211; Otwarcie Konferencji<br \/>\nS\u0142owa wst\u0119pne &#8211;<\/p>\n<p>JE. Ks. bp. Stefan Regmunt<br \/>\nJE. Ks. bp. Grzegorz Ry\u015b<br \/>\nJM. Ks. W\u0142adys\u0142aw Zuziak, Rektor UPJPII<br \/>\nBr. Eugeniusz Kret OH, Prowincja\u0142 Bonifratr\u00f3w<\/p>\n<p>10.40 &#8211; 11.00 &#8211; Abp. Zygmunt Zimowski (Przewodnicz\u0105cy Papieskiej Rady ds. Duszpasterstwa S\u0142u\u017cby Zdrowia)<br \/>\nRola Papieskiej Rady ds. Duszpasterstwa S\u0142u\u017cby Zdrowia w animowaniu zespo\u0142owej opieki duszpasterskiej na rzecz chorych i podopiecznych.<br \/>\n11.00 &#8211; 11.20 &#8211; Prof. dr hab. med. Andrzej Szczeklik (II Katedra Chor\u00f3b Wewn\u0119trznych CM UJ)<br \/>\nEksplozja medycyny a odwieczny problem cierpienia.<br \/>\n11.40 &#8211; 12.00 &#8211; Br. Elia Tripaldi OH, sac. (IV Radny Generalny Zakonu Bonifratr\u00f3w \u2013 Kuria Rzym)<br \/>\nDo\u015bwiadczenia Zakonu Bonifratr\u00f3w w zakresie pos\u0142ugi duszpasterskiej w opiece zdrowotnej realizowanej w o\u015brodkach prowadzonych przez Zakon w Europie.<br \/>\n12.00 &#8211; 12.20 &#8211; prof. dr hab. med. Jacek Imiela (Konsultant Krajowy w dziedzinie chor\u00f3b wewn\u0119trznych)<br \/>\nOpieka duchowa jednym z zada\u0144 zespo\u0142\u00f3w terapeutycznych.<\/p>\n<p>12.30 &#8211; 13.00 &#8211; przerwa kawowa<\/p>\n<p>13.00 &#8211; 13.20 &#8211; bp.J.Redrado OH (Sekretarz Papieskiej Rady ds. Duszpasterstwa S\u0142u\u017cby Zdrowia)<br \/>\nRola os\u00f3b \u015bwieckich w pos\u0142udze duszpasterskiej na rzecz chorych.<\/p>\n<p>13.20 &#8211; 13.40 &#8211; dr Konstanty Radziwi\u0142\u0142 (Prezydent Sta\u0142ego Komitetu Lekarzy Europejskich)<br \/>\nPotrzeby wsparcia duchowego i towarzyszenia pacjentowi i jego rodzinie w opiece nad przewlekle chorym w domu.<br \/>\n13.40 &#8211; 14.00 &#8211; Ks. dr Piotr Krakowiak (Kierownik Szko\u0142y Opieki Duszpasterskiej \u015aw. Jana Bo\u017cego)<br \/>\nZespo\u0142y opieki duszpasterskiej \u2013 nowy model wsp\u00f3\u0142dzia\u0142ania z zespo\u0142ami terapeutycznymi, opieku\u0144czymi i rodzin\u0105 chorego w obj\u0119ciu go holistyczn\u0105 opiek\u0105.<\/p>\n<p>14.00 &#8211; 15.00 &#8211; przerwa obiadowa<\/p>\n<p>15.10 \u2013 15.30 &#8211; prof. J\u00f3zef Binnebesel (Wy\u017csza Szko\u0142a Edukacji Zdrowotnej i Nauk Spo\u0142ecznych w \u0141odzi)<br \/>\nTanatopedagogika jako droga do zrozumienia i zaakceptowania \u015bmierci<br \/>\n15.30 &#8211; 15.50 &#8211; dr n.med. Ma\u0142gorzata Krajnik (Katedra i Zak\u0142ad Opieki Paliatywnej, Uniwersytet M.Kopernika, Collegium Medicum w Bydgoszczy)<br \/>\nB\u00f3l duchowy u chorego na nowotw\u00f3r<br \/>\n15.50 &#8211; 16.10 \u2013 dr n.med. Dominik Krzy\u017canowski (Wydzia\u0142 Nauk o Zdrowiu AM we Wroc\u0142awiu)<br \/>\nTowarzyszenie duchowe umieraj\u0105cym wyzwaniem dla zespo\u0142\u00f3w terapeutycznych<br \/>\n16.10 &#8211; 16.30 \u2013 Anna Nowarska (MA in Bioethics; Ministerstwo Zdrowia)<br \/>\nRola cz\u0142onk\u00f3w zespo\u0142\u00f3w opieki duszpasterskiej w rozstrzyganiu dylemat\u00f3w bioetycznych<br \/>\n16.30 \u2013 17.00 \u2013 Panelowa dyskusja podsumowuj\u0105ca<\/p>\n","protected":false},"excerpt":{"rendered":"<p>Konferencja DOLENTIUM HOMINUM. Duchowni i \u015bwieccy wobec ludzkiego cierpienia. Pod Patronatem\u00a0Kurii Prowincjalnej Zakonu Bonifratr\u00f3w i Uniwersytetu Papieskiego Jana Paw\u0142a II w Krakowie\u00a0we wsp\u00f3\u0142pracy z wydawnictwem Medycyna Praktyczna Krak\u00f3w, 10 pa\u017adziernika 2011 r. Sanktuarium Mi\u0142osierdzia Bo\u017cego \u2013 \u0141agiewniki, Aula Jana Paw\u0142a II 9.00 &#8211; Msza \u015awi\u0119ta w Bazylice Bo\u017cego Mi\u0142osierdzia B\u0142ogos\u0142awie\u0144stwo na rozpocz\u0119cie dzia\u0142alno\u015bci Szko\u0142y Opieki [&hellip;]<\/p>\n","protected":false},"author":1,"featured_media":0,"parent":15,"menu_order":0,"comment_status":"closed","ping_status":"closed","template":"","meta":{"footnotes":""},"_links":{"self":[{"href":"https:\/\/bonifratrzy.pl\/szkola-opieki-duszpasterskiej\/wp-json\/wp\/v2\/pages\/19"}],"collection":[{"href":"https:\/\/bonifratrzy.pl\/szkola-opieki-duszpasterskiej\/wp-json\/wp\/v2\/pages"}],"about":[{"href":"https:\/\/bonifratrzy.pl\/szkola-opieki-duszpasterskiej\/wp-json\/wp\/v2\/types\/page"}],"author":[{"embeddable":true,"href":"https:\/\/bonifratrzy.pl\/szkola-opieki-duszpasterskiej\/wp-json\/wp\/v2\/users\/1"}],"replies":[{"embeddable":true,"href":"https:\/\/bonifratrzy.pl\/szkola-opieki-duszpasterskiej\/wp-json\/wp\/v2\/comments?post=19"}],"version-history":[{"count":3,"href":"https:\/\/bonifratrzy.pl\/szkola-opieki-duszpasterskiej\/wp-json\/wp\/v2\/pages\/19\/revisions"}],"predecessor-version":[{"id":50,"href":"https:\/\/bonifratrzy.pl\/szkola-opieki-duszpasterskiej\/wp-json\/wp\/v2\/pages\/19\/revisions\/50"}],"up":[{"embeddable":true,"href":"https:\/\/bonifratrzy.pl\/szkola-opieki-duszpasterskiej\/wp-json\/wp\/v2\/pages\/15"}],"wp:attachment":[{"href":"https:\/\/bonifratrzy.pl\/szkola-opieki-duszpasterskiej\/wp-json\/wp\/v2\/media?parent=19"}],"curies":[{"name":"wp","href":"https:\/\/api.w.org\/{rel}","templated":true}]}}