{"id":8,"date":"2020-12-10T10:44:55","date_gmt":"2020-12-10T09:44:55","guid":{"rendered":"https:\/\/bonifratrzy.pl\/klasztor-zebrzydowice\/?page_id=8"},"modified":"2025-12-13T18:59:36","modified_gmt":"2025-12-13T17:59:36","slug":"nabozenstwa","status":"publish","type":"page","link":"https:\/\/bonifratrzy.pl\/klasztor-zebrzydowice\/nabozenstwa\/","title":{"rendered":"Msze \u015bw."},"content":{"rendered":"<p style=\"text-align: left\"><strong><span style=\"color: #993300\">Kaplica \u015bw. Floriana<\/span> <\/strong><\/p>\n<p style=\"text-align: left\"><span style=\"color: #993300\"><strong>Harmonogram Mszy \u015bwi\u0119tych<\/strong><\/span><\/p>\n<p style=\"text-align: left\"><strong> Dni powszednie<\/strong><\/p>\n<p>Poniedzia\u0142ek &#8211; godz. 6:45<\/p>\n<p>Wtorek &#8211; god. 6:45<\/p>\n<p>\u015aroda &#8211; godz. 6:45 i 18:00 (w miesi\u0105cu lipcu i sierpniu &#8211; mszy o godzinie 18:00 nie b\u0119dzie)<\/p>\n<p>Nowenna do Matki Bo\u017cej Nieustaj\u0105cej Pomocy (opr\u00f3cz lipca i sierpnia) \u015broda &#8211; godz. 17:40<\/p>\n<p>Czwartek &#8211; godz. 6:45<\/p>\n<p>Adoracja Naj\u015bwi\u0119tszego Sakramentu &#8211; godz. 17:20 do 18:20<\/p>\n<p>Pi\u0105tek &#8211; godz. 6:45<\/p>\n<p>Sobota &#8211; godz. 8:00 i 18:00 (w miesi\u0105cu lipcu i sierpniu &#8211; mszy o godzinie 8:00 nie b\u0119dzie)<\/p>\n<p style=\"text-align: left\"><strong>\u00a0W niedziele o godz. 6:30, 9:30, 18:00<\/strong><\/p>\n<p><span style=\"color: #993300\"><strong>Nabo\u017ce\u0144stwa takie jak majowe, czerwcowe<\/strong><\/span> &#8211; w \u015brod\u0119 i sobot\u0119 o godz. 17:40 i w niedziel\u0119 o godz. 9:10<\/p>\n<p><span style=\"color: #993300\"><strong>Nabo\u017ce\u0144stwa pa\u017adziernikowe (r\u00f3\u017caniec) i wypominkowe za zmar\u0142ych<\/strong> <strong>w listopadzie<\/strong><\/span> odbywaj\u0105 si\u0119 w \u015brody i w soboty o godz. 17:30, w niedziele o godz. 9:00.<\/p>\n<p style=\"text-align: left\"><span style=\"color: #993300\"><strong>Odpust w Kaplicy &#8211; Uroczysto\u015b\u0107 \u015bw. Floriana &#8211; 04 maja &#8211; Suma odpustowa o godz. 11:00<\/strong><\/span><\/p>\n<p><strong>Do sakramentu spowiedzi \u015bw.<\/strong> mo\u017cna przyst\u0105pi\u0107 w niedziele i w dni powszednie bezpo\u015brednio przed msz\u0105 \u015bw.\u00a0 lub na pro\u015bb\u0119 penitenta po mszy\u00a0 \u015bw.<\/p>\n<p>W kwestii intencji mszalnych prosimy o osobisty kontakt w zakrystii bezpo\u015brednio przed msz\u0105 \u015bw. lub po niej.<\/p>\n<p>Msze \u015bw. sprawuje o. Benedykt Iwaszkiewicz, b\u0119d\u0105cy r\u00f3wnie\u017c Kapelanem\u00a0 w DPS Zakonu Bonifratr\u00f3w w Zebrzydowicach<\/p>\n<p><strong>Kaplica klasztorna do u\u017cytku wiernych jest otwierana przed rann\u0105 msz\u0105 \u015bw. i zamykana o godz. 19.30.<\/strong><\/p>\n<p><span style=\"color: #993300\"><strong>Harmonogram Mszy \u015bw. i spowiedzi w okresie wielkanocnym<\/strong><\/span><\/p>\n<p><em><strong>Triduum Paschalne:<\/strong> <\/em><\/p>\n<p><strong>Wielki Czwartek &#8211; godz. 18 <\/strong><\/p>\n<p><strong>Wielki Pi\u0105tek<\/strong> &#8211; godz. 18<\/p>\n<p><strong>Wielka Sobota<\/strong> \u2013 Wigilia Paschalna &#8211; godz. 18<\/p>\n<p><strong>Spowied\u017a przed\u015bwi\u0105teczna w tutejszym ko\u015bciele Bonifratr\u00f3w:<\/strong><\/p>\n<p>Wielki Czwartek &#8211; godz. 10 \u2013 12<\/p>\n<p>Wielki Pi\u0105tek 10 \u2013 12<\/p>\n<p>Wielka Sobota 10 \u2013 12<\/p>\n<p><strong>\u015awi\u0119cenie pokarm\u00f3w wielkanocnych:<\/strong><\/p>\n<p>Wielka Sobota: Godzina 10; 11; 12.<\/p>\n<p>W Wielk\u0105 Sobot\u0119 przynosimy ze sob\u0105 \u015bwiece.<\/p>\n<p><strong>Niedziela Zmartwychwstania Pa\u0144skiego oraz\u00a0Poniedzia\u0142ek Wielkanocny\u00a0<\/strong><\/p>\n<p>Porz\u0105dek Mszy \u015awi\u0119tych jak w\u00a0ka\u017cd\u0105 niedziel\u0119 tj.\u00a06:30, 9:30 oraz\u00a018:00<\/p>\n<p><span style=\"color: #993300\"><strong>Odpust \u015bw. Floriana, patrona naszego ko\u015bcio\u0142a:<\/strong> <\/span><\/p>\n<p>3 maja (sobota) \u2013 godz. 11<\/p>\n<p><span style=\"color: #993300\"><strong>Harmonogram Mszy \u015bw. i spowiedzi w okresie \u015awi\u0105t Bo\u017cego Narodzenia 2025r.<\/strong><\/span><\/p>\n<p><span style=\"color: #000000\"><span style=\"font-family: Arial, sans-serif\"><span style=\"font-size: medium\"><u><b>Spowied\u017a przed\u015bwi\u0105teczna<\/b><\/u><\/span><span style=\"font-size: medium\"> w naszym ko\u015bciele <\/span><span style=\"font-size: medium\">odb\u0119dzie si\u0119: <\/span><\/span><\/span><\/p>\n<p><span style=\"color: #000000\"><span style=\"font-family: Arial, sans-serif\"><span style=\"font-size: medium\">22 grudnia \u2013 poniedzia\u0142ek \u2013 od godz. 10.<\/span><span style=\"font-size: medium\">00<\/span><span style=\"font-size: medium\"> do 12.<\/span><span style=\"font-size: medium\">00<\/span> <\/span><\/span><\/p>\n<p><span style=\"color: #000000\"><span style=\"font-family: Arial, sans-serif\"><span style=\"font-size: medium\">23 grudnia &#8211; wtorek \u2013 od godz. 10.<\/span><span style=\"font-size: medium\">00<\/span><span style=\"font-size: medium\"> do 12.<\/span><span style=\"font-size: medium\">00<\/span> <\/span><\/span><\/p>\n<p>24 grudnia &#8211; \u015broda &#8211; od 10.00 do 12.00<\/p>\n<p><span style=\"color: #000000\"><span style=\"font-family: Arial, sans-serif\"><span style=\"font-size: medium\"><u><b>Msza \u015bw. Pasterka<\/b><\/u><\/span><span style=\"font-size: medium\"> we \u015brod\u0119 o godzinie 20. <\/span><span style=\"font-size: medium\">00.<\/span><\/span><\/span><\/p>\n<p><span style=\"color: #000000\"><span style=\"font-family: Arial, sans-serif\"><span style=\"font-size: medium\"><u><b>U<\/b><\/u><\/span><span style=\"font-size: medium\"><u><b>roczysto\u015b\u0107 Narodzenia Pa\u0144skiego<\/b><\/u><\/span> <span style=\"font-size: medium\">\u00a025 grudnia \u2013 <\/span><span style=\"font-size: medium\">porz\u0105dek Mszy \u015bw. jak w niedziel\u0119: o 6.30; 9.30 i 18.00 <\/span><\/span><\/span><\/p>\n<p><span style=\"color: #000000\"><span style=\"font-family: Arial, sans-serif\"><span style=\"font-size: medium\"><u><b>\u015a<\/b><\/u><\/span><span style=\"font-size: medium\"><u><b>wi\u0119to \u015bw. Szczepana, pierwszego m\u0119czennika<\/b><\/u><\/span> \u00a0<span style=\"font-size: medium\">26 grudnia \u2013 <\/span><span style=\"font-size: medium\">porz\u0105dek Mszy \u015bw. jak w niedziel\u0119: o 6.30; 9.30 i 18.00 <\/span><\/span><\/span><\/p>\n","protected":false},"excerpt":{"rendered":"<p>Kaplica \u015bw. Floriana Harmonogram Mszy \u015bwi\u0119tych Dni powszednie Poniedzia\u0142ek &#8211; godz. 6:45 Wtorek &#8211; god. 6:45 \u015aroda &#8211; godz. 6:45 i 18:00 (w miesi\u0105cu lipcu i sierpniu &#8211; mszy o godzinie 18:00 nie b\u0119dzie) Nowenna do Matki Bo\u017cej Nieustaj\u0105cej Pomocy (opr\u00f3cz lipca i sierpnia) \u015broda &#8211; godz. 17:40 Czwartek &#8211; godz. 6:45 Adoracja Naj\u015bwi\u0119tszego Sakramentu [&hellip;]<\/p>\n","protected":false},"author":1,"featured_media":0,"parent":0,"menu_order":0,"comment_status":"closed","ping_status":"closed","template":"","meta":{"footnotes":""},"_links":{"self":[{"href":"https:\/\/bonifratrzy.pl\/klasztor-zebrzydowice\/wp-json\/wp\/v2\/pages\/8"}],"collection":[{"href":"https:\/\/bonifratrzy.pl\/klasztor-zebrzydowice\/wp-json\/wp\/v2\/pages"}],"about":[{"href":"https:\/\/bonifratrzy.pl\/klasztor-zebrzydowice\/wp-json\/wp\/v2\/types\/page"}],"author":[{"embeddable":true,"href":"https:\/\/bonifratrzy.pl\/klasztor-zebrzydowice\/wp-json\/wp\/v2\/users\/1"}],"replies":[{"embeddable":true,"href":"https:\/\/bonifratrzy.pl\/klasztor-zebrzydowice\/wp-json\/wp\/v2\/comments?post=8"}],"version-history":[{"count":32,"href":"https:\/\/bonifratrzy.pl\/klasztor-zebrzydowice\/wp-json\/wp\/v2\/pages\/8\/revisions"}],"predecessor-version":[{"id":4309,"href":"https:\/\/bonifratrzy.pl\/klasztor-zebrzydowice\/wp-json\/wp\/v2\/pages\/8\/revisions\/4309"}],"wp:attachment":[{"href":"https:\/\/bonifratrzy.pl\/klasztor-zebrzydowice\/wp-json\/wp\/v2\/media?parent=8"}],"curies":[{"name":"wp","href":"https:\/\/api.w.org\/{rel}","templated":true}]}}