{"id":19,"date":"2020-12-10T12:51:25","date_gmt":"2020-12-10T11:51:25","guid":{"rendered":"https:\/\/bonifratrzy.pl\/klasztor-zebrzydowice\/?page_id=19"},"modified":"2020-12-10T12:54:55","modified_gmt":"2020-12-10T11:54:55","slug":"zespol-dworski","status":"publish","type":"page","link":"https:\/\/bonifratrzy.pl\/klasztor-zebrzydowice\/zespol-dworski\/","title":{"rendered":"Zesp\u00f3\u0142 Dworski"},"content":{"rendered":"<p><a href=\"http:\/\/youtu.be\/bMLT3o-YIjE\" target=\"_blank\" rel=\"noopener noreferrer\">\u26ea\ufe0f Zobacz Zesp\u00f3\u0142 Dworski i okolice<\/a><\/p>\n<p>Dw\u00f3r nale\u017c\u0105cy do rodu Zebrzydowskich pocz\u0105tkowo mia\u0142 charakter obronny. Zosta\u0142 przekszta\u0142cony w II po\u0142. XVI w. w dw\u00f3r my\u015bliwski. W zwi\u0105zku fundacj\u0105 z 1599 r. rozbudowano go i przystosowano na szpital. W 1611 r. przekazano go Braciom Bonifratrom.<\/p>\n<p>Zesp\u00f3\u0142 obejmuje dw\u00f3r, klasztor, Dom Pomocy Spo\u0142ecznej (przebudowan\u0105 gorzelni\u0119 i browar), Warsztat Terapii Zaj\u0119ciowej, spichlerz oraz budynek by\u0142ego oddzia\u0142u dla kobiet Szpitala w Kobierzynie. Historia odcisn\u0119\u0142a dewastuj\u0105ce pi\u0119tno na ca\u0142ym kompleksie dworskim, kt\u00f3ry Bracia stopniowo i z ogromnym nak\u0142adem \u015brodk\u00f3w usi\u0142uj\u0105 doprowadzi\u0107\u00a0 do pierwotnej \u015bwietno\u015bci.<\/p>\n<p><img loading=\"lazy\" decoding=\"async\" class=\"size-full wp-image-20 alignleft\" src=\"https:\/\/bonifratrzy.pl\/klasztor-zebrzydowice\/wp-content\/uploads\/sites\/52\/2020\/12\/zebrzydowski.jpg\" alt=\"\" width=\"148\" height=\"195\" \/><\/p>\n<p>&nbsp;<\/p>\n<p>Dw\u00f3r nale\u017c\u0105cy do rodu Zebrzydowskich pocz\u0105tkowo mia\u0142 charakter obronny. Zosta\u0142 przekszta\u0142cony w II po\u0142. XVI w. w dw\u00f3r my\u015bliwski. W zwi\u0105zku fundacj\u0105 z 1599 r. rozbudowano go i przystosowano na szpital. W 1611 r. przekazano go Braciom Bonifratrom.<\/p>\n<p>Zesp\u00f3\u0142 obejmuje dw\u00f3r, klasztor, Dom Pomocy Spo\u0142ecznej (przebudowan\u0105 gorzelni\u0119 i browar), Warsztat Terapii Zaj\u0119ciowej, spichlerz oraz budynek by\u0142ego oddzia\u0142u dla kobiet Szpitala w Kobierzynie. Historia odcisn\u0119\u0142a dewastuj\u0105ce pi\u0119tno na ca\u0142ym kompleksie dworskim, kt\u00f3ry Bracia stopniowo i z ogromnym nak\u0142adem \u015brodk\u00f3w usi\u0142uj\u0105 doprowadzi\u0107\u00a0 do pierwotnej \u015bwietno\u015bci.<\/p>\n<p>&nbsp;<\/p>\n<p><img loading=\"lazy\" decoding=\"async\" class=\"size-full wp-image-22 alignright\" src=\"https:\/\/bonifratrzy.pl\/klasztor-zebrzydowice\/wp-content\/uploads\/sites\/52\/2020\/12\/wielopolska.jpg\" alt=\"\" width=\"144\" height=\"194\" \/>W ci\u0105gu wiek\u00f3w Konwent podziela\u0142 burzliwe losy naszej ojczyzny. Z pocz\u0105tkiem zabor\u00f3w grozi\u0142a mu nawet likwidacja (1793-8). Jednak dzi\u0119ki zabiegom braci i przyjaci\u00f3\u0142 Zakonu wci\u0105\u017c\u00a0\u00a0 wraca\u0142 do wype\u0142niania powierzonej misji. Spo\u015br\u00f3d licznych dobrodziej\u00f3w na uwag\u0119 zas\u0142uguje\u00a0<strong>El\u017cbieta Wielopolska<\/strong>, kt\u00f3rej psychicznie chory syn Feliks przebywa\u0142 tu do \u015bmierci. W 1838 roku hrabina ufundowa\u0142a cztery \u0142\u00f3\u017cka dla kobiet. By\u0142 to zal\u0105\u017cek \u017ce\u0144skiego oddzia\u0142u szpitala.<\/p>\n<p>&nbsp;<\/p>\n<p><img loading=\"lazy\" decoding=\"async\" class=\"size-full wp-image-21 alignleft\" src=\"https:\/\/bonifratrzy.pl\/klasztor-zebrzydowice\/wp-content\/uploads\/sites\/52\/2020\/12\/przeor.jpg\" alt=\"\" width=\"147\" height=\"188\" \/><\/p>\n<p>&nbsp;<\/p>\n<p>Mimo trudnych warunk\u00f3w, rozlicznych kl\u0119sk \u017cywio\u0142owych i zawirowa\u0144 politycznych\u00a0<em>dobrzy bracia<\/em>\u00a0nie ustawali w niesieniu pomocy okolicznej ludno\u015bci w okresach g\u0142odu, chor\u00f3b i niedostatku, zw\u0142aszcza podczas kilkakrotnie powracaj\u0105cych epidemii cholery i tyfusu. W pocz\u0105tkach XX wieku szpital sk\u0142ada\u0142 si\u0119 z trzech sal: m\u0119skiej na 15 \u0142\u00f3\u017cek i dw\u00f3ch kobiecych na 13 \u0142\u00f3\u017cek. Po odzyskaniu niepodleg\u0142o\u015bci przebywali w nim ranni \u017co\u0142nierze i powsta\u0144cy \u015bl\u0105scy.<\/p>\n<p>&nbsp;<\/p>\n<p>W latach trzydziestych, kt\u00f3re by\u0142y czasem kryzysu gospodarczego, kuchnia klasztorna wydawa\u0142a przesz\u0142o 50 porcji obiadowych dziennie, aby wesprze\u0107 licznych ubogich w\u0119druj\u0105cych za prac\u0105 i chlebem. W 1938 r. utworzono tu fili\u0119 szpitala kobierzy\u0144skiego, w kt\u00f3rej znalaz\u0142o opiek\u0119 30 umys\u0142owo chorych kobiet. W maju 1942 roku niemieccy okupanci wywie\u017ali naszych pacjent\u00f3w do obozu Auschwitz-Birkenau, gdzie zostali zamordowani.<\/p>\n<p>Po wojnie bracia przyst\u0105pili do odbudowy szpitala i gospodarstwa. Na mocy nowej umowy ze szpitalem w Kobierzynie do Zebrzydowic powr\u00f3cili pacjenci z chorobami umys\u0142owymi. W marcu 1950 roku upa\u0144stwowiono gospodarstwo Konwentu oraz nale\u017c\u0105c\u0105 do Bonifratr\u00f3w aptek\u0119. Na terenach gospodarstwa utworzono PGR. W 1981 roku rozwi\u0105zano umow\u0119 ze szpitalem w Kobierzynie i utworzono Dom Pomoc Spo\u0142ecznej dla doros\u0142ych m\u0119\u017cczyzn niepe\u0142nosprawnych intelektualnie i psychicznie. Zmiany polityczne, jakie dokona\u0142y si\u0119 w Polsce, pozwoli\u0142y braciom w 1992 roku odzyska\u0107 prawo w\u0142asno\u015bci zar\u00f3wno do historycznego zespo\u0142u dworskiego, jak i do gospodarstwa.<\/p>\n<p>Konwent odzyska\u0142 tak\u017ce swoj\u0105 aptek\u0119 w centrum Kalwarii Zebrzydowskiej. \u00a0Wierni charyzmatowi Zakonu Szpitalnego \u015bw. Jana Bo\u017cego, staraj\u0105c si\u0119 odpowiedzie\u0107 na wyzwania wsp\u00f3\u0142czesno\u015bci w opiece nad chorym, Bracia kontynuuj\u0105 dzie\u0142o powierzone im niegdy\u015b przez Fundatora.<\/p>\n<div id=\"envira-gallery-wrap-24\" class=\"envira-gallery-wrap envira-gallery-theme-base envira-lightbox-theme-base\" itemscope itemtype=\"https:\/\/schema.org\/ImageGallery\"><div data-row-height=\"\" data-gallery-theme=\"\" id=\"envira-gallery-24\" class=\"envira-gallery-public  envira-gallery-4-columns envira-clear enviratope envira-gallery-css-animations\" data-envira-columns=\"4\"><div id=\"envira-gallery-item-28\" class=\"envira-gallery-item enviratope-item envira-gallery-item-1 envira-lazy-load\" style=\"padding-left: 5px; padding-bottom: 10px; padding-right: 5px;\"  itemscope itemtype=\"https:\/\/schema.org\/ImageObject\"><div class=\"envira-gallery-item-inner\"><div class=\"envira-gallery-position-overlay  envira-gallery-top-left\"><\/div><div class=\"envira-gallery-position-overlay  envira-gallery-top-right\"><\/div><div class=\"envira-gallery-position-overlay  envira-gallery-bottom-left\"><\/div><div class=\"envira-gallery-position-overlay  envira-gallery-bottom-right\"><\/div><a href=\"https:\/\/bonifratrzy.pl\/klasztor-zebrzydowice\/wp-content\/uploads\/sites\/52\/2020\/12\/b_b_img_7216.jpg\" class=\"envira-gallery-24 envira-gallery-link\" rel=\"enviragallery24\" title=\"\" data-envira-caption=\"\" data-envira-retina=\"\" data-thumbnail=\"\"  itemprop=\"contentUrl\"><div class=\"envira-lazy\" data-test-width=\"640\" data-test-height=\"480\" style=\"padding-bottom:75%;\"><img decoding=\"async\" id=\"envira-gallery-image-28\" class=\"envira-gallery-image envira-gallery-image-1\" data-envira-index=\"1\" src=\"https:\/\/bonifratrzy.pl\/klasztor-zebrzydowice\/wp-content\/uploads\/sites\/52\/2020\/12\/b_b_img_7216-640x480_c.jpg\" data-envira-src=\"https:\/\/bonifratrzy.pl\/klasztor-zebrzydowice\/wp-content\/uploads\/sites\/52\/2020\/12\/b_b_img_7216-640x480_c.jpg\" data-envira-gallery-id=\"24\" data-envira-item-id=\"28\" data-envira-caption=\"\" alt=\"\" title=\"\"  itemprop=\"thumbnailUrl\" data-envira-srcset=\"https:\/\/bonifratrzy.pl\/klasztor-zebrzydowice\/wp-content\/uploads\/sites\/52\/2020\/12\/b_b_img_7216-640x480_c.jpg 400w,https:\/\/bonifratrzy.pl\/klasztor-zebrzydowice\/wp-content\/uploads\/sites\/52\/2020\/12\/b_b_img_7216-640x480_c.jpg 2x\" srcset=\"data:image\/gif;base64,R0lGODlhAQABAIAAAP\/\/\/\/\/\/\/yH5BAEKAAEALAAAAAABAAEAAAICTAEAOw==\" \/><\/div><\/a><\/div><\/div><div id=\"envira-gallery-item-27\" class=\"envira-gallery-item enviratope-item envira-gallery-item-2 envira-lazy-load\" style=\"padding-left: 5px; padding-bottom: 10px; padding-right: 5px;\"  itemscope itemtype=\"https:\/\/schema.org\/ImageObject\"><div class=\"envira-gallery-item-inner\"><div class=\"envira-gallery-position-overlay  envira-gallery-top-left\"><\/div><div class=\"envira-gallery-position-overlay  envira-gallery-top-right\"><\/div><div class=\"envira-gallery-position-overlay  envira-gallery-bottom-left\"><\/div><div class=\"envira-gallery-position-overlay  envira-gallery-bottom-right\"><\/div><a href=\"https:\/\/bonifratrzy.pl\/klasztor-zebrzydowice\/wp-content\/uploads\/sites\/52\/2020\/12\/b_b_img_7197.jpg\" class=\"envira-gallery-24 envira-gallery-link\" rel=\"enviragallery24\" title=\"\" data-envira-caption=\"\" data-envira-retina=\"\" data-thumbnail=\"\"  itemprop=\"contentUrl\"><div class=\"envira-lazy\" data-test-width=\"640\" data-test-height=\"480\" style=\"padding-bottom:75%;\"><img decoding=\"async\" id=\"envira-gallery-image-27\" class=\"envira-gallery-image envira-gallery-image-2\" data-envira-index=\"2\" src=\"https:\/\/bonifratrzy.pl\/klasztor-zebrzydowice\/wp-content\/uploads\/sites\/52\/2020\/12\/b_b_img_7197-640x480_c.jpg\" data-envira-src=\"https:\/\/bonifratrzy.pl\/klasztor-zebrzydowice\/wp-content\/uploads\/sites\/52\/2020\/12\/b_b_img_7197-640x480_c.jpg\" data-envira-gallery-id=\"24\" data-envira-item-id=\"27\" data-envira-caption=\"\" alt=\"\" title=\"\"  itemprop=\"thumbnailUrl\" data-envira-srcset=\"https:\/\/bonifratrzy.pl\/klasztor-zebrzydowice\/wp-content\/uploads\/sites\/52\/2020\/12\/b_b_img_7197-640x480_c.jpg 400w,https:\/\/bonifratrzy.pl\/klasztor-zebrzydowice\/wp-content\/uploads\/sites\/52\/2020\/12\/b_b_img_7197-640x480_c.jpg 2x\" srcset=\"data:image\/gif;base64,R0lGODlhAQABAIAAAP\/\/\/\/\/\/\/yH5BAEKAAEALAAAAAABAAEAAAICTAEAOw==\" \/><\/div><\/a><\/div><\/div><div id=\"envira-gallery-item-26\" class=\"envira-gallery-item enviratope-item envira-gallery-item-3 envira-lazy-load\" style=\"padding-left: 5px; padding-bottom: 10px; padding-right: 5px;\"  itemscope itemtype=\"https:\/\/schema.org\/ImageObject\"><div class=\"envira-gallery-item-inner\"><div class=\"envira-gallery-position-overlay  envira-gallery-top-left\"><\/div><div class=\"envira-gallery-position-overlay  envira-gallery-top-right\"><\/div><div class=\"envira-gallery-position-overlay  envira-gallery-bottom-left\"><\/div><div class=\"envira-gallery-position-overlay  envira-gallery-bottom-right\"><\/div><a href=\"https:\/\/bonifratrzy.pl\/klasztor-zebrzydowice\/wp-content\/uploads\/sites\/52\/2020\/12\/b_b_e1.3.3.1.jpg\" class=\"envira-gallery-24 envira-gallery-link\" rel=\"enviragallery24\" title=\"\" data-envira-caption=\"\" data-envira-retina=\"\" data-thumbnail=\"\"  itemprop=\"contentUrl\"><div class=\"envira-lazy\" data-test-width=\"640\" data-test-height=\"480\" style=\"padding-bottom:75%;\"><img decoding=\"async\" id=\"envira-gallery-image-26\" class=\"envira-gallery-image envira-gallery-image-3\" data-envira-index=\"3\" src=\"https:\/\/bonifratrzy.pl\/klasztor-zebrzydowice\/wp-content\/uploads\/sites\/52\/2020\/12\/b_b_e1.3.3.1-640x480_c.jpg\" data-envira-src=\"https:\/\/bonifratrzy.pl\/klasztor-zebrzydowice\/wp-content\/uploads\/sites\/52\/2020\/12\/b_b_e1.3.3.1-640x480_c.jpg\" data-envira-gallery-id=\"24\" data-envira-item-id=\"26\" data-envira-caption=\"\" alt=\"\" title=\"\"  itemprop=\"thumbnailUrl\" data-envira-srcset=\"https:\/\/bonifratrzy.pl\/klasztor-zebrzydowice\/wp-content\/uploads\/sites\/52\/2020\/12\/b_b_e1.3.3.1-640x480_c.jpg 400w,https:\/\/bonifratrzy.pl\/klasztor-zebrzydowice\/wp-content\/uploads\/sites\/52\/2020\/12\/b_b_e1.3.3.1-640x480_c.jpg 2x\" srcset=\"data:image\/gif;base64,R0lGODlhAQABAIAAAP\/\/\/\/\/\/\/yH5BAEKAAEALAAAAAABAAEAAAICTAEAOw==\" \/><\/div><\/a><\/div><\/div><div id=\"envira-gallery-item-25\" class=\"envira-gallery-item enviratope-item envira-gallery-item-4 envira-lazy-load\" style=\"padding-left: 5px; padding-bottom: 10px; padding-right: 5px;\"  itemscope itemtype=\"https:\/\/schema.org\/ImageObject\"><div class=\"envira-gallery-item-inner\"><div class=\"envira-gallery-position-overlay  envira-gallery-top-left\"><\/div><div class=\"envira-gallery-position-overlay  envira-gallery-top-right\"><\/div><div class=\"envira-gallery-position-overlay  envira-gallery-bottom-left\"><\/div><div class=\"envira-gallery-position-overlay  envira-gallery-bottom-right\"><\/div><a href=\"https:\/\/bonifratrzy.pl\/klasztor-zebrzydowice\/wp-content\/uploads\/sites\/52\/2020\/12\/b_b_img_7307.jpg\" class=\"envira-gallery-24 envira-gallery-link\" rel=\"enviragallery24\" title=\"\" data-envira-caption=\"\" data-envira-retina=\"\" data-thumbnail=\"\"  itemprop=\"contentUrl\"><div class=\"envira-lazy\" data-test-width=\"640\" data-test-height=\"480\" style=\"padding-bottom:75%;\"><img decoding=\"async\" id=\"envira-gallery-image-25\" class=\"envira-gallery-image envira-gallery-image-4\" data-envira-index=\"4\" src=\"https:\/\/bonifratrzy.pl\/klasztor-zebrzydowice\/wp-content\/uploads\/sites\/52\/2020\/12\/b_b_img_7307-640x480_c.jpg\" data-envira-src=\"https:\/\/bonifratrzy.pl\/klasztor-zebrzydowice\/wp-content\/uploads\/sites\/52\/2020\/12\/b_b_img_7307-640x480_c.jpg\" data-envira-gallery-id=\"24\" data-envira-item-id=\"25\" data-envira-caption=\"\" alt=\"\" title=\"\"  itemprop=\"thumbnailUrl\" data-envira-srcset=\"https:\/\/bonifratrzy.pl\/klasztor-zebrzydowice\/wp-content\/uploads\/sites\/52\/2020\/12\/b_b_img_7307-640x480_c.jpg 400w,https:\/\/bonifratrzy.pl\/klasztor-zebrzydowice\/wp-content\/uploads\/sites\/52\/2020\/12\/b_b_img_7307-640x480_c.jpg 2x\" srcset=\"data:image\/gif;base64,R0lGODlhAQABAIAAAP\/\/\/\/\/\/\/yH5BAEKAAEALAAAAAABAAEAAAICTAEAOw==\" \/><\/div><\/a><\/div><\/div><\/div><\/div><noscript><img decoding=\"async\" src=\"https:\/\/bonifratrzy.pl\/klasztor-zebrzydowice\/wp-content\/uploads\/sites\/52\/2020\/12\/b_b_img_7216.jpg\" alt=\"\" \/><img decoding=\"async\" src=\"https:\/\/bonifratrzy.pl\/klasztor-zebrzydowice\/wp-content\/uploads\/sites\/52\/2020\/12\/b_b_img_7197.jpg\" alt=\"\" \/><img decoding=\"async\" src=\"https:\/\/bonifratrzy.pl\/klasztor-zebrzydowice\/wp-content\/uploads\/sites\/52\/2020\/12\/b_b_e1.3.3.1.jpg\" alt=\"\" \/><img decoding=\"async\" src=\"https:\/\/bonifratrzy.pl\/klasztor-zebrzydowice\/wp-content\/uploads\/sites\/52\/2020\/12\/b_b_img_7307.jpg\" alt=\"\" \/><\/noscript>\n","protected":false},"excerpt":{"rendered":"<p>\u26ea\ufe0f Zobacz Zesp\u00f3\u0142 Dworski i okolice Dw\u00f3r nale\u017c\u0105cy do rodu Zebrzydowskich pocz\u0105tkowo mia\u0142 charakter obronny. Zosta\u0142 przekszta\u0142cony w II po\u0142. XVI w. w dw\u00f3r my\u015bliwski. W zwi\u0105zku fundacj\u0105 z 1599 r. rozbudowano go i przystosowano na szpital. W 1611 r. przekazano go Braciom Bonifratrom. Zesp\u00f3\u0142 obejmuje dw\u00f3r, klasztor, Dom Pomocy Spo\u0142ecznej (przebudowan\u0105 gorzelni\u0119 i browar), [&hellip;]<\/p>\n","protected":false},"author":1,"featured_media":0,"parent":0,"menu_order":0,"comment_status":"closed","ping_status":"closed","template":"","meta":{"footnotes":""},"_links":{"self":[{"href":"https:\/\/bonifratrzy.pl\/klasztor-zebrzydowice\/wp-json\/wp\/v2\/pages\/19"}],"collection":[{"href":"https:\/\/bonifratrzy.pl\/klasztor-zebrzydowice\/wp-json\/wp\/v2\/pages"}],"about":[{"href":"https:\/\/bonifratrzy.pl\/klasztor-zebrzydowice\/wp-json\/wp\/v2\/types\/page"}],"author":[{"embeddable":true,"href":"https:\/\/bonifratrzy.pl\/klasztor-zebrzydowice\/wp-json\/wp\/v2\/users\/1"}],"replies":[{"embeddable":true,"href":"https:\/\/bonifratrzy.pl\/klasztor-zebrzydowice\/wp-json\/wp\/v2\/comments?post=19"}],"version-history":[{"count":4,"href":"https:\/\/bonifratrzy.pl\/klasztor-zebrzydowice\/wp-json\/wp\/v2\/pages\/19\/revisions"}],"predecessor-version":[{"id":31,"href":"https:\/\/bonifratrzy.pl\/klasztor-zebrzydowice\/wp-json\/wp\/v2\/pages\/19\/revisions\/31"}],"wp:attachment":[{"href":"https:\/\/bonifratrzy.pl\/klasztor-zebrzydowice\/wp-json\/wp\/v2\/media?parent=19"}],"curies":[{"name":"wp","href":"https:\/\/api.w.org\/{rel}","templated":true}]}}