{"id":10,"date":"2020-12-10T10:46:05","date_gmt":"2020-12-10T09:46:05","guid":{"rendered":"https:\/\/bonifratrzy.pl\/klasztor-zebrzydowice\/?page_id=10"},"modified":"2023-10-11T12:10:24","modified_gmt":"2023-10-11T10:10:24","slug":"wspolnota","status":"publish","type":"page","link":"https:\/\/bonifratrzy.pl\/klasztor-zebrzydowice\/wspolnota\/","title":{"rendered":"Wsp\u00f3lnota"},"content":{"rendered":"<p><img loading=\"lazy\" decoding=\"async\" class=\"alignleft wp-image-2829\" src=\"https:\/\/bonifratrzy.pl\/klasztor-zebrzydowice\/wp-content\/uploads\/sites\/52\/2022\/05\/Edward.jpg\" alt=\"br. Edward \u015awi\u0105der\" width=\"213\" height=\"214\" \/>Nasza zebrzydowska wsp\u00f3lnota liczy pi\u0119ciu Braci.<\/p>\n<p><strong>Brat Przeor Edward \u015awi\u0105der &#8211; <\/strong>od 2022 r. pe\u0142ni\u0105cy funkcj\u0119 prze\u0142o\u017conego domu, odpowiada za prowadzone przez Konwent dzie\u0142a.<\/p>\n<p><strong>Brat Ryszard Hunek<\/strong>\u00a0&#8211; pracuje w Warsztatach Terapii Zaj\u0119ciowej jako instruktor pracowni plastycznej, w kt\u00f3rej przychodz\u0105 na \u015bwiat nawet ma\u0142e gliniane anio\u0142ki.<\/p>\n<p><strong>Brat Micha\u0142 Zi\u0119ba<\/strong>\u00a0&#8211; jest organist\u0105.<\/p>\n<p><strong>Brat B\u0142a\u017cej (doktor Andrzej Koz\u0142owski)<\/strong>\u00a0\u2013 lekarz internista od listopada 2013 r. przyjmuje pacjent\u00f3w w miejskiej przychodni zdrowia w Kalwarii.<\/p>\n<p><strong>Ojciec Benedykt Menni Iwaszkiewicz\u00a0<\/strong>&#8211; pe\u0142ni funkcj\u0119 kapelana w naszym Domu Pomocy Spo\u0142ecznej.<\/p>\n<p>Razem staramy si\u0119 pod\u0105\u017ca\u0107 \u015bladem ojca naszego zakonu \u015bw. Jana Bo\u017cego, kt\u00f3ry \u201eobarczony wieloma d\u0142ugami, troskami i zmartwieniami, zawierzy\u0142 si\u0119 ca\u0142kowicie Jezusowi Chrystusowi i odda\u0142 si\u0119 bez reszty na s\u0142u\u017cb\u0119 ubogim i chorym w mie\u015bcie Granada w Hiszpanii\u201d \/Konstytucje Zakonu, 1\/.<\/p>\n","protected":false},"excerpt":{"rendered":"<p>Nasza zebrzydowska wsp\u00f3lnota liczy pi\u0119ciu Braci. Brat Przeor Edward \u015awi\u0105der &#8211; od 2022 r. pe\u0142ni\u0105cy funkcj\u0119 prze\u0142o\u017conego domu, odpowiada za prowadzone przez Konwent dzie\u0142a. Brat Ryszard Hunek\u00a0&#8211; pracuje w Warsztatach Terapii Zaj\u0119ciowej jako instruktor pracowni plastycznej, w kt\u00f3rej przychodz\u0105 na \u015bwiat nawet ma\u0142e gliniane anio\u0142ki. Brat Micha\u0142 Zi\u0119ba\u00a0&#8211; jest organist\u0105. Brat B\u0142a\u017cej (doktor Andrzej Koz\u0142owski)\u00a0\u2013 [&hellip;]<\/p>\n","protected":false},"author":1,"featured_media":0,"parent":0,"menu_order":0,"comment_status":"closed","ping_status":"closed","template":"","meta":{"footnotes":""},"_links":{"self":[{"href":"https:\/\/bonifratrzy.pl\/klasztor-zebrzydowice\/wp-json\/wp\/v2\/pages\/10"}],"collection":[{"href":"https:\/\/bonifratrzy.pl\/klasztor-zebrzydowice\/wp-json\/wp\/v2\/pages"}],"about":[{"href":"https:\/\/bonifratrzy.pl\/klasztor-zebrzydowice\/wp-json\/wp\/v2\/types\/page"}],"author":[{"embeddable":true,"href":"https:\/\/bonifratrzy.pl\/klasztor-zebrzydowice\/wp-json\/wp\/v2\/users\/1"}],"replies":[{"embeddable":true,"href":"https:\/\/bonifratrzy.pl\/klasztor-zebrzydowice\/wp-json\/wp\/v2\/comments?post=10"}],"version-history":[{"count":5,"href":"https:\/\/bonifratrzy.pl\/klasztor-zebrzydowice\/wp-json\/wp\/v2\/pages\/10\/revisions"}],"predecessor-version":[{"id":2831,"href":"https:\/\/bonifratrzy.pl\/klasztor-zebrzydowice\/wp-json\/wp\/v2\/pages\/10\/revisions\/2831"}],"wp:attachment":[{"href":"https:\/\/bonifratrzy.pl\/klasztor-zebrzydowice\/wp-json\/wp\/v2\/media?parent=10"}],"curies":[{"name":"wp","href":"https:\/\/api.w.org\/{rel}","templated":true}]}}