{"id":5,"date":"2016-01-18T22:05:37","date_gmt":"2016-01-18T21:05:37","guid":{"rendered":"https:\/\/bonifratrzy.pl\/klasztor-zakopane\/?page_id=5"},"modified":"2023-01-24T10:58:19","modified_gmt":"2023-01-24T09:58:19","slug":"o-klasztorze","status":"publish","type":"page","link":"https:\/\/bonifratrzy.pl\/klasztor-zakopane\/","title":{"rendered":"O klasztorze"},"content":{"rendered":"<div id=\"content\">\n<div id=\"post-9\" class=\"page\">\n<h2 style=\"text-align: center;\"><span style=\"color: #ff0000;\">Dom Rekolekcyjno-Wypoczynkowy &#8222;Granat&#8221; <span style=\"color: #000000;\">zaprasza <strong>na wypoczynek do \u015bwie\u017co wyremontowanego o\u015brodka. <\/strong><\/span><\/span><\/h2>\n<ul>\n<li style=\"text-align: justify;\"><span style=\"color: #ff0000;\"><span style=\"color: #000000;\">Do dyspozycji go\u015bci noclegi w pokojach 1-os, 2-os, 3-os, 4-os i apartamentach. Wszystkie pokoje z \u0142azienk\u0105 i k\u0105cikiem kuchennym. <\/span><\/span><\/li>\n<li style=\"text-align: justify;\"><span style=\"color: #ff0000;\"><span style=\"color: #000000;\">Rezerwacje i cennik: <\/span><\/span>\n<ul>\n<li>recepcja <strong>786 870 920 <\/strong>mail: <a href=\"mailto: &#114;e&#x63;e&#x70;&#99;&#x6a;&#97;&#x2e;&#103;r&#x61;n&#x61;&#116;&#x40;&#98;&#x6f;&#110;&#x69;&#102;r&#x61;t&#x72;&#122;&#x79;&#46;&#x70;&#108;\">&#114;&#x65;&#99;&#x65;&#112;&#x63;&#106;&#x61;&#46;&#x67;&#114;&#x61;&#110;&#x61;&#116;&#x40;&#98;&#x6f;&#110;&#x69;&#102;&#x72;&#97;&#x74;&#114;&#x7a;y&#x2e;p&#x6c;<\/a><\/li>\n<li style=\"text-align: justify;\"><span style=\"color: #ff0000;\"><span style=\"color: #000000;\">kierownik o\u015brodka, <strong>Andrzej Magiera &#8211; 690 688 470<\/strong><br \/>\n<\/span><\/span><\/li>\n<li>wi\u0119cej szczeg\u00f3\u0142\u00f3w i galeria Domu Granat po remoncie &#8211; <a href=\"https:\/\/domgranat.pl\/\">www.domgranat.pl<\/a><\/li>\n<\/ul>\n<\/li>\n<\/ul>\n<h2 style=\"text-align: center;\"><span style=\"color: #ff0000;\">\u00a0<\/span><\/h2>\n<div class=\"wpmf-gallerys wpmf-gallerys-life \" ><div id=\"gallery-1\"\n data-gutter-width=\"5\"\n  data-wpmfcolumns=\"3\" class=\"wpmf-gallery gallery-link-file gallery_life gallery-masonry gallery-columns-3 gallery-size-thumbnail wpmf-gallery-bottomspace-default wpmf-gallery-clear wpmf-has-border-radius-0 wpmf-gutterwidth-5\"><div class=\"wpmf-gallery-item\n     wpmf-gallery-item-position-0 wpmf-gallery-item-attachment-112\" data-index=\"0\"><div class=\"wpmf-gallery-icon\"><a class=\" not_video noLightbox\" data-lightbox=\"1\" data-href=\"https:\/\/bonifratrzy.pl\/klasztor-zakopane\/wp-content\/uploads\/sites\/12\/2022\/01\/napis-Granat-1.jpg\" title=\"Napis Granat (1)\" target=\"_self\" data-index=\"0\"><img decoding=\"async\" class=\"wpmf_img\" alt=\"Napis Granat (1)\" src=\"https:\/\/bonifratrzy.pl\/klasztor-zakopane\/wp-content\/uploads\/sites\/12\/2022\/01\/napis-Granat-1-150x150.jpg\" data-type=\"wpmfgalleryimg\" data-lazy-src=\"https:\/\/bonifratrzy.pl\/klasztor-zakopane\/wp-content\/uploads\/sites\/12\/2022\/01\/napis-Granat-1-150x150.jpg\"><\/a><\/div><\/div><div class=\"wpmf-gallery-item\n     wpmf-gallery-item-position-1 wpmf-gallery-item-attachment-113\" data-index=\"1\"><div class=\"wpmf-gallery-icon\"><a class=\" not_video noLightbox\" data-lightbox=\"1\" data-href=\"https:\/\/bonifratrzy.pl\/klasztor-zakopane\/wp-content\/uploads\/sites\/12\/2022\/01\/napis-Granat-2-768x1024.jpeg\" title=\"Napis Granat (2)\" target=\"_self\" data-index=\"1\"><img decoding=\"async\" class=\"wpmf_img\" alt=\"Napis Granat (2)\" src=\"https:\/\/bonifratrzy.pl\/klasztor-zakopane\/wp-content\/uploads\/sites\/12\/2022\/01\/napis-Granat-2-150x150.jpeg\" data-type=\"wpmfgalleryimg\" data-lazy-src=\"https:\/\/bonifratrzy.pl\/klasztor-zakopane\/wp-content\/uploads\/sites\/12\/2022\/01\/napis-Granat-2-150x150.jpeg\"><\/a><\/div><\/div><div class=\"wpmf-gallery-item\n     wpmf-gallery-item-position-2 wpmf-gallery-item-attachment-111\" data-index=\"2\"><div class=\"wpmf-gallery-icon\"><a class=\" not_video noLightbox\" data-lightbox=\"1\" data-href=\"https:\/\/bonifratrzy.pl\/klasztor-zakopane\/wp-content\/uploads\/sites\/12\/2022\/01\/I-pi\u0119tro-korytarz-2-min-768x1024.jpg\" title=\"I Pi\u0119tro Korytarz (2) Min\" target=\"_self\" data-index=\"2\"><img decoding=\"async\" class=\"wpmf_img\" alt=\"I Pi\u0119tro Korytarz (2) Min\" src=\"https:\/\/bonifratrzy.pl\/klasztor-zakopane\/wp-content\/uploads\/sites\/12\/2022\/01\/I-pi\u0119tro-korytarz-2-min-150x150.jpg\" data-type=\"wpmfgalleryimg\" data-lazy-src=\"https:\/\/bonifratrzy.pl\/klasztor-zakopane\/wp-content\/uploads\/sites\/12\/2022\/01\/I-pi\u0119tro-korytarz-2-min-150x150.jpg\"><\/a><\/div><\/div><div class=\"wpmf-gallery-item\n     wpmf-gallery-item-position-3 wpmf-gallery-item-attachment-115\" data-index=\"3\"><div class=\"wpmf-gallery-icon\"><a class=\" not_video noLightbox\" data-lightbox=\"1\" data-href=\"https:\/\/bonifratrzy.pl\/klasztor-zakopane\/wp-content\/uploads\/sites\/12\/2022\/01\/nr-3-2os.-z-udogodnieniami-dla-os\u00f3b-z-niepe\u0142nosprawno\u015bci\u0105-6-min-1024x768.jpg\" title=\"Nr 3 2os. Z Udogodnieniami Dla Os\u00f3b Z Niepe\u0142nosprawno\u015bci\u0105 (6) Min\" target=\"_self\" data-index=\"3\"><img decoding=\"async\" class=\"wpmf_img\" alt=\"Nr 3 2os. Z Udogodnieniami Dla Os\u00f3b Z Niepe\u0142nosprawno\u015bci\u0105 (6) Min\" src=\"https:\/\/bonifratrzy.pl\/klasztor-zakopane\/wp-content\/uploads\/sites\/12\/2022\/01\/nr-3-2os.-z-udogodnieniami-dla-os\u00f3b-z-niepe\u0142nosprawno\u015bci\u0105-6-min-150x150.jpg\" data-type=\"wpmfgalleryimg\" data-lazy-src=\"https:\/\/bonifratrzy.pl\/klasztor-zakopane\/wp-content\/uploads\/sites\/12\/2022\/01\/nr-3-2os.-z-udogodnieniami-dla-os\u00f3b-z-niepe\u0142nosprawno\u015bci\u0105-6-min-150x150.jpg\"><\/a><\/div><\/div><div class=\"wpmf-gallery-item\n     wpmf-gallery-item-position-4 wpmf-gallery-item-attachment-109\" data-index=\"4\"><div class=\"wpmf-gallery-icon\"><a class=\" not_video noLightbox\" data-lightbox=\"1\" data-href=\"https:\/\/bonifratrzy.pl\/klasztor-zakopane\/wp-content\/uploads\/sites\/12\/2022\/01\/apartament-2-os-2-min.jpeg\" title=\"Apartament 2 Os (2) Min\" target=\"_self\" data-index=\"4\"><img decoding=\"async\" class=\"wpmf_img\" alt=\"Apartament 2 Os (2) Min\" src=\"https:\/\/bonifratrzy.pl\/klasztor-zakopane\/wp-content\/uploads\/sites\/12\/2022\/01\/apartament-2-os-2-min-150x150.jpeg\" data-type=\"wpmfgalleryimg\" data-lazy-src=\"https:\/\/bonifratrzy.pl\/klasztor-zakopane\/wp-content\/uploads\/sites\/12\/2022\/01\/apartament-2-os-2-min-150x150.jpeg\"><\/a><\/div><\/div><div class=\"wpmf-gallery-item\n     wpmf-gallery-item-position-5 wpmf-gallery-item-attachment-106\" data-index=\"5\"><div class=\"wpmf-gallery-icon\"><a class=\" not_video noLightbox\" data-lightbox=\"1\" data-href=\"https:\/\/bonifratrzy.pl\/klasztor-zakopane\/wp-content\/uploads\/sites\/12\/2022\/01\/nr-18-apartament-4-os-5-min-1024x768.jpg\" title=\"Nr 18 Apartament 4 Os (5) Min\" target=\"_self\" data-index=\"5\"><img decoding=\"async\" class=\"wpmf_img\" alt=\"Nr 18 Apartament 4 Os (5) Min\" src=\"https:\/\/bonifratrzy.pl\/klasztor-zakopane\/wp-content\/uploads\/sites\/12\/2022\/01\/nr-18-apartament-4-os-5-min-150x150.jpg\" data-type=\"wpmfgalleryimg\" data-lazy-src=\"https:\/\/bonifratrzy.pl\/klasztor-zakopane\/wp-content\/uploads\/sites\/12\/2022\/01\/nr-18-apartament-4-os-5-min-150x150.jpg\"><\/a><\/div><\/div><div class=\"wpmf-gallery-item\n     wpmf-gallery-item-position-6 wpmf-gallery-item-attachment-104\" data-index=\"6\"><div class=\"wpmf-gallery-icon\"><a class=\" not_video noLightbox\" data-lightbox=\"1\" data-href=\"https:\/\/bonifratrzy.pl\/klasztor-zakopane\/wp-content\/uploads\/sites\/12\/2022\/01\/nr-4-2-os-7-min-768x1024.jpg\" title=\"Nr 4 2 Os (7) Min\" target=\"_self\" data-index=\"6\"><img decoding=\"async\" class=\"wpmf_img\" alt=\"Nr 4 2 Os (7) Min\" src=\"https:\/\/bonifratrzy.pl\/klasztor-zakopane\/wp-content\/uploads\/sites\/12\/2022\/01\/nr-4-2-os-7-min-150x150.jpg\" data-type=\"wpmfgalleryimg\" data-lazy-src=\"https:\/\/bonifratrzy.pl\/klasztor-zakopane\/wp-content\/uploads\/sites\/12\/2022\/01\/nr-4-2-os-7-min-150x150.jpg\"><\/a><\/div><\/div><\/div><\/div>\n\n<p>&nbsp;<\/p>\n<\/div>\n<\/div>\n<p><strong>\u00a0<\/strong><\/p>\n<p>&nbsp;<\/p>\n","protected":false},"excerpt":{"rendered":"<p>Dom Rekolekcyjno-Wypoczynkowy &#8222;Granat&#8221; zaprasza na wypoczynek do \u015bwie\u017co wyremontowanego o\u015brodka. Do dyspozycji go\u015bci noclegi w pokojach 1-os, 2-os, 3-os, 4-os i apartamentach. Wszystkie pokoje z \u0142azienk\u0105 i k\u0105cikiem kuchennym. Rezerwacje i cennik: recepcja 786 870 920 mail: re&#99;&#101;&#112;&#x63;&#x6a;&#x61;&#x2e;gr&#97;&#110;&#97;&#x74;&#x40;&#x62;&#x6f;ni&#102;&#114;&#97;&#x74;&#x72;&#x7a;&#x79;&#46;p&#108; kierownik o\u015brodka, Andrzej Magiera &#8211; 690 688 470 wi\u0119cej szczeg\u00f3\u0142\u00f3w i galeria Domu Granat po remoncie &#8211; [&hellip;]<\/p>\n","protected":false},"author":1,"featured_media":0,"parent":0,"menu_order":0,"comment_status":"closed","ping_status":"closed","template":"page-home.php","meta":{"footnotes":""},"_links":{"self":[{"href":"https:\/\/bonifratrzy.pl\/klasztor-zakopane\/wp-json\/wp\/v2\/pages\/5"}],"collection":[{"href":"https:\/\/bonifratrzy.pl\/klasztor-zakopane\/wp-json\/wp\/v2\/pages"}],"about":[{"href":"https:\/\/bonifratrzy.pl\/klasztor-zakopane\/wp-json\/wp\/v2\/types\/page"}],"author":[{"embeddable":true,"href":"https:\/\/bonifratrzy.pl\/klasztor-zakopane\/wp-json\/wp\/v2\/users\/1"}],"replies":[{"embeddable":true,"href":"https:\/\/bonifratrzy.pl\/klasztor-zakopane\/wp-json\/wp\/v2\/comments?post=5"}],"version-history":[{"count":29,"href":"https:\/\/bonifratrzy.pl\/klasztor-zakopane\/wp-json\/wp\/v2\/pages\/5\/revisions"}],"predecessor-version":[{"id":125,"href":"https:\/\/bonifratrzy.pl\/klasztor-zakopane\/wp-json\/wp\/v2\/pages\/5\/revisions\/125"}],"wp:attachment":[{"href":"https:\/\/bonifratrzy.pl\/klasztor-zakopane\/wp-json\/wp\/v2\/media?parent=5"}],"curies":[{"name":"wp","href":"https:\/\/api.w.org\/{rel}","templated":true}]}}

<div id="content">
<div id="post-9" class="page">
<h2 style="text-align: center;"><span style="color: #ff0000;">Dom Rekolekcyjno-Wypoczynkowy &#8222;Granat&#8221; <span style="color: #000000;">zaprasza <strong>na wypoczynek do świeżo wyremontowanego ośrodka. </strong></span></span></h2>
<ul>
<li style="text-align: justify;"><span style="color: #ff0000;"><span style="color: #000000;">Do dyspozycji gości noclegi w pokojach 1-os, 2-os, 3-os, 4-os i apartamentach. Wszystkie pokoje z łazienką i kącikiem kuchennym. </span></span></li>
<li style="text-align: justify;"><span style="color: #ff0000;"><span style="color: #000000;">Rezerwacje i cennik: </span></span>
<ul>
<li>recepcja <strong>786 870 920 </strong>mail: <a href="mailto: &#114;e&#x63;e&#x70;&#99;&#x6a;&#97;&#x2e;&#103;r&#x61;n&#x61;&#116;&#x40;&#98;&#x6f;&#110;&#x69;&#102;r&#x61;t&#x72;&#122;&#x79;&#46;&#x70;&#108;">&#114;&#x65;&#99;&#x65;&#112;&#x63;&#106;&#x61;&#46;&#x67;&#114;&#x61;&#110;&#x61;&#116;&#x40;&#98;&#x6f;&#110;&#x69;&#102;&#x72;&#97;&#x74;&#114;&#x7a;y&#x2e;p&#x6c;</a></li>
<li style="text-align: justify;"><span style="color: #ff0000;"><span style="color: #000000;">kierownik ośrodka, <strong>Andrzej Magiera &#8211; 690 688 470</strong><br />
</span></span></li>
<li>więcej szczegółów i galeria Domu Granat po remoncie &#8211; <a href="https://domgranat.pl/">www.domgranat.pl</a></li>
</ul>
</li>
</ul>
<h2 style="text-align: center;"><span style="color: #ff0000;"> </span></h2>
<div class="wpmf-gallerys wpmf-gallerys-life " ><div id="gallery-1"
 data-gutter-width="5"
  data-wpmfcolumns="3" class="wpmf-gallery gallery-link-file gallery_life gallery-masonry gallery-columns-3 gallery-size-thumbnail wpmf-gallery-bottomspace-default wpmf-gallery-clear wpmf-has-border-radius-0 wpmf-gutterwidth-5"><div class="wpmf-gallery-item
     wpmf-gallery-item-position-0 wpmf-gallery-item-attachment-112" data-index="0"><div class="wpmf-gallery-icon"><a class=" not_video noLightbox" data-lightbox="1" data-href="https://bonifratrzy.pl/klasztor-zakopane/wp-content/uploads/sites/12/2022/01/napis-Granat-1.jpg" title="Napis Granat (1)" target="_self" data-index="0"><img decoding="async" class="wpmf_img" alt="Napis Granat (1)" src="https://bonifratrzy.pl/klasztor-zakopane/wp-content/uploads/sites/12/2022/01/napis-Granat-1-150x150.jpg" data-type="wpmfgalleryimg" data-lazy-src="https://bonifratrzy.pl/klasztor-zakopane/wp-content/uploads/sites/12/2022/01/napis-Granat-1-150x150.jpg"></a></div></div><div class="wpmf-gallery-item
     wpmf-gallery-item-position-1 wpmf-gallery-item-attachment-113" data-index="1"><div class="wpmf-gallery-icon"><a class=" not_video noLightbox" data-lightbox="1" data-href="https://bonifratrzy.pl/klasztor-zakopane/wp-content/uploads/sites/12/2022/01/napis-Granat-2-768x1024.jpeg" title="Napis Granat (2)" target="_self" data-index="1"><img decoding="async" class="wpmf_img" alt="Napis Granat (2)" src="https://bonifratrzy.pl/klasztor-zakopane/wp-content/uploads/sites/12/2022/01/napis-Granat-2-150x150.jpeg" data-type="wpmfgalleryimg" data-lazy-src="https://bonifratrzy.pl/klasztor-zakopane/wp-content/uploads/sites/12/2022/01/napis-Granat-2-150x150.jpeg"></a></div></div><div class="wpmf-gallery-item
     wpmf-gallery-item-position-2 wpmf-gallery-item-attachment-111" data-index="2"><div class="wpmf-gallery-icon"><a class=" not_video noLightbox" data-lightbox="1" data-href="https://bonifratrzy.pl/klasztor-zakopane/wp-content/uploads/sites/12/2022/01/I-piętro-korytarz-2-min-768x1024.jpg" title="I Piętro Korytarz (2) Min" target="_self" data-index="2"><img decoding="async" class="wpmf_img" alt="I Piętro Korytarz (2) Min" src="https://bonifratrzy.pl/klasztor-zakopane/wp-content/uploads/sites/12/2022/01/I-piętro-korytarz-2-min-150x150.jpg" data-type="wpmfgalleryimg" data-lazy-src="https://bonifratrzy.pl/klasztor-zakopane/wp-content/uploads/sites/12/2022/01/I-piętro-korytarz-2-min-150x150.jpg"></a></div></div><div class="wpmf-gallery-item
     wpmf-gallery-item-position-3 wpmf-gallery-item-attachment-115" data-index="3"><div class="wpmf-gallery-icon"><a class=" not_video noLightbox" data-lightbox="1" data-href="https://bonifratrzy.pl/klasztor-zakopane/wp-content/uploads/sites/12/2022/01/nr-3-2os.-z-udogodnieniami-dla-osób-z-niepełnosprawnością-6-min-1024x768.jpg" title="Nr 3 2os. Z Udogodnieniami Dla Osób Z Niepełnosprawnością (6) Min" target="_self" data-index="3"><img decoding="async" class="wpmf_img" alt="Nr 3 2os. Z Udogodnieniami Dla Osób Z Niepełnosprawnością (6) Min" src="https://bonifratrzy.pl/klasztor-zakopane/wp-content/uploads/sites/12/2022/01/nr-3-2os.-z-udogodnieniami-dla-osób-z-niepełnosprawnością-6-min-150x150.jpg" data-type="wpmfgalleryimg" data-lazy-src="https://bonifratrzy.pl/klasztor-zakopane/wp-content/uploads/sites/12/2022/01/nr-3-2os.-z-udogodnieniami-dla-osób-z-niepełnosprawnością-6-min-150x150.jpg"></a></div></div><div class="wpmf-gallery-item
     wpmf-gallery-item-position-4 wpmf-gallery-item-attachment-109" data-index="4"><div class="wpmf-gallery-icon"><a class=" not_video noLightbox" data-lightbox="1" data-href="https://bonifratrzy.pl/klasztor-zakopane/wp-content/uploads/sites/12/2022/01/apartament-2-os-2-min.jpeg" title="Apartament 2 Os (2) Min" target="_self" data-index="4"><img decoding="async" class="wpmf_img" alt="Apartament 2 Os (2) Min" src="https://bonifratrzy.pl/klasztor-zakopane/wp-content/uploads/sites/12/2022/01/apartament-2-os-2-min-150x150.jpeg" data-type="wpmfgalleryimg" data-lazy-src="https://bonifratrzy.pl/klasztor-zakopane/wp-content/uploads/sites/12/2022/01/apartament-2-os-2-min-150x150.jpeg"></a></div></div><div class="wpmf-gallery-item
     wpmf-gallery-item-position-5 wpmf-gallery-item-attachment-106" data-index="5"><div class="wpmf-gallery-icon"><a class=" not_video noLightbox" data-lightbox="1" data-href="https://bonifratrzy.pl/klasztor-zakopane/wp-content/uploads/sites/12/2022/01/nr-18-apartament-4-os-5-min-1024x768.jpg" title="Nr 18 Apartament 4 Os (5) Min" target="_self" data-index="5"><img decoding="async" class="wpmf_img" alt="Nr 18 Apartament 4 Os (5) Min" src="https://bonifratrzy.pl/klasztor-zakopane/wp-content/uploads/sites/12/2022/01/nr-18-apartament-4-os-5-min-150x150.jpg" data-type="wpmfgalleryimg" data-lazy-src="https://bonifratrzy.pl/klasztor-zakopane/wp-content/uploads/sites/12/2022/01/nr-18-apartament-4-os-5-min-150x150.jpg"></a></div></div><div class="wpmf-gallery-item
     wpmf-gallery-item-position-6 wpmf-gallery-item-attachment-104" data-index="6"><div class="wpmf-gallery-icon"><a class=" not_video noLightbox" data-lightbox="1" data-href="https://bonifratrzy.pl/klasztor-zakopane/wp-content/uploads/sites/12/2022/01/nr-4-2-os-7-min-768x1024.jpg" title="Nr 4 2 Os (7) Min" target="_self" data-index="6"><img decoding="async" class="wpmf_img" alt="Nr 4 2 Os (7) Min" src="https://bonifratrzy.pl/klasztor-zakopane/wp-content/uploads/sites/12/2022/01/nr-4-2-os-7-min-150x150.jpg" data-type="wpmfgalleryimg" data-lazy-src="https://bonifratrzy.pl/klasztor-zakopane/wp-content/uploads/sites/12/2022/01/nr-4-2-os-7-min-150x150.jpg"></a></div></div></div></div>

<p>&nbsp;</p>
</div>
</div>
<p><strong> </strong></p>
<p>&nbsp;</p>

<p>Dom Rekolekcyjno-Wypoczynkowy &#8222;Granat&#8221; zaprasza na wypoczynek do świeżo wyremontowanego ośrodka. Do dyspozycji gości noclegi w pokojach 1-os, 2-os, 3-os, 4-os i apartamentach. Wszystkie pokoje z łazienką i kącikiem kuchennym. Rezerwacje i cennik: recepcja 786 870 920 mail: re&#99;&#101;&#112;&#x63;&#x6a;&#x61;&#x2e;gr&#97;&#110;&#97;&#x74;&#x40;&#x62;&#x6f;ni&#102;&#114;&#97;&#x74;&#x72;&#x7a;&#x79;&#46;p&#108; kierownik ośrodka, Andrzej Magiera &#8211; 690 688 470 więcej szczegółów i galeria Domu Granat po remoncie &#8211; [&hellip;]</p>
