{"id":31,"date":"2016-01-18T22:17:22","date_gmt":"2016-01-18T21:17:22","guid":{"rendered":"https:\/\/bonifratrzy.pl\/klasztor-zakopane\/?page_id=31"},"modified":"2023-01-24T10:56:34","modified_gmt":"2023-01-24T09:56:34","slug":"kontakt","status":"publish","type":"page","link":"https:\/\/bonifratrzy.pl\/klasztor-zakopane\/kontakt\/","title":{"rendered":"Kontakt"},"content":{"rendered":"<h2>Dom Rekolekcyjno-Wypoczynkowy \u201eGranat\u201d zaprasza n<strong>a\u00a0wypoczynek do\u00a0\u015bwie\u017co wyremontowanego o\u015brodka. <\/strong><\/h2>\n<ul>\n<li>Do\u00a0dyspozycji go\u015bci noclegi ze\u00a0\u015bniadaniem w\u00a0pokojach 1-os, 2-os, 3-os, 4-os i\u00a0apartamentach. Wszystkie pokoje z\u00a0\u0142azienk\u0105 i\u00a0k\u0105cikiem kuchennym.<\/li>\n<li>Rezerwacje i\u00a0cennik:\n<ul>\n<li>recepcja <strong>786\u00a0870\u00a0920 <\/strong>mail: <a href=\"mailto: re&#99;&#101;&#112;&#x63;&#x6a;&#x61;&#x2e;&#x67;ra&#110;&#97;&#116;&#x40;&#x62;&#x6f;&#x6e;&#x69;fr&#97;&#116;&#114;&#x7a;&#x79;&#x2e;&#x70;&#x6c;\">r&#101;&#99;&#x65;&#x70;c&#106;&#97;&#x2e;&#x67;&#x72;a&#110;&#97;&#x74;&#x40;bo&#110;&#x69;&#x66;&#x72;a&#116;&#114;&#x7a;&#x79;&#46;p&#108;<\/a><\/li>\n<li>kierownik o\u015brodka, <strong>Andrzej Magiera\u2013 690 688 470<\/strong><\/li>\n<li>wi\u0119cej szczeg\u00f3\u0142\u00f3w i\u00a0galeria Domu Granat po\u00a0remoncie \u2013 <a href=\"https:\/\/domgranat.pl\/\">www.domgranat.pl<\/a><\/li>\n<\/ul>\n<\/li>\n<\/ul>\n<p>&nbsp;<\/p>\n<p><strong>Dom Rekolekcyjno-Wypoczynkowy &#8222;Granat&#8221;<\/strong><br \/>\nUl. Krzept\u00f3wki 64<br \/>\n34-500, Zakopane<\/p>\n<p>&nbsp;<\/p>\n<div class=\"su-gmap su-u-responsive-media-yes\"><iframe loading=\"lazy\" width=\"820\" height=\"400\" src=\"\/\/maps.google.com\/maps?q=Ul.%20Krzept%C3%B3wki%2064%2034-500%2C%20Zakopane&amp;output=embed\" title=\"\"><\/iframe><\/div>\n","protected":false},"excerpt":{"rendered":"<p>Dom Rekolekcyjno-Wypoczynkowy \u201eGranat\u201d zaprasza na\u00a0wypoczynek do\u00a0\u015bwie\u017co wyremontowanego o\u015brodka. Do\u00a0dyspozycji go\u015bci noclegi ze\u00a0\u015bniadaniem w\u00a0pokojach 1-os, 2-os, 3-os, 4-os i\u00a0apartamentach. Wszystkie pokoje z\u00a0\u0142azienk\u0105 i\u00a0k\u0105cikiem kuchennym. Rezerwacje i\u00a0cennik: recepcja 786\u00a0870\u00a0920 mail: &#114;&#x65;&#99;&#x65;&#112;&#x63;&#106;&#x61;&#46;&#x67;&#114;&#x61;&#110;&#x61;&#116;&#x40;&#98;&#x6f;&#110;&#x69;&#102;&#x72;&#97;&#x74;&#114;&#x7a;&#121;&#x2e;&#112;&#x6c; kierownik o\u015brodka, Andrzej Magiera\u2013 690 688 470 wi\u0119cej szczeg\u00f3\u0142\u00f3w i\u00a0galeria Domu Granat po\u00a0remoncie \u2013 www.domgranat.pl &nbsp; Dom Rekolekcyjno-Wypoczynkowy &#8222;Granat&#8221; Ul. Krzept\u00f3wki 64 34-500, Zakopane &nbsp;<\/p>\n","protected":false},"author":1,"featured_media":0,"parent":0,"menu_order":0,"comment_status":"closed","ping_status":"closed","template":"","meta":{"footnotes":""},"_links":{"self":[{"href":"https:\/\/bonifratrzy.pl\/klasztor-zakopane\/wp-json\/wp\/v2\/pages\/31"}],"collection":[{"href":"https:\/\/bonifratrzy.pl\/klasztor-zakopane\/wp-json\/wp\/v2\/pages"}],"about":[{"href":"https:\/\/bonifratrzy.pl\/klasztor-zakopane\/wp-json\/wp\/v2\/types\/page"}],"author":[{"embeddable":true,"href":"https:\/\/bonifratrzy.pl\/klasztor-zakopane\/wp-json\/wp\/v2\/users\/1"}],"replies":[{"embeddable":true,"href":"https:\/\/bonifratrzy.pl\/klasztor-zakopane\/wp-json\/wp\/v2\/comments?post=31"}],"version-history":[{"count":4,"href":"https:\/\/bonifratrzy.pl\/klasztor-zakopane\/wp-json\/wp\/v2\/pages\/31\/revisions"}],"predecessor-version":[{"id":124,"href":"https:\/\/bonifratrzy.pl\/klasztor-zakopane\/wp-json\/wp\/v2\/pages\/31\/revisions\/124"}],"wp:attachment":[{"href":"https:\/\/bonifratrzy.pl\/klasztor-zakopane\/wp-json\/wp\/v2\/media?parent=31"}],"curies":[{"name":"wp","href":"https:\/\/api.w.org\/{rel}","templated":true}]}}

<h2>Dom Rekolekcyjno-Wypoczynkowy „Granat” zaprasza n<strong>a wypoczynek do świeżo wyremontowanego ośrodka. </strong></h2>
<ul>
<li>Do dyspozycji gości noclegi ze śniadaniem w pokojach 1-os, 2-os, 3-os, 4-os i apartamentach. Wszystkie pokoje z łazienką i kącikiem kuchennym.</li>
<li>Rezerwacje i cennik:
<ul>
<li>recepcja <strong>786 870 920 </strong>mail: <a href="mailto: re&#99;&#101;&#112;&#x63;&#x6a;&#x61;&#x2e;&#x67;ra&#110;&#97;&#116;&#x40;&#x62;&#x6f;&#x6e;&#x69;fr&#97;&#116;&#114;&#x7a;&#x79;&#x2e;&#x70;&#x6c;">r&#101;&#99;&#x65;&#x70;c&#106;&#97;&#x2e;&#x67;&#x72;a&#110;&#97;&#x74;&#x40;bo&#110;&#x69;&#x66;&#x72;a&#116;&#114;&#x7a;&#x79;&#46;p&#108;</a></li>
<li>kierownik ośrodka, <strong>Andrzej Magiera– 690 688 470</strong></li>
<li>więcej szczegółów i galeria Domu Granat po remoncie – <a href="https://domgranat.pl/">www.domgranat.pl</a></li>
</ul>
</li>
</ul>
<p>&nbsp;</p>
<p><strong>Dom Rekolekcyjno-Wypoczynkowy &#8222;Granat&#8221;</strong><br />
Ul. Krzeptówki 64<br />
34-500, Zakopane</p>
<p>&nbsp;</p>
<div class="su-gmap su-u-responsive-media-yes"><iframe loading="lazy" width="820" height="400" src="//maps.google.com/maps?q=Ul.%20Krzept%C3%B3wki%2064%2034-500%2C%20Zakopane&amp;output=embed" title=""></iframe></div>

<p>Dom Rekolekcyjno-Wypoczynkowy „Granat” zaprasza na wypoczynek do świeżo wyremontowanego ośrodka. Do dyspozycji gości noclegi ze śniadaniem w pokojach 1-os, 2-os, 3-os, 4-os i apartamentach. Wszystkie pokoje z łazienką i kącikiem kuchennym. Rezerwacje i cennik: recepcja 786 870 920 mail: &#114;&#x65;&#99;&#x65;&#112;&#x63;&#106;&#x61;&#46;&#x67;&#114;&#x61;&#110;&#x61;&#116;&#x40;&#98;&#x6f;&#110;&#x69;&#102;&#x72;&#97;&#x74;&#114;&#x7a;&#121;&#x2e;&#112;&#x6c; kierownik ośrodka, Andrzej Magiera– 690 688 470 więcej szczegółów i galeria Domu Granat po remoncie – www.domgranat.pl &nbsp; Dom Rekolekcyjno-Wypoczynkowy &#8222;Granat&#8221; Ul. Krzeptówki 64 34-500, Zakopane &nbsp;</p>
