{"id":5,"date":"2016-01-19T12:43:00","date_gmt":"2016-01-19T11:43:00","guid":{"rendered":"https:\/\/bonifratrzy.pl\/klasztor-zabkowice-slaskie\/?page_id=5"},"modified":"2025-03-19T15:36:41","modified_gmt":"2025-03-19T14:36:41","slug":"o-klasztorze","status":"publish","type":"page","link":"https:\/\/bonifratrzy.pl\/klasztor-zabkowice-slaskie\/","title":{"rendered":"O Klasztorze"},"content":{"rendered":"<h2><strong><span style=\"color: #c71718;\">Konwent Bonifratr\u00f3w pw. \u015bw. J\u00f3zefa Robotnika w Z\u0105bkowicach \u015al\u0105skich<\/span><\/strong><\/h2>\n<h2>Administrator &#8211; Wikariusz &#8211; brat Dawid OH<\/h2>\n<p><strong>Jacek Fidzi\u0144ski<\/strong><\/p>\n<p>ur. 1986 r. Warszawa wst. 01.02. 2016 r., ob\u0142. 8.09.2016 r., \u015bl. czas. 8.09. 2016 r., \u015bl. wiecz. 9. 09. 2023 r.<\/p>\n<p>Imieniny: 29 grudnia<\/p>\n<p><strong>Rektor ko\u015bcio\u0142a :\u00a0 \u00a0 \u00a0 <\/strong>br. Damian Wasylewicz, OH sac.<\/p>\n<p><strong>Kontakt\u00a0 \u00a0\u00a0<\/strong>e-mail:\u00a0 <a href=\"&#x6d;&#97;i&#x6c;&#116;o&#x3a;&#122;a&#x62;&#107;o&#x77;&#105;c&#x65;&#64;b&#x6f;&#110;i&#x66;&#114;a&#x74;&#114;z&#x79;&#46;p&#x6c;\">&#x7a;&#97;b&#x6b;&#111;w&#x69;&#99;e&#x40;&#98;o&#x6e;&#105;f&#x72;&#97;t&#x72;&#122;y&#x2e;&#112;l<\/a><\/p>\n<p><span style=\"color: #003300;\"><img loading=\"lazy\" decoding=\"async\" class=\"size-medium wp-image-1040 alignleft\" src=\"https:\/\/bonifratrzy.pl\/klasztor-zabkowice-slaskie\/wp-content\/uploads\/sites\/17\/2016\/01\/Joseph-188x300.jpg\" alt=\"\" width=\"188\" height=\"300\" srcset=\"https:\/\/bonifratrzy.pl\/klasztor-zabkowice-slaskie\/wp-content\/uploads\/sites\/17\/2016\/01\/Joseph-188x300.jpg 188w, https:\/\/bonifratrzy.pl\/klasztor-zabkowice-slaskie\/wp-content\/uploads\/sites\/17\/2016\/01\/Joseph-768x1229.jpg 768w, https:\/\/bonifratrzy.pl\/klasztor-zabkowice-slaskie\/wp-content\/uploads\/sites\/17\/2016\/01\/Joseph-640x1024.jpg 640w, https:\/\/bonifratrzy.pl\/klasztor-zabkowice-slaskie\/wp-content\/uploads\/sites\/17\/2016\/01\/Joseph.jpg 1024w\" sizes=\"(max-width: 188px) 100vw, 188px\" \/><\/span><\/p>\n<p style=\"text-align: justify;\"><span style=\"color: #003300;\">Fundatorem klasztoru i \u00a0ko\u015bcio\u0142a bonifratr\u00f3w w Z\u0105bkowicach \u015al\u0105skich by\u0142 skarbnik miejski\u00a0Erdmann Joseph Tschirsch\u00a0(1778-1843), kt\u00f3ry 8 XI 1833 r. zapisa\u0142 w testamencie 40 000 talar\u00f3w z przeznaczeniem na budow\u0119 szpitala i klasztoru. Zmar\u0142 23 I 1843 r.\u00a0 w Z\u0105bkowicach i zosta\u0142 pochowany na starym cmentarzu, a jego gr\u00f3b istnieje do dzisiaj.<\/span><\/p>\n<p style=\"text-align: justify;\"><span style=\"color: #003300;\">W dniu 28 V 1843 r. magistrat Z\u0105bkowic zatwierdzi\u0142 testament, a 2 III 1844 r. uczyni\u0142y to w\u0142adze pa\u0144stwowe. Pod budow\u0119 klasztoru i szpitala zakupiono za 1830 talar\u00f3w parcel\u0119 o powierzchni nieco ponad 4 morgi, po\u0142o\u017con\u0105 na przedmie\u015bciu wroc\u0142awskim naprzeciw cmentarza \u015bw. Miko\u0142aja. Pomoc materialn\u0105 i rzeczow\u0105 \u015bwiadczy\u0142y w\u0142adze duchowne z biskupem na czele i okoliczni w\u0142a\u015bciciele ziemscy. Budowa rozpocz\u0119\u0142a si\u0119 w 1847 r. a przed nadej\u015bciem zimy by\u0142 got\u00f3w parter.<\/span><\/p>\n<p style=\"text-align: justify;\"><span style=\"color: #003300;\">W 1848 r. budynki by\u0142y gotowe w stanie surowym, a w 1849 r. trwa\u0142y prace wyko\u0144czeniowe wewn\u0105trz. Po\u015bwi\u0119cenie przez proboszcza Nicolausa Fischera i przekazane bonifratrom z Wroc\u0142awia odby\u0142o si\u0119 w dzie\u0144 \u015bw. Franciszka Ksawerego 3 XII 1850 r. \u00d3wczesny szpital liczy\u0142 16 \u0142\u00f3\u017cek.<\/span><\/p>\n<p style=\"text-align: justify;\"><span style=\"color: #003300;\">W nast\u0119pnych latach proboszczowie z okolic Z\u0105bkowic oraz hrabia Constantin von Schlabrendorf z \u017con\u0105 poczynili zapisy \u00a0narzecz zakonnik\u00f3w, st\u0105d szpital powi\u0119kszono, tak, \u017ce w 1855 r. posiada\u0142 ju\u017c 45 \u0142\u00f3\u017cek. Opr\u00f3cz budynk\u00f3w do bonifratr\u00f3w nale\u017ca\u0142o tak\u017ce 80 morg\u00f3w ziemi uprawnej, z kt\u00f3rej plony sz\u0142y na utrzymanie klasztoru i szpitala. Do leczenia du\u017cej liczby chorych niezb\u0119dne by\u0142y leki i dlatego zakonnicy zwr\u00f3cili si\u0119 do w\u0142adz pa\u0144stwowych o zezwolenie na otwarcie ma\u0142ej apteki, kt\u00f3ra zosta\u0142a uruchomiona w po\u0142owie 1855 r. Wkr\u00f3tce szpital okaza\u0142 si\u0119 bardzo potrzebny, bowiem w dniu 24 IV 1858 r. wybuch\u0142 po\u017car, kt\u00f3ry strawi\u0142 wi\u0119ksz\u0105 cz\u0119\u015b\u0107 miasta. Zakonnicy udzielali pomocy rannym i pozbawionym dachu nad g\u0142ow\u0105 m. in. powa\u017cnie chorej Amelie Fischer siostrze z\u0105bkowickiego proboszcza, kt\u00f3ry zmar\u0142 kilka dni wcze\u015bniej.<\/span><\/p>\n<p style=\"text-align: justify;\"><span style=\"color: #003300;\">Wkr\u00f3tce okaza\u0142o si\u0119, \u017ce szpital by\u0142 za ma\u0142y, a ponadto zakonnicy potrzebowali w\u0142asnej \u015bwi\u0105tyni. Dotychczas bonifratrzy u\u017cytkowali po\u0142o\u017con\u0105 po przeciwnej stronie ulicy kaplic\u0119 cmentarn\u0105 pw. \u015bw. Miko\u0142aja. W sierpniu 1865 r. rozpocz\u0119to prace ziemne, kt\u00f3rymi kierowa\u0142 mistrz Sturm, a w kwietniu 1866 r. budow\u0119 nowej cz\u0119\u015bci szpitala, kt\u00f3r\u0105 kierowa\u0142 mistrz budowlany Kassner. R\u00f3wnocze\u015bnie zosta\u0142a podj\u0119ta budowa ko\u015bcio\u0142a. Projektantem \u015bwi\u0105tyni by\u0142 monachijski architekt Johann Marggraff. Plany zosta\u0142y zatwierdzone 3 VI i 26 IX 1867 r. Obie budowle by\u0142y gotowe w stanie surowym w pa\u017adzierniku 1868 r.<\/span><\/p>\n<p style=\"text-align: justify;\"><span style=\"color: #003300;\">Pod koniec wrze\u015bnia 1868 r. rozpocz\u0119to wznoszenie wie\u017cy ko\u015bcielnej, kt\u00f3r\u0105 uko\u0144czono 8 pa\u017adziernika umieszczaj\u0105c ga\u0142k\u0119 na jej szczycie. Nast\u0119pnie trwa\u0142y prace wyko\u0144czeniowe we wn\u0119trzu pod kierunkiem architekta Marggrafa. Wyposa\u017cenie \u015bwi\u0105tyni jest dzie\u0142em kilku artyst\u00f3w: prace ciesielskie wykona\u0142 Herzig z Radkowa, rze\u017aby Heinisch r\u00f3wnie\u017c z Radkowa, obrazy Julius Schneider z Wroc\u0142awia, witra\u017ce Anton Ferstl z Monachium, organy J. M. V. Haas z G\u0142ubczyc, a polichromi\u0119 o\u0142tarzy, ich poz\u0142ocenie oraz malowid\u0142a na \u015bcianach i suficie Karol i J\u00f3zef Krachwitzowie. 5 VII 1870 r. ko\u015bci\u00f3\u0142 zosta\u0142 po\u015bwi\u0119cony przez sufragana wroc\u0142awskiego biskupa Adriana W\u0142odarskiego i otrzyma\u0142 wezwanie \u015bw. J\u00f3zefa. W tym okresie za\u0142o\u017cono r\u00f3wnie\u017c cmentarz zakonny z domem pogrzebowym. W trakcie budowy trwa\u0142y wojny z Austri\u0105 i Francj\u0105, kt\u00f3re doprowadzi\u0142y do zjednoczenia Niemiec pod egid\u0105 Prus. W z\u0105bkowickim szpitalu bonifratr\u00f3w leczono podczas wojny prusko-austriackiej 291 \u017co\u0142nierzy pruskich i 82 austriackich, a podczas wojny prusko-francuskiej 190 \u017co\u0142nierzy pruskich i 14 francuskich.<\/span><\/p>\n<p style=\"text-align: justify;\"><span style=\"color: #003300;\">Kolejna rozbudowa klasztoru mia\u0142a miejsce w latach 1900-1902, a fakt ten upami\u0119tnia p\u0142yta z napisem: Erbaut im Jubel- Jahr1900 (Zbudowano w roku jubileuszowym 1900). W latach 1905-1908 przebudowano star\u0105 cz\u0119\u015b\u0107 szpitala dostosowuj\u0105c j\u0105 do wymog\u00f3w wsp\u00f3\u0142czesno\u015bci oraz wyremontowano ko\u015bci\u00f3\u0142. W 1909 r. zakonnicy wystawili nagrobek Erdmannowi Josephowi Tschirtschowi.<\/span><\/p>\n<p style=\"text-align: justify;\"><span style=\"color: #003300;\">Podczas I wojny \u015bwiatowej w szpitalu znajdowa\u0142 si\u0119 lazaret, w kt\u00f3rym <img loading=\"lazy\" decoding=\"async\" class=\"size-medium wp-image-218 alignright\" src=\"https:\/\/bonifratrzy.pl\/klasztor-zabkowice-slaskie\/wp-content\/uploads\/sites\/17\/2016\/05\/Konwent16-300x193.jpg\" alt=\"\" width=\"300\" height=\"193\" srcset=\"https:\/\/bonifratrzy.pl\/klasztor-zabkowice-slaskie\/wp-content\/uploads\/sites\/17\/2016\/05\/Konwent16-300x193.jpg 300w, https:\/\/bonifratrzy.pl\/klasztor-zabkowice-slaskie\/wp-content\/uploads\/sites\/17\/2016\/05\/Konwent16.jpg 640w\" sizes=\"(max-width: 300px) 100vw, 300px\" \/>leczy\u0142o si\u0119 ponad 4000 \u017co\u0142nierzy. W 1924 r. wzniesiono mur pomi\u0119dzy ogrodem klasztornym a miastem. W lecie 1925 r. mia\u0142 miejsce kolejny remont szpitala, kt\u00f3ry w\u00f3wczas posiada\u0142 ju\u017c 101 \u0142\u00f3\u017cek. Klasztor zamieszkiwa\u0142o w\u00f3wczas 18 zakonnik\u00f3w. Zgodnie z \u017cyczeniem fundatora w jadalni klasztornej wisia\u0142y dwa olejne portrety: Erdmanna Josepha Tschirscha oraz jego ojca Karla, a w rozm\u00f3wnicy trzy: ojca, syna i macochy fundatora. Opr\u00f3cz portret\u00f3w, w rozm\u00f3wnicy znajdowa\u0142 si\u0119 obraz przedstawiaj\u0105cy gr\u00f3b za\u0142o\u017cyciela z\u0105bkowickiego klasztoru.<\/span><\/p>\n<p><span style=\"color: #003300;\"><img loading=\"lazy\" decoding=\"async\" class=\"aligncenter wp-image-1199\" src=\"https:\/\/bonifratrzy.pl\/klasztor-zabkowice-slaskie\/wp-content\/uploads\/sites\/17\/2016\/01\/KonwentPtak.jpg\" alt=\"\" width=\"609\" height=\"342\" srcset=\"https:\/\/bonifratrzy.pl\/klasztor-zabkowice-slaskie\/wp-content\/uploads\/sites\/17\/2016\/01\/KonwentPtak.jpg 1709w, https:\/\/bonifratrzy.pl\/klasztor-zabkowice-slaskie\/wp-content\/uploads\/sites\/17\/2016\/01\/KonwentPtak-300x169.jpg 300w, https:\/\/bonifratrzy.pl\/klasztor-zabkowice-slaskie\/wp-content\/uploads\/sites\/17\/2016\/01\/KonwentPtak-768x431.jpg 768w, https:\/\/bonifratrzy.pl\/klasztor-zabkowice-slaskie\/wp-content\/uploads\/sites\/17\/2016\/01\/KonwentPtak-1024x575.jpg 1024w\" sizes=\"(max-width: 609px) 100vw, 609px\" \/><\/span><\/p>\n","protected":false},"excerpt":{"rendered":"<p>Konwent Bonifratr\u00f3w pw. \u015bw. J\u00f3zefa Robotnika w Z\u0105bkowicach \u015al\u0105skich Administrator &#8211; Wikariusz &#8211; brat Dawid OH Jacek Fidzi\u0144ski ur. 1986 r. Warszawa wst. 01.02. 2016 r., ob\u0142. 8.09.2016 r., \u015bl. czas. 8.09. 2016 r., \u015bl. wiecz. 9. 09. 2023 r. Imieniny: 29 grudnia Rektor ko\u015bcio\u0142a :\u00a0 \u00a0 \u00a0 br. Damian Wasylewicz, OH sac. Kontakt\u00a0 \u00a0\u00a0e-mail:\u00a0 [&hellip;]<\/p>\n","protected":false},"author":1,"featured_media":0,"parent":0,"menu_order":15,"comment_status":"closed","ping_status":"closed","template":"page-home.php","meta":{"footnotes":""},"_links":{"self":[{"href":"https:\/\/bonifratrzy.pl\/klasztor-zabkowice-slaskie\/wp-json\/wp\/v2\/pages\/5"}],"collection":[{"href":"https:\/\/bonifratrzy.pl\/klasztor-zabkowice-slaskie\/wp-json\/wp\/v2\/pages"}],"about":[{"href":"https:\/\/bonifratrzy.pl\/klasztor-zabkowice-slaskie\/wp-json\/wp\/v2\/types\/page"}],"author":[{"embeddable":true,"href":"https:\/\/bonifratrzy.pl\/klasztor-zabkowice-slaskie\/wp-json\/wp\/v2\/users\/1"}],"replies":[{"embeddable":true,"href":"https:\/\/bonifratrzy.pl\/klasztor-zabkowice-slaskie\/wp-json\/wp\/v2\/comments?post=5"}],"version-history":[{"count":40,"href":"https:\/\/bonifratrzy.pl\/klasztor-zabkowice-slaskie\/wp-json\/wp\/v2\/pages\/5\/revisions"}],"predecessor-version":[{"id":1893,"href":"https:\/\/bonifratrzy.pl\/klasztor-zabkowice-slaskie\/wp-json\/wp\/v2\/pages\/5\/revisions\/1893"}],"wp:attachment":[{"href":"https:\/\/bonifratrzy.pl\/klasztor-zabkowice-slaskie\/wp-json\/wp\/v2\/media?parent=5"}],"curies":[{"name":"wp","href":"https:\/\/api.w.org\/{rel}","templated":true}]}}