{"id":33,"date":"2016-01-19T13:09:34","date_gmt":"2016-01-19T12:09:34","guid":{"rendered":"https:\/\/bonifratrzy.pl\/klasztor-zabkowice-slaskie\/?page_id=33"},"modified":"2018-03-15T22:56:35","modified_gmt":"2018-03-15T21:56:35","slug":"mozesz-pomoc","status":"publish","type":"page","link":"https:\/\/bonifratrzy.pl\/klasztor-zabkowice-slaskie\/mozesz-pomoc\/","title":{"rendered":"Hospicjum Domowe"},"content":{"rendered":"<div style=\"text-align: justify\"><span style=\"color: #003300\">Oferujemy wszechstronn\u0105 i\u00a0kompleksow\u0105 opiek\u0119 ukierunkowan\u0105 na\u00a0\u0142agodzenie objaw\u00f3w post\u0119puj\u0105cej choroby i\u00a0popraw\u0119 jako\u015bci \u017cycia oraz\u00a0na \u0142agodzenie cierpienia psychicznego, socjalnego oraz\u00a0duchowego. Profesjonalny zesp\u00f3\u0142 medyczny (lekarz, piel\u0119gniarka, psycholog, fizjoterapeuta) przy wsp\u00f3\u0142pracy z\u00a0bra\u0107mi Bonifratrami z\u00a0Konwentu w\u00a0Z\u0105bkowicach \u015al\u0105skich b\u0119dzie si\u0119 opiekowa\u0142 nieodp\u0142atnie (w\u00a0ramach NFZ) pacjentami w\u00a0ostatniej fazie choroby w\u00a0ich w\u0142asnym domu, a\u00a0tak\u017ce w\u00a0razie potrzeby udzieli wsparcia ich rodzinom.<\/span><\/div>\n<div style=\"text-align: justify\"><span style=\"color: #003300\">\u00a0<\/span><\/div>\n<div style=\"text-align: justify\" align=\"justify\"><span style=\"color: #003300\">Wskazaniami do\u00a0obj\u0119cia pacjenta opiek\u0105 hospicyjn\u0105 w\u00a0warunkach domowych s\u0105:<\/span><\/div>\n<div style=\"text-align: justify\">\n<ul>\n<li><span style=\"color: #003300\">Choroby nowotworowe<\/span><\/li>\n<li><span style=\"color: #003300\">Choroba wywo\u0142ana przez\u00a0ludzki wirus upo\u015bledzenia odporno\u015bci \u2013 HIV<\/span><\/li>\n<li><span style=\"color: #003300\">Nast\u0119pstwa zapalnych chor\u00f3b o\u015brodkowego uk\u0142adu nerwowego<\/span><\/li>\n<li><span style=\"color: #003300\">Uk\u0142adowe zaniki pierwotne zajmuj\u0105ce o\u015brodkowy uk\u0142ad nerwowy<\/span><\/li>\n<li><span style=\"color: #003300\">Kardiomiopatia<\/span><\/li>\n<li><span style=\"color: #003300\">Niewydolno\u015b\u0107 oddechowa niesklasyfikowana gdzie indziej<\/span><\/li>\n<li><span style=\"color: #003300\">Owrzodzenie odle\u017cynowe<\/span><\/li>\n<\/ul>\n<\/div>\n<div style=\"text-align: center\" align=\"justify\"><span style=\"color: #003300\">Zg\u0142osze\u0144 do\u00a0opieki mo\u017cna dokonywa\u0107 telefonicznie<\/span><\/div>\n<div style=\"text-align: center\" align=\"justify\"><span style=\"color: #003300\">od\u00a0poniedzia\u0142ku do\u00a0pi\u0105tku w\u00a0godzinach 7.00-15.00<\/span><\/div>\n<div style=\"text-align: center\" align=\"justify\"><span style=\"color: #003300\">pod\u00a0nast\u0119puj\u0105cymi numerami telefon\u00f3w:<\/span><\/div>\n<div style=\"text-align: justify\">\n<ul>\n<li style=\"text-align: center\"><span style=\"color: #003300\"><strong>71\u00a0352-84-00 wew. 100;<\/strong><\/span><\/li>\n<li style=\"text-align: center\"><span style=\"color: #003300\"><strong>668-683-184, 515\u00a0145\u00a0267<\/strong><\/span><\/li>\n<\/ul>\n<\/div>\n<div style=\"text-align: center\" align=\"justify\"><span style=\"color: #003300\">oraz\u00a0ca\u0142odobowo e-mailem: <strong>hospicjum&#64;bonifraterskie&#99;&#101;&#110;&#116;&#114;&#117;&#109;&#122;&#100;&#114;&#111;&#119;&#105;&#97;&#46;&#112;&#108;<\/strong><\/span><\/div>\n<div style=\"text-align: justify\" align=\"justify\"><span style=\"color: #003300\">\u00a0<\/span><\/div>\n<div style=\"text-align: justify\" align=\"justify\"><span style=\"color: #003300\">Dokumentami niezb\u0119dnymi do\u00a0obj\u0119cia pacjenta opiek\u0105 s\u0105:<\/span><\/div>\n<div style=\"text-align: justify\">\n<ul>\n<li><span style=\"color: #003300\">Skierowanie do\u00a0hospicjum domowego na\u00a0druku;<\/span><\/li>\n<li><span style=\"color: #003300\">Skierowanie do\u00a0szpitala oddzia\u0142: hospicjum domowe;<\/span><\/li>\n<li><span style=\"color: #003300\">Ksero dokumentacji medycznej;<\/span><\/li>\n<li><span style=\"color: #003300\">Dow\u00f3d osobisty.<\/span><\/li>\n<\/ul>\n<\/div>\n<div style=\"text-align: right\" align=\"justify\"><em><span style=\"color: #003300\">Zesp\u00f3\u0142 Hospicjum Domowego<\/span><\/em><\/div>\n<div style=\"text-align: right\" align=\"justify\"><em><span style=\"color: #003300\">Konwent Braci Bonifratr\u00f3w Z\u0105bkowice \u015al.<\/span><\/em><\/div>\n","protected":false},"excerpt":{"rendered":"<p>Oferujemy wszechstronn\u0105 i\u00a0kompleksow\u0105 opiek\u0119 ukierunkowan\u0105 na\u00a0\u0142agodzenie objaw\u00f3w post\u0119puj\u0105cej choroby i\u00a0popraw\u0119 jako\u015bci \u017cycia oraz\u00a0na \u0142agodzenie cierpienia psychicznego, socjalnego oraz\u00a0duchowego. Profesjonalny zesp\u00f3\u0142 medyczny (lekarz, piel\u0119gniarka, psycholog, fizjoterapeuta) przy wsp\u00f3\u0142pracy z\u00a0bra\u0107mi Bonifratrami z\u00a0Konwentu w\u00a0Z\u0105bkowicach \u015al\u0105skich b\u0119dzie si\u0119 opiekowa\u0142 nieodp\u0142atnie (w\u00a0ramach NFZ) pacjentami w\u00a0ostatniej fazie choroby w\u00a0ich w\u0142asnym domu, a\u00a0tak\u017ce w\u00a0razie potrzeby udzieli wsparcia ich rodzinom. \u00a0 Wskazaniami do\u00a0obj\u0119cia [&hellip;]<\/p>\n","protected":false},"author":1,"featured_media":0,"parent":0,"menu_order":14,"comment_status":"closed","ping_status":"closed","template":"","meta":{"footnotes":""},"_links":{"self":[{"href":"https:\/\/bonifratrzy.pl\/klasztor-zabkowice-slaskie\/wp-json\/wp\/v2\/pages\/33"}],"collection":[{"href":"https:\/\/bonifratrzy.pl\/klasztor-zabkowice-slaskie\/wp-json\/wp\/v2\/pages"}],"about":[{"href":"https:\/\/bonifratrzy.pl\/klasztor-zabkowice-slaskie\/wp-json\/wp\/v2\/types\/page"}],"author":[{"embeddable":true,"href":"https:\/\/bonifratrzy.pl\/klasztor-zabkowice-slaskie\/wp-json\/wp\/v2\/users\/1"}],"replies":[{"embeddable":true,"href":"https:\/\/bonifratrzy.pl\/klasztor-zabkowice-slaskie\/wp-json\/wp\/v2\/comments?post=33"}],"version-history":[{"count":8,"href":"https:\/\/bonifratrzy.pl\/klasztor-zabkowice-slaskie\/wp-json\/wp\/v2\/pages\/33\/revisions"}],"predecessor-version":[{"id":1084,"href":"https:\/\/bonifratrzy.pl\/klasztor-zabkowice-slaskie\/wp-json\/wp\/v2\/pages\/33\/revisions\/1084"}],"wp:attachment":[{"href":"https:\/\/bonifratrzy.pl\/klasztor-zabkowice-slaskie\/wp-json\/wp\/v2\/media?parent=33"}],"curies":[{"name":"wp","href":"https:\/\/api.w.org\/{rel}","templated":true}]}}