{"id":17,"date":"2016-01-19T12:49:54","date_gmt":"2016-01-19T11:49:54","guid":{"rendered":"https:\/\/bonifratrzy.pl\/klasztor-zabkowice-slaskie\/?page_id=17"},"modified":"2018-05-29T14:28:04","modified_gmt":"2018-05-29T12:28:04","slug":"cmentarz-bonifratrow","status":"publish","type":"page","link":"https:\/\/bonifratrzy.pl\/klasztor-zabkowice-slaskie\/galeria\/cmentarz-bonifratrow\/","title":{"rendered":"Cmentarz Bonifratr\u00f3w"},"content":{"rendered":"<p>Cmentarz Bonifratr\u00f3w znajdowa\u0142 si\u0119 na miejscu dzisiejszego podw\u00f3rka przedszkola na osiedlu dwudziestolecia. Jest tam idealny, zalesiony teren, ca\u0142kowicie nieu\u017cywany. Wej\u015bcie na cmentarz mie\u015bci\u0142o si\u0119 od ulicy Zacisze.<\/p>\n<p>By\u0142 to cmentarz ojc\u00f3w bonifratr\u00f3w z miejscowego szpitala. Byli tam grzebani w wi\u0119kszo\u015bci osoby, kt\u00f3re zmar\u0142y tam i nie mia\u0142y rodziny b\u0105d\u017a nie pozostawi\u0142y \u015brodk\u00f3w na poch\u00f3wek na cmentarzu komunalnym.<\/p>\n<p>Obecnie na miejscu cmentarza postawiono kilka budynk\u00f3w : przedszkole, budynek gdzie obecnie znajduje si\u0119 biblioteka i OPS, tzw ma\u0142a szko\u0142a (dom katechetyczny). Bawi\u0105 si\u0119 tam dzieci z przedszkola w ogrodzie. Rze\u017aba \u201ePieta\u201d zosta\u0142a przeniesiona na nowy cmentarz przy Bohater\u00f3w Getta i stoi w kwaterze Pallotyn\u00f3w. W tle fotografii wida\u0107 lasek, wille oficerskie przy obecnej ulicy Kusoci\u0144skiego oraz budynek koszar.<\/p>\n<p>Dzi\u0119ki \u017cyczliwo\u015bci pani El\u017cbiety Ciepierskiej Bonifratrzy uzyskali wypis z ksi\u0105g cmentarnych Cmentarza Komunalnego, gdzie zaznaczone jest w kt\u00f3rym miejscu zosta\u0142y pochowane szcz\u0105tki zmar\u0142ych bonifratr\u00f3w z cmentarza z ul. Zacisznej. Ekshumacja ta odby\u0142a si\u0119 w latach 60-tych ubieg\u0142ego wieku. Wszystkie szcz\u0105tki zosta\u0142y z\u0142o\u017cone w pojedynczym grobie. Po paru latach na tym samym miejscu pochowano m\u0119\u017cczyzn\u0119. Niedawno dokonano ekshumacji tego pana. Przeor wraz ze wsp\u00f3lnot\u0105 postanowili wykupi\u0107 miejsce i postawi\u0107 na nim pomnik upami\u0119tniaj\u0105cy wszystkich zmar\u0142ych, kt\u00f3rzy spoczywali na Cmentarzu na Zacisznej. Dnia 30 sierpnia 2015 roku po\u0142o\u017cono na grobie tablic\u0119 z napisem: Bracia Bonifratrzy.<\/p>\n<div class=\"su-custom-gallery su-custom-gallery-align-left su-custom-gallery-title-never su-lightbox-gallery\"><div class=\"su-custom-gallery-slide\" style=\"width:240px;height:160px\"><a href=\"https:\/\/bonifratrzy.pl\/klasztor-zabkowice-slaskie\/wp-content\/uploads\/sites\/17\/2016\/01\/Cmentarz-Bonifratro\u0301w-1.jpeg\" target=\"_blank\" title=\"Cmentarz Bonifratro\u0301w-1\"><img loading=\"lazy\" decoding=\"async\" src=\"https:\/\/bonifratrzy.pl\/klasztor-zabkowice-slaskie\/wp-content\/uploads\/sites\/17\/2016\/01\/Cmentarz-Bonifratro\u0301w-1.jpeg\" alt=\"Cmentarz Bonifratro\u0301w-1\" width=\"240\" height=\"160\" \/><span class=\"su-custom-gallery-title\">Cmentarz Bonifratro\u0301w-1<\/span><\/a><\/div><div class=\"su-custom-gallery-slide\" style=\"width:240px;height:160px\"><a href=\"https:\/\/bonifratrzy.pl\/klasztor-zabkowice-slaskie\/wp-content\/uploads\/sites\/17\/2016\/01\/Cmentarz-Bonifratro\u0301w-3.jpeg\" target=\"_blank\" title=\"Cmentarz Bonifratro\u0301w-3\"><img loading=\"lazy\" decoding=\"async\" src=\"https:\/\/bonifratrzy.pl\/klasztor-zabkowice-slaskie\/wp-content\/uploads\/sites\/17\/2016\/01\/Cmentarz-Bonifratro\u0301w-3.jpeg\" alt=\"Cmentarz Bonifratro\u0301w-3\" width=\"240\" height=\"160\" \/><span class=\"su-custom-gallery-title\">Cmentarz Bonifratro\u0301w-3<\/span><\/a><\/div><div class=\"su-custom-gallery-slide\" style=\"width:240px;height:160px\"><a href=\"https:\/\/bonifratrzy.pl\/klasztor-zabkowice-slaskie\/wp-content\/uploads\/sites\/17\/2016\/01\/Cmentarz-Bonifratro\u0301w-5.jpeg\" target=\"_blank\" title=\"Cmentarz Bonifratro\u0301w-5\"><img loading=\"lazy\" decoding=\"async\" src=\"https:\/\/bonifratrzy.pl\/klasztor-zabkowice-slaskie\/wp-content\/uploads\/sites\/17\/2016\/01\/Cmentarz-Bonifratro\u0301w-5.jpeg\" alt=\"Cmentarz Bonifratro\u0301w-5\" width=\"240\" height=\"160\" \/><span class=\"su-custom-gallery-title\">Cmentarz Bonifratro\u0301w-5<\/span><\/a><\/div><div class=\"su-custom-gallery-slide\" style=\"width:240px;height:160px\"><a href=\"https:\/\/bonifratrzy.pl\/klasztor-zabkowice-slaskie\/wp-content\/uploads\/sites\/17\/2016\/01\/Cmentarz-Bonifratro\u0301w-7.jpeg\" target=\"_blank\" title=\"Cmentarz Bonifratro\u0301w-7\"><img loading=\"lazy\" decoding=\"async\" src=\"https:\/\/bonifratrzy.pl\/klasztor-zabkowice-slaskie\/wp-content\/uploads\/sites\/17\/2016\/01\/Cmentarz-Bonifratro\u0301w-7.jpeg\" alt=\"Cmentarz Bonifratro\u0301w-7\" width=\"240\" height=\"160\" \/><span class=\"su-custom-gallery-title\">Cmentarz Bonifratro\u0301w-7<\/span><\/a><\/div><div class=\"su-custom-gallery-slide\" style=\"width:240px;height:160px\"><a href=\"https:\/\/bonifratrzy.pl\/klasztor-zabkowice-slaskie\/wp-content\/uploads\/sites\/17\/2016\/01\/Cmentarz-Bonifratro\u0301w-8.jpeg\" target=\"_blank\" title=\"Cmentarz Bonifratro\u0301w-8\"><img loading=\"lazy\" decoding=\"async\" src=\"https:\/\/bonifratrzy.pl\/klasztor-zabkowice-slaskie\/wp-content\/uploads\/sites\/17\/2016\/01\/Cmentarz-Bonifratro\u0301w-8.jpeg\" alt=\"Cmentarz Bonifratro\u0301w-8\" width=\"240\" height=\"160\" \/><span class=\"su-custom-gallery-title\">Cmentarz Bonifratro\u0301w-8<\/span><\/a><\/div><div class=\"su-clear\"><\/div><\/div>\n&nbsp;<\/p>\n<p>&nbsp;<\/p>\n<p>&nbsp;<\/p>\n","protected":false},"excerpt":{"rendered":"<p>Cmentarz Bonifratr\u00f3w znajdowa\u0142 si\u0119 na miejscu dzisiejszego podw\u00f3rka przedszkola na osiedlu dwudziestolecia. Jest tam idealny, zalesiony teren, ca\u0142kowicie nieu\u017cywany. Wej\u015bcie na cmentarz mie\u015bci\u0142o si\u0119 od ulicy Zacisze. By\u0142 to cmentarz ojc\u00f3w bonifratr\u00f3w z miejscowego szpitala. Byli tam grzebani w wi\u0119kszo\u015bci osoby, kt\u00f3re zmar\u0142y tam i nie mia\u0142y rodziny b\u0105d\u017a nie pozostawi\u0142y \u015brodk\u00f3w na poch\u00f3wek na [&hellip;]<\/p>\n","protected":false},"author":1,"featured_media":0,"parent":9,"menu_order":5,"comment_status":"closed","ping_status":"closed","template":"","meta":{"footnotes":""},"_links":{"self":[{"href":"https:\/\/bonifratrzy.pl\/klasztor-zabkowice-slaskie\/wp-json\/wp\/v2\/pages\/17"}],"collection":[{"href":"https:\/\/bonifratrzy.pl\/klasztor-zabkowice-slaskie\/wp-json\/wp\/v2\/pages"}],"about":[{"href":"https:\/\/bonifratrzy.pl\/klasztor-zabkowice-slaskie\/wp-json\/wp\/v2\/types\/page"}],"author":[{"embeddable":true,"href":"https:\/\/bonifratrzy.pl\/klasztor-zabkowice-slaskie\/wp-json\/wp\/v2\/users\/1"}],"replies":[{"embeddable":true,"href":"https:\/\/bonifratrzy.pl\/klasztor-zabkowice-slaskie\/wp-json\/wp\/v2\/comments?post=17"}],"version-history":[{"count":6,"href":"https:\/\/bonifratrzy.pl\/klasztor-zabkowice-slaskie\/wp-json\/wp\/v2\/pages\/17\/revisions"}],"predecessor-version":[{"id":1213,"href":"https:\/\/bonifratrzy.pl\/klasztor-zabkowice-slaskie\/wp-json\/wp\/v2\/pages\/17\/revisions\/1213"}],"up":[{"embeddable":true,"href":"https:\/\/bonifratrzy.pl\/klasztor-zabkowice-slaskie\/wp-json\/wp\/v2\/pages\/9"}],"wp:attachment":[{"href":"https:\/\/bonifratrzy.pl\/klasztor-zabkowice-slaskie\/wp-json\/wp\/v2\/media?parent=17"}],"curies":[{"name":"wp","href":"https:\/\/api.w.org\/{rel}","templated":true}]}}