{"id":5,"date":"2016-01-19T11:13:00","date_gmt":"2016-01-19T10:13:00","guid":{"rendered":"https:\/\/bonifratrzy.pl\/klasztor-wroclaw\/?page_id=5"},"modified":"2026-02-04T08:57:54","modified_gmt":"2026-02-04T07:57:54","slug":"o-klasztorze","status":"publish","type":"page","link":"https:\/\/bonifratrzy.pl\/klasztor-wroclaw\/","title":{"rendered":"O Klasztorze"},"content":{"rendered":"<h2><strong><span style=\"color: #c71718;\">Klasztor we Wroc\u0142awiu pw. Tr\u00f3jcy Przenaj\u015bwi\u0119tszej<\/span><\/strong><\/h2>\n<h2>Przeor &#8211; brat Jakub OH<\/h2>\n<p><img loading=\"lazy\" decoding=\"async\" class=\"wp-image-415 alignleft\" src=\"https:\/\/bonifratrzy.pl\/klasztor-wroclaw\/wp-content\/uploads\/sites\/16\/2025\/12\/Br.-Jakub-222x300.jpg\" alt=\"\" width=\"108\" height=\"146\" srcset=\"https:\/\/bonifratrzy.pl\/klasztor-wroclaw\/wp-content\/uploads\/sites\/16\/2025\/12\/Br.-Jakub-222x300.jpg 222w, https:\/\/bonifratrzy.pl\/klasztor-wroclaw\/wp-content\/uploads\/sites\/16\/2025\/12\/Br.-Jakub.jpg 615w\" sizes=\"(max-width: 108px) 100vw, 108px\" \/><\/p>\n<p><strong>Wojciech Bia\u0142ek, OH<\/strong><br \/>\nur. 19.06.1977 r. Szczecin<br \/>\nwst. 29.09.2009 r., \u00a0ob\u0142. 29.06.2010 r.,<br \/>\n\u015bl. czas. 29.06.2012 r., \u015bl. wiecz. 29.06.2017 r.<\/p>\n<p>Imieniny: 25 lipca<\/p>\n<p><strong>Wsp\u00f3lnot\u0119 zakonn\u0105 tworz\u0105 :<\/strong><\/p>\n<ul>\n<li>br. Braulio Maria Ciesi\u0144ski, OH,<\/li>\n<li>br. Damian Wasylewicz, OH, sac.<\/li>\n<li>br. J\u00f3zef Syzonenko, OH,<\/li>\n<li>br. Miko\u0142aj W\u0142odarczyk, OH.<\/li>\n<\/ul>\n","protected":false},"excerpt":{"rendered":"<p>Klasztor we Wroc\u0142awiu pw. Tr\u00f3jcy Przenaj\u015bwi\u0119tszej Przeor &#8211; brat Jakub OH Wojciech Bia\u0142ek, OH ur. 19.06.1977 r. Szczecin wst. 29.09.2009 r., \u00a0ob\u0142. 29.06.2010 r., \u015bl. czas. 29.06.2012 r., \u015bl. wiecz. 29.06.2017 r. Imieniny: 25 lipca Wsp\u00f3lnot\u0119 zakonn\u0105 tworz\u0105 : br. Braulio Maria Ciesi\u0144ski, OH, br. Damian Wasylewicz, OH, sac. br. J\u00f3zef Syzonenko, OH, br. Miko\u0142aj [&hellip;]<\/p>\n","protected":false},"author":1,"featured_media":0,"parent":0,"menu_order":15,"comment_status":"closed","ping_status":"closed","template":"page-home.php","meta":{"footnotes":""},"_links":{"self":[{"href":"https:\/\/bonifratrzy.pl\/klasztor-wroclaw\/wp-json\/wp\/v2\/pages\/5"}],"collection":[{"href":"https:\/\/bonifratrzy.pl\/klasztor-wroclaw\/wp-json\/wp\/v2\/pages"}],"about":[{"href":"https:\/\/bonifratrzy.pl\/klasztor-wroclaw\/wp-json\/wp\/v2\/types\/page"}],"author":[{"embeddable":true,"href":"https:\/\/bonifratrzy.pl\/klasztor-wroclaw\/wp-json\/wp\/v2\/users\/1"}],"replies":[{"embeddable":true,"href":"https:\/\/bonifratrzy.pl\/klasztor-wroclaw\/wp-json\/wp\/v2\/comments?post=5"}],"version-history":[{"count":40,"href":"https:\/\/bonifratrzy.pl\/klasztor-wroclaw\/wp-json\/wp\/v2\/pages\/5\/revisions"}],"predecessor-version":[{"id":427,"href":"https:\/\/bonifratrzy.pl\/klasztor-wroclaw\/wp-json\/wp\/v2\/pages\/5\/revisions\/427"}],"wp:attachment":[{"href":"https:\/\/bonifratrzy.pl\/klasztor-wroclaw\/wp-json\/wp\/v2\/media?parent=5"}],"curies":[{"name":"wp","href":"https:\/\/api.w.org\/{rel}","templated":true}]}}