{"id":480,"date":"2016-07-06T11:47:43","date_gmt":"2016-07-06T09:47:43","guid":{"rendered":"https:\/\/bonifratrzy.pl\/klasztor-warszawa-sapiezynska\/?page_id=480"},"modified":"2024-01-22T12:58:20","modified_gmt":"2024-01-22T11:58:20","slug":"porzadek-nabozenstw","status":"publish","type":"page","link":"https:\/\/bonifratrzy.pl\/klasztor-warszawa-sapiezynska\/porzadek-nabozenstw\/","title":{"rendered":"Porz\u0105dek nabo\u017ce\u0144stw"},"content":{"rendered":"<h2><strong>Konwent Zakonu Bonifratr\u00f3w <\/strong><strong>w<\/strong> <strong>Warszawie<\/strong> <strong>ul. Sapie\u017cy\u0144ska 3 <\/strong><\/h2>\n<h2><strong>Kaplica pw. \u015bw. Ryszarda Pampuri (bud. A; II pi\u0119tro)<\/strong><\/h2>\n<h3><\/h3>\n<h3><span style=\"color: #993300\"><strong><em>PORZ\u0104DEK MSZY \u015aWI\u0118TYCH<\/em><\/strong><\/span><\/h3>\n<table>\n<tbody>\n<tr>\n<td width=\"172\"><strong>Poniedzia\u0142ek<\/strong><\/td>\n<td width=\"231\">\u00a0<strong>godz. 17:00<\/strong><\/td>\n<\/tr>\n<tr>\n<td width=\"172\"><strong>Wtorek<\/strong><\/td>\n<td width=\"231\">\u00a0<strong>godz. 17:00<\/strong><\/td>\n<\/tr>\n<tr>\n<td width=\"172\"><strong>\u015aroda<\/strong><\/td>\n<td width=\"231\">\u00a0<strong>godz. 17:00<\/strong><\/td>\n<\/tr>\n<tr>\n<td width=\"172\"><strong>Czwartek<\/strong><\/td>\n<td width=\"231\">\u00a0<strong>godz. 17:00<\/strong><\/td>\n<\/tr>\n<tr>\n<td width=\"172\"><strong>Pi\u0105tek<\/strong><\/td>\n<td width=\"231\">\u00a0<strong>godz. 17:00<\/strong><\/td>\n<\/tr>\n<tr>\n<td width=\"172\"><strong>Sobota<\/strong><\/td>\n<td width=\"231\">\u00a0<strong>godz.\u00a0 \u00a07:00<\/strong><\/td>\n<\/tr>\n<tr>\n<td width=\"172\"><strong>Niedziela<\/strong><\/td>\n<td width=\"231\">\u00a0<strong>godz. 10:30<\/strong><\/td>\n<\/tr>\n<\/tbody>\n<\/table>\n<p><strong>\u00a0<\/strong><\/p>\n<h3><span style=\"color: #993300\"><strong><em>PORZ\u0104DEK NABO\u017bE\u0143STW<\/em><\/strong><\/span><\/h3>\n<ul>\n<li><strong>Codziennie<\/strong> <u>Koronka do Mi\u0142osierdzia Bo\u017cego<\/u>\u00a0 <strong> godz. 15:00<\/strong><\/li>\n<li><strong>Czwartek<\/strong> \u2013 <u>Adoracja Naj\u015bwi\u0119tszego Sakramentu<\/u><span style=\"text-decoration: underline\"> w intencji powo\u0142a\u0144 \u00a0<\/span><strong> godz. 7:00 &#8211; 12:00<\/strong><strong><br \/>\n<\/strong><\/li>\n<\/ul>\n<ul>\n<li>W miesi\u0105cach <strong>maj, czerwiec, pa\u017adziernik i listopad\u00a0<\/strong> nabo\u017ce\u0144stwo, a w pozosta\u0142ych miesi\u0105cach r\u00f3\u017caniec<\/li>\n<\/ul>\n<p style=\"text-align: left\"><strong>Poniedzia\u0142ek- pi\u0105tek\u00a0\u00a0\u00a0\u00a0\u00a0\u00a0\u00a0\u00a0\u00a0\u00a0\u00a0\u00a0\u00a0\u00a0 \u00a0\u00a0 godz.16:30<\/strong>\u00a0(przed Msz\u0105 \u015awi\u0119t\u0105)<\/p>\n<p style=\"text-align: left\"><strong>Sobota \u00a0\u00a0\u00a0\u00a0\u00a0\u00a0\u00a0\u00a0\u00a0\u00a0\u00a0\u00a0\u00a0\u00a0\u00a0\u00a0\u00a0\u00a0\u00a0\u00a0\u00a0\u00a0\u00a0\u00a0\u00a0\u00a0\u00a0\u00a0\u00a0\u00a0\u00a0\u00a0\u00a0\u00a0\u00a0\u00a0\u00a0\u00a0\u00a0 \u00a0\u00a0\u00a0godz.\u00a0 7:30<\/strong>\u00a0(po Mszy \u015awi\u0119tej)<\/p>\n<p style=\"text-align: left\"><strong>Niedziela\u00a0\u00a0\u00a0 \u00a0\u00a0\u00a0\u00a0\u00a0\u00a0\u00a0\u00a0\u00a0\u00a0\u00a0\u00a0\u00a0\u00a0\u00a0\u00a0\u00a0\u00a0\u00a0\u00a0\u00a0\u00a0\u00a0\u00a0\u00a0\u00a0\u00a0\u00a0\u00a0\u00a0\u00a0\u00a0 \u00a0 godz. 10:00<\/strong>\u00a0(przed Msz\u0105 \u015awi\u0119t\u0105)<\/p>\n<ul>\n<li><strong>W pozosta\u0142e miesi\u0105ce &#8211; niedziela godz. 10:00\u00a0<\/strong>Godzinki o Niepokalanym Pocz\u0119ciu NMP<\/li>\n<\/ul>\n<h2 style=\"text-align: left\"><em><strong>INTENCJE STA\u0141E:<\/strong><\/em><\/h2>\n<ul>\n<li style=\"text-align: left\"><strong>Poniedzia\u0142ek :<\/strong> za zmar\u0142ych wsp\u00f3\u0142braci, siostry, krewnych, fundator\u00f3w dzie\u0142 apostolskich, dobroczy\u0144c\u00f3w, wsp\u00f3\u0142pracownik\u00f3w i podopiecznych zmar\u0142ych w naszych dzie\u0142ach apostolskich.<\/li>\n<li style=\"text-align: left\"><strong>\u015aroda :<\/strong> za nasz Zakon, nasz\u0105 prowincje, o\u015brodki formacyjne, dzie\u0142a apostolskie, za naszych krewnych, dobroczy\u0144c\u00f3w, podopiecznych i wsp\u00f3\u0142pracownik\u00f3w dzie\u0142 apostolskich.<\/li>\n<li style=\"text-align: left\"><strong>Czwartek :<\/strong> o liczne i \u015bwi\u0119te powo\u0142ania do naszego Zakonu Szpitalnego oraz umocnienie na drodze do \u015bwi\u0119to\u015bci dla powo\u0142anych.<\/li>\n<\/ul>\n<p style=\"text-align: center\"><strong>\u00a0\u00a0\u00a0\u00a0\u00a0\u00a0\u00a0\u00a0\u00a0\u00a0\u00a0\u00a0\u00a0\u00a0\u00a0\u00a0\u00a0\u00a0\u00a0\u00a0\u00a0\u00a0\u00a0\u00a0\u00a0\u00a0\u00a0\u00a0\u00a0\u00a0\u00a0\u00a0\u00a0\u00a0\u00a0\u00a0\u00a0\u00a0\u00a0\u00a0\u00a0\u00a0\u00a0\u00a0\u00a0 \u00a0 \u00a0 \u00a0 \u00a0 \u00a0 \u00a0 \u00a0 \u00a0 \u00a0 \u00a0 \u00a0 \u00a0 \u00a0 \u00a0 \u00a0 \u00a0 \u00a0 \u00a0 \u00a0 \u00a0 \u00a0 \u00a0 \u00a0\u00a0 Zach\u0119camy do czynnego udzia\u0142u\u00a0\u00a0\u00a0 <\/strong><\/p>\n<p style=\"text-align: center\"><strong>\u00a0\u00a0\u00a0\u00a0\u00a0\u00a0\u00a0\u00a0\u00a0\u00a0\u00a0\u00a0\u00a0\u00a0\u00a0\u00a0\u00a0\u00a0\u00a0\u00a0\u00a0\u00a0\u00a0\u00a0\u00a0\u00a0\u00a0\u00a0\u00a0\u00a0\u00a0\u00a0\u00a0\u00a0\u00a0\u00a0\u00a0\u00a0\u00a0\u00a0\u00a0\u00a0\u00a0\u00a0\u00a0\u00a0\u00a0\u00a0\u00a0\u00a0\u00a0\u00a0\u00a0\u00a0\u00a0\u00a0\u00a0\u00a0\u00a0\u00a0\u00a0\u00a0\u00a0\u00a0\u00a0\u00a0\u00a0\u00a0\u00a0\u00a0\u00a0\u00a0\u00a0\u00a0\u00a0\u00a0\u00a0\u00a0\u00a0\u00a0\u00a0\u00a0\u00a0\u00a0\u00a0\u00a0\u00a0\u00a0\u00a0\u00a0 Zesp\u00f3\u0142 Opieki Duszpasterskiej<br \/>\n<\/strong><\/p>\n<p>&nbsp;<\/p>\n<p>&nbsp;<\/p>\n","protected":false},"excerpt":{"rendered":"<p>Konwent Zakonu Bonifratr\u00f3w w Warszawie ul. Sapie\u017cy\u0144ska 3 Kaplica pw. \u015bw. Ryszarda Pampuri (bud. A; II pi\u0119tro) PORZ\u0104DEK MSZY \u015aWI\u0118TYCH Poniedzia\u0142ek \u00a0godz. 17:00 Wtorek \u00a0godz. 17:00 \u015aroda \u00a0godz. 17:00 Czwartek \u00a0godz. 17:00 Pi\u0105tek \u00a0godz. 17:00 Sobota \u00a0godz.\u00a0 \u00a07:00 Niedziela \u00a0godz. 10:30 \u00a0 PORZ\u0104DEK NABO\u017bE\u0143STW Codziennie Koronka do Mi\u0142osierdzia Bo\u017cego\u00a0 godz. 15:00 Czwartek \u2013 Adoracja Naj\u015bwi\u0119tszego [&hellip;]<\/p>\n","protected":false},"author":6,"featured_media":0,"parent":0,"menu_order":81,"comment_status":"closed","ping_status":"closed","template":"","meta":{"footnotes":""},"_links":{"self":[{"href":"https:\/\/bonifratrzy.pl\/klasztor-warszawa-sapiezynska\/wp-json\/wp\/v2\/pages\/480"}],"collection":[{"href":"https:\/\/bonifratrzy.pl\/klasztor-warszawa-sapiezynska\/wp-json\/wp\/v2\/pages"}],"about":[{"href":"https:\/\/bonifratrzy.pl\/klasztor-warszawa-sapiezynska\/wp-json\/wp\/v2\/types\/page"}],"author":[{"embeddable":true,"href":"https:\/\/bonifratrzy.pl\/klasztor-warszawa-sapiezynska\/wp-json\/wp\/v2\/users\/6"}],"replies":[{"embeddable":true,"href":"https:\/\/bonifratrzy.pl\/klasztor-warszawa-sapiezynska\/wp-json\/wp\/v2\/comments?post=480"}],"version-history":[{"count":58,"href":"https:\/\/bonifratrzy.pl\/klasztor-warszawa-sapiezynska\/wp-json\/wp\/v2\/pages\/480\/revisions"}],"predecessor-version":[{"id":6167,"href":"https:\/\/bonifratrzy.pl\/klasztor-warszawa-sapiezynska\/wp-json\/wp\/v2\/pages\/480\/revisions\/6167"}],"wp:attachment":[{"href":"https:\/\/bonifratrzy.pl\/klasztor-warszawa-sapiezynska\/wp-json\/wp\/v2\/media?parent=480"}],"curies":[{"name":"wp","href":"https:\/\/api.w.org\/{rel}","templated":true}]}}

Porządek nabożeństw

<h2><strong>Konwent Zakonu Bonifratrów </strong><strong>w</strong> <strong>Warszawie</strong> <strong>ul. Sapieżyńska 3 </strong></h2>
<h2><strong>Kaplica pw. św. Ryszarda Pampuri (bud. A; II piętro)</strong></h2>
<h3></h3>
<h3><span style="color: #993300"><strong><em>PORZĄDEK MSZY ŚWIĘTYCH</em></strong></span></h3>
<table>
<tbody>
<tr>
<td width="172"><strong>Poniedziałek</strong></td>
<td width="231"> <strong>godz. 17:00</strong></td>
</tr>
<tr>
<td width="172"><strong>Wtorek</strong></td>
<td width="231"> <strong>godz. 17:00</strong></td>
</tr>
<tr>
<td width="172"><strong>Środa</strong></td>
<td width="231"> <strong>godz. 17:00</strong></td>
</tr>
<tr>
<td width="172"><strong>Czwartek</strong></td>
<td width="231"> <strong>godz. 17:00</strong></td>
</tr>
<tr>
<td width="172"><strong>Piątek</strong></td>
<td width="231"> <strong>godz. 17:00</strong></td>
</tr>
<tr>
<td width="172"><strong>Sobota</strong></td>
<td width="231"> <strong>godz.   7:00</strong></td>
</tr>
<tr>
<td width="172"><strong>Niedziela</strong></td>
<td width="231"> <strong>godz. 10:30</strong></td>
</tr>
</tbody>
</table>
<p><strong> </strong></p>
<h3><span style="color: #993300"><strong><em>PORZĄDEK NABOŻEŃSTW</em></strong></span></h3>
<ul>
<li><strong>Codziennie</strong> <u>Koronka do Miłosierdzia Bożego</u>  <strong> godz. 15:00</strong></li>
<li><strong>Czwartek</strong> – <u>Adoracja Najświętszego Sakramentu</u><span style="text-decoration: underline"> w intencji powołań  </span><strong> godz. 7:00 &#8211; 12:00</strong><strong><br />
</strong></li>
</ul>
<ul>
<li>W miesiącach <strong>maj, czerwiec, październik i listopad </strong> nabożeństwo, a w pozostałych miesiącach różaniec</li>
</ul>
<p style="text-align: left"><strong>Poniedziałek- piątek                  godz.16:30</strong> (przed Mszą Świętą)</p>
<p style="text-align: left"><strong>Sobota                                            godz.  7:30</strong> (po Mszy Świętej)</p>
<p style="text-align: left"><strong>Niedziela                                       godz. 10:00</strong> (przed Mszą Świętą)</p>
<ul>
<li><strong>W pozostałe miesiące &#8211; niedziela godz. 10:00 </strong>Godzinki o Niepokalanym Poczęciu NMP</li>
</ul>
<h2 style="text-align: left"><em><strong>INTENCJE STAŁE:</strong></em></h2>
<ul>
<li style="text-align: left"><strong>Poniedziałek :</strong> za zmarłych współbraci, siostry, krewnych, fundatorów dzieł apostolskich, dobroczyńców, współpracowników i podopiecznych zmarłych w naszych dziełach apostolskich.</li>
<li style="text-align: left"><strong>Środa :</strong> za nasz Zakon, naszą prowincje, ośrodki formacyjne, dzieła apostolskie, za naszych krewnych, dobroczyńców, podopiecznych i współpracowników dzieł apostolskich.</li>
<li style="text-align: left"><strong>Czwartek :</strong> o liczne i święte powołania do naszego Zakonu Szpitalnego oraz umocnienie na drodze do świętości dla powołanych.</li>
</ul>
<p style="text-align: center"><strong>                                                                                             Zachęcamy do czynnego udziału    </strong></p>
<p style="text-align: center"><strong>                                                                                           Zespół Opieki Duszpasterskiej<br />
</strong></p>
<p>&nbsp;</p>
<p>&nbsp;</p>

<p>Konwent Zakonu Bonifratrów w Warszawie ul. Sapieżyńska 3 Kaplica pw. św. Ryszarda Pampuri (bud. A; II piętro) PORZĄDEK MSZY ŚWIĘTYCH Poniedziałek  godz. 17:00 Wtorek  godz. 17:00 Środa  godz. 17:00 Czwartek  godz. 17:00 Piątek  godz. 17:00 Sobota  godz.   7:00 Niedziela  godz. 10:30   PORZĄDEK NABOŻEŃSTW Codziennie Koronka do Miłosierdzia Bożego  godz. 15:00 Czwartek – Adoracja Najświętszego [&hellip;]</p>
