{"id":3778,"date":"2022-05-31T09:36:51","date_gmt":"2022-05-31T07:36:51","guid":{"rendered":"https:\/\/bonifratrzy.pl\/klasztor-warszawa-sapiezynska\/?page_id=3778"},"modified":"2022-05-31T09:40:03","modified_gmt":"2022-05-31T07:40:03","slug":"przebaczenie","status":"publish","type":"page","link":"https:\/\/bonifratrzy.pl\/klasztor-warszawa-sapiezynska\/duszpasterstwo\/przebaczenie\/","title":{"rendered":"Przebaczenie"},"content":{"rendered":"<ul class=\"su-subpages\"><li class=\"page_item page-item-3783\"><a href=\"https:\/\/bonifratrzy.pl\/klasztor-warszawa-sapiezynska\/duszpasterstwo\/przebaczenie\/falszywe-koncepcje-przebaczenia\/\">Fa\u0142szywe koncepcje przebaczenia<\/a><\/li>\n<li class=\"page_item page-item-3780\"><a href=\"https:\/\/bonifratrzy.pl\/klasztor-warszawa-sapiezynska\/duszpasterstwo\/przebaczenie\/donioslosc-przebaczenia-w-zyciu-czlowieka\/\">Donios\u0142o\u015b\u0107 przebaczenia w \u017cyciu cz\u0142owieka<\/a><\/li>\n<li class=\"page_item page-item-3787\"><a href=\"https:\/\/bonifratrzy.pl\/klasztor-warszawa-sapiezynska\/duszpasterstwo\/przebaczenie\/przebaczenie-przygoda-ludzka-i-nadprzyrodzona\/\">Przebaczenie \u2013 przygoda ludzka i nadprzyrodzona<\/a><\/li>\n<li class=\"page_item page-item-3790\"><a href=\"https:\/\/bonifratrzy.pl\/klasztor-warszawa-sapiezynska\/duszpasterstwo\/przebaczenie\/jak-oszacowac-zniewagi\/\">Jak oszacowa\u0107 zniewagi?<\/a><\/li>\n<li class=\"page_item page-item-3791\"><a href=\"https:\/\/bonifratrzy.pl\/klasztor-warszawa-sapiezynska\/duszpasterstwo\/przebaczenie\/do-kogo-adresowane-jest-przebaczenie\/\">Do kogo adresowane jest przebaczenie?<\/a><\/li>\n<li class=\"page_item page-item-3789\"><a href=\"https:\/\/bonifratrzy.pl\/klasztor-warszawa-sapiezynska\/duszpasterstwo\/przebaczenie\/i-etap-nie-mscic-sie-i-nie-pozwolic-siebie-obrazac\/\">I etap: nie m\u015bci\u0107 si\u0119 i nie pozwoli\u0107 siebie obra\u017ca\u0107<\/a><\/li>\n<li class=\"page_item page-item-3999\"><a href=\"https:\/\/bonifratrzy.pl\/klasztor-warszawa-sapiezynska\/duszpasterstwo\/przebaczenie\/ii-etap-uznac-swoje-zranienie-i-swoje-ubostwo\/\">II etap: Uzna\u0107 swoje zranienie i swoje ub\u00f3stwo.<\/a><\/li>\n<\/ul>\n<p>&nbsp;<\/p>\n<p>&nbsp;<\/p>\n<p>&nbsp;<\/p>\n","protected":false},"excerpt":{"rendered":"<p>&nbsp; &nbsp; &nbsp;<\/p>\n","protected":false},"author":1,"featured_media":0,"parent":2597,"menu_order":66,"comment_status":"closed","ping_status":"closed","template":"","meta":{"footnotes":""},"_links":{"self":[{"href":"https:\/\/bonifratrzy.pl\/klasztor-warszawa-sapiezynska\/wp-json\/wp\/v2\/pages\/3778"}],"collection":[{"href":"https:\/\/bonifratrzy.pl\/klasztor-warszawa-sapiezynska\/wp-json\/wp\/v2\/pages"}],"about":[{"href":"https:\/\/bonifratrzy.pl\/klasztor-warszawa-sapiezynska\/wp-json\/wp\/v2\/types\/page"}],"author":[{"embeddable":true,"href":"https:\/\/bonifratrzy.pl\/klasztor-warszawa-sapiezynska\/wp-json\/wp\/v2\/users\/1"}],"replies":[{"embeddable":true,"href":"https:\/\/bonifratrzy.pl\/klasztor-warszawa-sapiezynska\/wp-json\/wp\/v2\/comments?post=3778"}],"version-history":[{"count":2,"href":"https:\/\/bonifratrzy.pl\/klasztor-warszawa-sapiezynska\/wp-json\/wp\/v2\/pages\/3778\/revisions"}],"predecessor-version":[{"id":3785,"href":"https:\/\/bonifratrzy.pl\/klasztor-warszawa-sapiezynska\/wp-json\/wp\/v2\/pages\/3778\/revisions\/3785"}],"up":[{"embeddable":true,"href":"https:\/\/bonifratrzy.pl\/klasztor-warszawa-sapiezynska\/wp-json\/wp\/v2\/pages\/2597"}],"wp:attachment":[{"href":"https:\/\/bonifratrzy.pl\/klasztor-warszawa-sapiezynska\/wp-json\/wp\/v2\/media?parent=3778"}],"curies":[{"name":"wp","href":"https:\/\/api.w.org\/{rel}","templated":true}]}}