{"id":3035,"date":"2019-09-30T10:44:21","date_gmt":"2019-09-30T08:44:21","guid":{"rendered":"https:\/\/bonifratrzy.pl\/klasztor-warszawa-sapiezynska\/?page_id=3035"},"modified":"2022-05-31T09:29:36","modified_gmt":"2022-05-31T07:29:36","slug":"konferencja-11-relacje-z-rodzicami","status":"publish","type":"page","link":"https:\/\/bonifratrzy.pl\/klasztor-warszawa-sapiezynska\/duszpasterstwo\/konferencja-11-relacje-z-rodzicami\/","title":{"rendered":"11. Relacje z rodzicami"},"content":{"rendered":"<p style=\"text-align: justify\">Czasem uwa\u017ca si\u0119 duchowo\u015b\u0107 nazareta\u0144sk\u0105 za \u017cycie ukryte, prowadzone w prostocie na wz\u00f3r \u015awi\u0119tej Rodziny. Jednak o Nazarecie mo\u017cna tak\u017ce m\u00f3wi\u0107 w kontek\u015bcie trudno\u015bci, jakie napotka\u0142 Jezus w rodzinnym miasteczku. Zbawiciel \u201emia\u0142 k\u0142opoty\u201d z Nazaretem, bowiem nie m\u00f3g\u0142 tam uczyni\u0107 \u017cadnego cudu (zob. Mk 6, 5), a jego bliscy podejrzewali Go o chorob\u0119 psychiczn\u0105 (zob. Mk 3, 21). Napi\u0119cie si\u0119gn\u0119\u0142o szczytu, gdy podczas przem\u00f3wienia w synagodze, Jezus zacz\u0105\u0142 wskazywa\u0107 na siebie jako na Mesjasza, wypominaj\u0105c jednocze\u015bnie s\u0142uchaczom ich ciasne serca i umys\u0142y. Dlatego w gniewie pochwycono Go i chciano str\u0105ci\u0107 z wysokiej g\u00f3ry (zob. \u0141k 4, 16-30). Wsp\u00f3\u0142mieszka\u0144cy Jezusa nie poddawali si\u0119 Dobrej Nowinie. Nazaret stawia\u0142 op\u00f3r.<\/p>\n<p style=\"text-align: justify\">Podobn\u0105 trudno\u015b\u0107 wobec bliskich ze swego dzieci\u0144stwa mo\u017ce prze\u017cywa\u0107 ka\u017cdy cz\u0142owiek. Wiele ca\u0142kiem ju\u017c doros\u0142ych os\u00f3b do\u015bwiadcza zadziwiaj\u0105cych \u201euczu\u0107 nazareta\u0144skich\u201d. Zdarza si\u0119, \u017ce szef wielkiego koncernu, umiej\u0105cy podejmowa\u0107 trudne strategiczne decyzje, zarz\u0105dzaj\u0105cy du\u017c\u0105 grup\u0105 ludzi, kuli si\u0119 jak dziecko, gdy zadzwoni \u201emamusia\u201d. Inna osoba dr\u0119twieje na dziedzi\u0144cu szko\u0142y podstawowej, do kt\u00f3rej chodzi\u0142a. Cz\u0119sto zdarza si\u0119, \u017ce rodzina nie chce zaakceptowa\u0107 zmian, jakie dokona\u0142y si\u0119 w \u017cyciu syna lub sprzeciwia si\u0119 \u017cyciowym wyborom c\u00f3rki. Bywa, \u017ce rodzice jako ostatni przyjmuj\u0105 do wiadomo\u015bci, \u017ce ich dzieci zmieni\u0142y si\u0119. Cz\u0119sto nie jest si\u0119 \u015bwiadomym, \u017ce obecne reakcje emocjonalne i postawy, jakie przyjmuje si\u0119 w \u017cyciu, s\u0105 powi\u0105zane z dzieci\u0144stwem \u2013 \u201ewewn\u0119trznym Nazaretem\u201d, kt\u00f3ry ci\u0105gle opiera si\u0119 Zbawicielowi.<\/p>\n<p style=\"text-align: justify\">Tak wi\u0119c <strong>\u201euczucia nazareta\u0144skie\u201d maj\u0105 swoje \u017ar\u00f3d\u0142o w relacjach z rodzicami, rodze\u0144stwem, r\u00f3wie\u015bnikami z lat wczesnoszkolnych, a ujawniaj\u0105 si\u0119 w r\u00f3\u017cnych sytuacjach w doros\u0142ym\u00a0\u00a0\u00a0\u00a0\u00a0\u00a0\u00a0\u00a0 \u017cyciu, kt\u00f3re rezonuj\u0105 z przesz\u0142o\u015bci\u0105<\/strong>. Kobieta opowiada, \u017ce zachowuje si\u0119 agresywnie wobec starszych m\u0119\u017cczyzn przypominaj\u0105cych jej ojca, kt\u00f3ry odszed\u0142 z domu, gdy by\u0142a ma\u0142\u0105 dziewczynk\u0105; kto\u015b inny, maj\u0105cy matk\u0119 perfekcjonistk\u0119, pracuje bez chwili wytchnienia i nie mo\u017ce si\u0119 zatrzyma\u0107 cho\u0107by na chwil\u0119 odpoczynku; kto\u015b wpada w niepohamowany smutek, gdy zostanie lekko skrytykowany&#8230; Przyk\u0142ady mo\u017cna by mno\u017cy\u0107 w niesko\u0144czono\u015b\u0107.<\/p>\n<p style=\"text-align: justify\"><strong>\u201eEmocje nazareta\u0144skie\u201d wyprowadzaj\u0105 cz\u0142owieka z r\u00f3wnowagi, wprowadzaj\u0105 w izolacj\u0119 i b\u00f3l, chc\u0105c go \u201estr\u0105ci\u0107 w przepa\u015b\u0107\u201d<\/strong>. Wielu ludzi, cho\u0107 metrykalnie s\u0105 doro\u015bli, ci\u0105gle jeszcze nie opu\u015bci\u0142o Nazaretu, prowadz\u0105c nieko\u0144cz\u0105c\u0105 si\u0119 polemik\u0119 z rodzicami, czasem ju\u017c nawet nie\u017cyj\u0105cymi. Podejmuj\u0105c \u015bwiadomy rozw\u00f3j i prac\u0119 nad sob\u0105, warto mie\u0107 tego \u015bwiadomo\u015b\u0107 i zada\u0107 sobie pytanie, jaki jest obecnie nasz stosunek do rodzic\u00f3w \u2013 niezale\u017cnie od tego, czy jeszcze \u017cyj\u0105, czy ju\u017c odeszli do wieczno\u015bci.<\/p>\n<p style=\"text-align: justify\"><em>Je\u015bli chce si\u0119 sprawdzi\u0107, czy ju\u017c odesz\u0142o si\u0119 ze swojego Nazaretu, to nale\u017cy zatrzyma\u0107 si\u0119 w tym miejscu na chwil\u0119 i pomy\u015ble\u0107 o swoich rodzicach \u2013 o ka\u017cdym osobno \u2013 i okre\u015bli\u0107, co do nich si\u0119 czuje. Je\u015bli jest jeszcze jaki\u015b \u017cal, pretensja, odrzucenie, jaki\u015b rodzaj \u201ewewn\u0119trznej szarpaniny\u201d lub kompletny brak uczu\u0107, to znaczy, \u017ce proces odchodzenia jeszcze si\u0119 nie dokona\u0142.<\/em><\/p>\n<p style=\"text-align: justify\"><em>Kto ju\u017c \u201eodszed\u0142 z Nazaretu\u201d, patrzy ze spokojem na swoich rodzic\u00f3w; jak cz\u0142owiek doros\u0142y niczego ju\u017c od nich nie oczekuje i niczego nie odrzuca: niczego nie udowadnia, o nic ju\u017c nie walczy; nie ucieka przed nimi ani nie jest od nich uzale\u017cniony. To, co czuje do nich w sercu, mo\u017cna okre\u015bli\u0107 jako zrozumienie i serdeczn\u0105 \u017cyczliwo\u015b\u0107. Wygl\u0105da to tak, jakby patrzy\u0142 na ojca i matk\u0119 z perspektywy wieczno\u015bci: jakby wszyscy byli ju\u017c przed Panem. Pojawia si\u0119 wewn\u0119trzne pogodzenie i zrozumienie, \u017ce rodzice byli ogniwem \u0142a\u0144cucha, przez kt\u00f3ry przysz\u0142o \u017cycie. Mo\u017cna ju\u017c na nich patrze\u0107 jak na braci i siostry. Nie jest si\u0119 od nich ani lepszym, ani gorszym. W porz\u0105dku stworzenia wobec Boga jest si\u0119 im r\u00f3wny. Koniec roszcze\u0144, koniec pretensji. Zrozumienie i pogodzenie&#8230; Takie spojrzenie przynosi g\u0142\u0119boki spok\u00f3j i ukojenie, jest znakiem tego, \u017ce odchodzenie od rodzic\u00f3w ju\u017c si\u0119 dokona\u0142o.<\/em><\/p>\n<p style=\"text-align: justify\"><strong>Aby si\u0119 zintegrowa\u0107 wewn\u0119trznie, trzeba si\u0119 najpierw upora\u0107 z \u201euczuciami nazareta\u0144skimi\u201d \u2013 odej\u015b\u0107 od rodzic\u00f3w i \u015bwiata dzieci\u0144stwa<\/strong>. Wielu, cho\u0107 ju\u017c mo\u017ce siwiej\u0105, nie mo\u017ce tego uczyni\u0107, bo wpadli w pu\u0142apki zastawione przez nieprzyjaciela.<\/p>\n<p>&nbsp;<\/p>\n","protected":false},"excerpt":{"rendered":"<p>Czasem uwa\u017ca si\u0119 duchowo\u015b\u0107 nazareta\u0144sk\u0105 za \u017cycie ukryte, prowadzone w prostocie na wz\u00f3r \u015awi\u0119tej Rodziny. Jednak o Nazarecie mo\u017cna tak\u017ce m\u00f3wi\u0107 w kontek\u015bcie trudno\u015bci, jakie napotka\u0142 Jezus w rodzinnym miasteczku. Zbawiciel \u201emia\u0142 k\u0142opoty\u201d z Nazaretem, bowiem nie m\u00f3g\u0142 tam uczyni\u0107 \u017cadnego cudu (zob. Mk 6, 5), a jego bliscy podejrzewali Go o chorob\u0119 psychiczn\u0105 (zob. [&hellip;]<\/p>\n","protected":false},"author":13,"featured_media":0,"parent":2597,"menu_order":52,"comment_status":"closed","ping_status":"closed","template":"","meta":{"footnotes":""},"_links":{"self":[{"href":"https:\/\/bonifratrzy.pl\/klasztor-warszawa-sapiezynska\/wp-json\/wp\/v2\/pages\/3035"}],"collection":[{"href":"https:\/\/bonifratrzy.pl\/klasztor-warszawa-sapiezynska\/wp-json\/wp\/v2\/pages"}],"about":[{"href":"https:\/\/bonifratrzy.pl\/klasztor-warszawa-sapiezynska\/wp-json\/wp\/v2\/types\/page"}],"author":[{"embeddable":true,"href":"https:\/\/bonifratrzy.pl\/klasztor-warszawa-sapiezynska\/wp-json\/wp\/v2\/users\/13"}],"replies":[{"embeddable":true,"href":"https:\/\/bonifratrzy.pl\/klasztor-warszawa-sapiezynska\/wp-json\/wp\/v2\/comments?post=3035"}],"version-history":[{"count":2,"href":"https:\/\/bonifratrzy.pl\/klasztor-warszawa-sapiezynska\/wp-json\/wp\/v2\/pages\/3035\/revisions"}],"predecessor-version":[{"id":3763,"href":"https:\/\/bonifratrzy.pl\/klasztor-warszawa-sapiezynska\/wp-json\/wp\/v2\/pages\/3035\/revisions\/3763"}],"up":[{"embeddable":true,"href":"https:\/\/bonifratrzy.pl\/klasztor-warszawa-sapiezynska\/wp-json\/wp\/v2\/pages\/2597"}],"wp:attachment":[{"href":"https:\/\/bonifratrzy.pl\/klasztor-warszawa-sapiezynska\/wp-json\/wp\/v2\/media?parent=3035"}],"curies":[{"name":"wp","href":"https:\/\/api.w.org\/{rel}","templated":true}]}}