{"id":270,"date":"2019-03-27T10:45:58","date_gmt":"2019-03-27T09:45:58","guid":{"rendered":"https:\/\/bonifratrzy.pl\/klasztor-prudnik\/?page_id=270"},"modified":"2026-02-26T11:11:55","modified_gmt":"2026-02-26T10:11:55","slug":"zapytania-ofertowe","status":"publish","type":"page","link":"https:\/\/bonifratrzy.pl\/klasztor-prudnik\/zapytania-ofertowe\/","title":{"rendered":"Zapytania ofertowe"},"content":{"rendered":"\n<p><strong>Zapytanie ofertowe na \u015bwiadczenie us\u0142ug Inwestora Zast\u0119pczego dla zadania pn.: \u201eTermomodernizacja obiekt\u00f3w Konwentu OO. Bonifratr\u00f3w pw. \u015bw. Piotra i Paw\u0142a przy ul. Piastowskiej 8 w Prudniku realizowanego przez Zamawiaj\u0105cego w ramach umowy z Narodowym Funduszem Ochrony \u015arodowiska i Gospodarki Wodnej (zwanym dalej: NFO\u015aiGW) na dofinansowanie projektu ze \u015brodk\u00f3w programu priorytetowego nr 3.4.1 \u201eBudownictwo Energooszcz\u0119dne Cz\u0119\u015b\u0107 1) Zmniejszenie zu\u017cycia energii w budownictwie\u201d.<\/strong><\/p>\n\n\n\n<ul>\n<li><strong><a href=\"https:\/\/bonifratrzy.pl\/klasztor-prudnik\/wp-content\/uploads\/sites\/15\/2026\/02\/Zapytanie-ofertowe-PDF-13.02.2026.pdf\" data-type=\"link\" data-id=\"https:\/\/bonifratrzy.pl\/klasztor-prudnik\/wp-content\/uploads\/sites\/15\/2026\/02\/Zapytanie-ofertowe-PDF-13.02.2026.pdf\" target=\"_blank\" rel=\"noreferrer noopener\">ZAPYTANIE OFERTOWE<\/a><\/strong><\/li>\n\n\n\n<li><strong><a href=\"https:\/\/bonifratrzy.pl\/klasztor-prudnik\/wp-content\/uploads\/sites\/15\/2026\/02\/Zal.-Nr-1-Formularz-Oferty-13.02.2026.doc\">Za\u0142\u0105cznik Nr 1 \u2013 Formularz Oferty<\/a><\/strong><\/li>\n\n\n\n<li><strong><a href=\"https:\/\/bonifratrzy.pl\/klasztor-prudnik\/wp-content\/uploads\/sites\/15\/2026\/02\/Zal.-Nr-2-Opis-Przedmiotu-Zamowienia.docx\">Za\u0142\u0105cznik Nr 2 \u2013 Opis przedmiotu Zam\u00f3wienia<\/a><\/strong><\/li>\n\n\n\n<li><strong><a href=\"https:\/\/bonifratrzy.pl\/klasztor-prudnik\/wp-content\/uploads\/sites\/15\/2026\/02\/Zal.-Nr-3-Oswiadczenie-Wykonawcy-o-Spelnieniu-Warunkow-Udzialu-w-postepowaniu-13.02.2026.doc\">Za\u0142\u0105cznik Nr 3 &nbsp;&#8211; O\u015bwiadczenie wykonawcy o spe\u0142nianiu warunk\u00f3w udzia\u0142u w post\u0119powaniu<\/a><\/strong><\/li>\n\n\n\n<li><strong><a href=\"https:\/\/bonifratrzy.pl\/klasztor-prudnik\/wp-content\/uploads\/sites\/15\/2026\/02\/Zal.-Nr-4-Projekt-umowy.doc\" data-type=\"link\" data-id=\"https:\/\/bonifratrzy.pl\/klasztor-prudnik\/wp-content\/uploads\/sites\/15\/2026\/02\/Zal.-Nr-4-Projekt-umowy.doc\">Za\u0142\u0105cznik Nr 4 \u2013 Umowa<\/a><\/strong><\/li>\n\n\n\n<li style=\"text-transform:uppercase\"><strong><a href=\"https:\/\/bonifratrzy.pl\/klasztor-prudnik\/wp-content\/uploads\/sites\/15\/2026\/02\/Infotmacja-o-Wyborze-Wykonawcy-26.02.2026.pdf\" target=\"_blank\" rel=\"noreferrer noopener\">Informacja o wyborze wykonawcy<\/a><\/strong><\/li>\n<\/ul>\n\n\n\n<div style=\"height:50px\" aria-hidden=\"true\" class=\"wp-block-spacer\"><\/div>\n\n\n\n<hr class=\"wp-block-separator has-alpha-channel-opacity\"\/>\n\n\n\n<div style=\"height:50px\" aria-hidden=\"true\" class=\"wp-block-spacer\"><\/div>\n\n\n<h2><strong>ZAPROSZENIE DO Z\u0141O\u017bENIA OFERTY CENOWEJ &#8211; d<\/strong><strong>la zadania pn. \u201e<\/strong><strong>Dostawa fabrycznie nowego pojazdu &#8211; samochodu 9-cio miejscowego do przewozu os\u00f3b niepe\u0142nosprawnych i na w\u00f3zkach inwalidzkich dla Konwentu OO. Bonifratr\u00f3w\u201d<\/strong><\/h2>\n<p><em>Do niniejszego zam\u00f3wienie nie maj\u0105 zastosowania przepisy ustawy z dnia 11 wrze\u015bnia 2019 r. Prawo zam\u00f3wie\u0144 publicznych (Dz.U. z 2023 r., poz. 1605 t.j. ze zm.) <\/em><\/p>\n<p><strong>Zamawiaj\u0105cy:<\/strong><\/p>\n<p>Konwent OO. Bonifratr\u00f3w<br \/>ul. Piastowska 8, 48-200 Prudnik<br \/>REGON 530981499, NIP 7551715916<br \/>tel.\/fax 077 4362605<br \/>e-mail: &#x73;&#x65;&#x6b;&#x72;&#x65;&#x74;&#x61;&#x72;&#x69;&#x61;&#x74;&#x70;&#x72;&#x75;&#100;&#110;&#105;&#107;&#64;&#98;&#111;&#110;&#105;&#102;&#114;atrzy&#46;pl<\/p>\n<p><strong>Przedmiot zam\u00f3wienia:\u00a0<\/strong>Przedmiotem zam\u00f3wienia jest dostawa fabrycznie nowego pojazdu &#8211; samochodu 9-cio miejscowego, przystosowanego do przewozu os\u00f3b niepe\u0142nosprawnych i na w\u00f3zkach inwalidzkich dla konwentu OO. Bonifratr\u00f3w w Prudniku \u00a0w ramach \u201eProgramu Wyr\u00f3wnywania R\u00f3\u017cnic Mi\u0119dzy Regionami III\u201d dofinansowanego ze \u015brodk\u00f3w PFRON.<\/p>\n<h3><a href=\"https:\/\/bonifratrzy.pl\/klasztor-prudnik\/wp-content\/uploads\/sites\/15\/2024\/03\/Zaproszenie-do-zlozenia-oferty-Bus.pdf\" target=\"_blank\" rel=\"noopener\"><strong>Za\u0142\u0105cznik &#8211; zaproszenie do z\u0142o\u017cenia oferty Nr 1\/2024<\/strong><\/a><\/h3>\n<h3><a href=\"https:\/\/bonifratrzy.pl\/klasztor-prudnik\/wp-content\/uploads\/sites\/15\/2024\/03\/Protokol-z-Otwarcia-Ofert.pdf\" target=\"_blank\" rel=\"noopener\">Protok\u00f3\u0142 z otwarcia ofert<\/a><\/h3>\n<\/p>\n<hr \/>\n<h2 style=\"text-align: left;\" align=\"CENTER\"><strong>ZAPROSZENIE DO Z\u0141O\u017bENIA OFERTY CENOWEJ &#8211; dla zadania pn. \u201eDostawa fabrycznie nowego pojazdu &#8211; samochodu 9-cio miejscowego do przewozu os\u00f3b niepe\u0142nosprawnych i na w\u00f3zkach inwalidzkich dla Konwentu OO. Bonifratr\u00f3w\u201d.<\/strong><\/h2>\n<p><strong>Zamawiaj\u0105cy:<br \/><\/strong>Konwent OO. Bonifratr\u00f3w<br \/>ul. Piastowska 8, 48-200 Prudnik<br \/>REGON 530981499, NIP 7551715916<br \/>tel.\/fax 077 4362605<br \/>e-mail: s&#101;&#107;&#x72;&#x65;&#x74;&#x61;r&#105;&#97;&#116;&#x70;&#x72;&#x75;dn&#105;&#107;&#x40;&#x62;&#x6f;ni&#102;&#114;&#x61;&#x74;&#x72;zy&#46;&#112;&#x6c;<\/p>\n<p><strong>Przedmiot zam\u00f3wienia: <\/strong>Przedmiotem zam\u00f3wienia jest dostawa fabrycznie nowego pojazdu &#8211; samochodu 9-cio miejscowego, przystosowanego do przewozu os\u00f3b niepe\u0142nosprawnych i na w\u00f3zkach inwalidzkich dla konwentu OO. Bonifratr\u00f3w w Prudniku \u00a0w ramach \u201eProgramu Wyr\u00f3wnywania R\u00f3\u017cnic Mi\u0119dzy Regionami III\u201d dofinansowanego ze \u015brodk\u00f3w PFRON.<\/p>\n<h3><a href=\"https:\/\/bonifratrzy.pl\/klasztor-prudnik\/wp-content\/uploads\/sites\/15\/2023\/11\/zaproszenie-do-zlozenia-oferty-Nr-1-2023.pdf\"><strong>Za\u0142\u0105cznik &#8211; zaproszenie do z\u0142o\u017cenia oferty Nr 1\/2023<\/strong><\/a><\/h3>\n<\/p>\n<hr \/>\n<p align=\"CENTER\"><strong>PROTOK\u00d3\u0141 Z OTWARCIA OFERT<\/strong><\/p>\n<p align=\"CENTER\"><a href=\"https:\/\/bonifratrzy.pl\/klasztor-prudnik\/wp-content\/uploads\/sites\/15\/2020\/11\/Protok\u00f3\u0142-z-otwarcia-ofert.pdf\">Protok\u00f3\u0142 z Otwarcia Ofert<\/a><\/p>\n<p align=\"CENTER\">&#8212;&#8212;&#8212;&#8212;&#8212;&#8212;&#8212;&#8212;&#8212;&#8212;&#8212;&#8212;&#8212;&#8212;&#8212;&#8212;&#8212;&#8212;&#8212;&#8212;&#8212;&#8212;&#8212;&#8212;&#8212;&#8212;&#8212;&#8212;&#8212;&#8212;&#8212;&#8212;&#8212;&#8212;&#8212;&#8212;&#8212;&#8212;&#8212;&#8212;&#8212;&#8212;&#8212;&#8212;&#8212;&#8212;&#8212;&#8212;&#8212;&#8212;&#8212;&#8212;&#8212;<\/p>\n<p align=\"CENTER\"><span style=\"color: #00000a;\"><span style=\"font-family: Times New Roman, serif;\"><span style=\"font-size: medium;\"><b>ZAPROSZENIE DO Z\u0141O\u017bENIA OFERTY<\/b><\/span><\/span><\/span><\/p>\n<p align=\"JUSTIFY\"><span style=\"font-family: Times New Roman, serif;\"><span style=\"font-size: medium;\"><span style=\"color: #00000a;\">Konwent OO. Bonifratr\u00f3w z siedzib\u0105 w Prudniku, 48-200 Prudnik, ul. Piastowska 8\u00a0 <\/span><span style=\"color: #00000a;\">zaprasza do z\u0142o\u017cenia oferty na zam\u00f3wienie:<\/span><\/span><\/span><\/p>\n<p align=\"JUSTIFY\"><span style=\"color: #00000a;\"><span style=\"font-family: Times New Roman, serif;\"><span style=\"font-size: medium;\">Utworzenie Warsztatu Terapii Zaj\u0119ciowej przez Konwent OO. Bonifratr\u00f3w ul. Piastowska 8, 48-200 Prudnik<\/span><\/span><\/span><\/p>\n<p align=\"JUSTIFY\"><span style=\"font-family: Times New Roman, serif;\"><span style=\"font-size: medium;\"><span style=\"color: #00000a;\">Przedmiotem zam\u00f3wienia jest <\/span><span style=\"color: #00000a;\">Przebudowa parteru budynku by\u0142ego oddzia\u0142u ginekologii z przeznaczeniem na Warsztat Terapii Zaj\u0119ciowej przy Konwencie OO. Bonifratr\u00f3w w Prudniku, ul. Piastowska 8<\/span><\/span><\/span><\/p>\n<p><span style=\"color: #00000a;\"><span style=\"font-family: Times New Roman, serif;\"><span style=\"font-size: medium;\">Szczeg\u00f3\u0142owy zakres prac oraz dokumentacja techniczna <\/span><\/span><\/span>dost\u0119pne s\u0105 w poni\u017cszych za\u0142\u0105cznikach:<\/p>\n<p><a href=\"https:\/\/bonifratrzy.pl\/klasztor-prudnik\/wp-content\/uploads\/sites\/15\/2020\/10\/Zaproszenie-do-sk\u0142adania-ofert.pdf\" target=\"\" rel=\"noopener noreferrer\">Zaproszenie do sk\u0142adania ofert<\/a><\/p>\n<p><a href=\"https:\/\/bonifratrzy.pl\/klasztor-prudnik\/wp-content\/uploads\/sites\/15\/2020\/10\/1.-Projekt-budowlany-opis.pdf\" target=\"\" rel=\"noopener noreferrer\">1. Projekt Budowlany Opis<\/a><\/p>\n<p><a href=\"https:\/\/bonifratrzy.pl\/klasztor-prudnik\/wp-content\/uploads\/sites\/15\/2020\/10\/2.-Rzut-piwnic.pdf\" target=\"\" rel=\"noopener noreferrer\">2. Rzut Piwnic<\/a><\/p>\n<p><a href=\"https:\/\/bonifratrzy.pl\/klasztor-prudnik\/wp-content\/uploads\/sites\/15\/2020\/10\/3.-Rzut-parteru.pdf\" target=\"\" rel=\"noopener noreferrer\">3. Rzut Parteru<\/a><\/p>\n<p><a href=\"https:\/\/bonifratrzy.pl\/klasztor-prudnik\/wp-content\/uploads\/sites\/15\/2020\/10\/4.-Rzut-pi\u0119tra.pdf\" target=\"\" rel=\"noopener noreferrer\">4. Rzut Pi\u0119tra<\/a><\/p>\n<p><a href=\"https:\/\/bonifratrzy.pl\/klasztor-prudnik\/wp-content\/uploads\/sites\/15\/2020\/10\/5.-Rzut-poddasza.pdf\" target=\"\" rel=\"noopener noreferrer\">5. Rzut Poddasza<\/a><\/p>\n<p><a href=\"https:\/\/bonifratrzy.pl\/klasztor-prudnik\/wp-content\/uploads\/sites\/15\/2020\/10\/06.-Rzut-dachu.pdf\" target=\"\" rel=\"noopener noreferrer\">6. Rzut Dachu<\/a><\/p>\n<p><a href=\"https:\/\/bonifratrzy.pl\/klasztor-prudnik\/wp-content\/uploads\/sites\/15\/2020\/10\/7.-Przekr\u00f3j-AA.pdf\" target=\"\" rel=\"noopener noreferrer\">7. Przekr\u00f3j AA<\/a><\/p>\n<p><a href=\"https:\/\/bonifratrzy.pl\/klasztor-prudnik\/wp-content\/uploads\/sites\/15\/2020\/10\/8.-Przekr\u00f3j-B-B.pdf\" target=\"\" rel=\"noopener noreferrer\">8. Przekr\u00f3j B B<\/a><\/p>\n<p><a href=\"https:\/\/bonifratrzy.pl\/klasztor-prudnik\/wp-content\/uploads\/sites\/15\/2020\/10\/9.-Elewacja-wschodnia.pdf\" target=\"\" rel=\"noopener noreferrer\">9. Elewacja Wschodnia<\/a><\/p>\n<p><a href=\"https:\/\/bonifratrzy.pl\/klasztor-prudnik\/wp-content\/uploads\/sites\/15\/2020\/10\/10.-Elewacja-zachodnia.pdf\" target=\"\" rel=\"noopener noreferrer\">10. Elewacja Zachodnia<\/a><\/p>\n<p><a href=\"https:\/\/bonifratrzy.pl\/klasztor-prudnik\/wp-content\/uploads\/sites\/15\/2020\/10\/11.-Elewacja-p\u00f3\u0142nocna.pdf\" target=\"\" rel=\"noopener noreferrer\">11. Elewacja P\u00f3\u0142nocna<\/a><\/p>\n<p><a href=\"https:\/\/bonifratrzy.pl\/klasztor-prudnik\/wp-content\/uploads\/sites\/15\/2020\/10\/12.-Widoki-perspektywiczne.pdf\" target=\"\" rel=\"noopener noreferrer\">12. Widoki Perspektywiczne<\/a><\/p>\n<p><a href=\"https:\/\/bonifratrzy.pl\/klasztor-prudnik\/wp-content\/uploads\/sites\/15\/2020\/10\/13.-Instalacja-gniazd-wtykowych-piwnice.pdf\" target=\"\" rel=\"noopener noreferrer\">13. Instalacja Gniazd Wtykowych Piwnice<\/a><\/p>\n<p><a href=\"https:\/\/bonifratrzy.pl\/klasztor-prudnik\/wp-content\/uploads\/sites\/15\/2020\/10\/14.-Instalacja-gniazd-wtykowych-parter.pdf\" target=\"\" rel=\"noopener noreferrer\">14. Instalacja Gniazd Wtykowych Parter<\/a><\/p>\n<p><a href=\"https:\/\/bonifratrzy.pl\/klasztor-prudnik\/wp-content\/uploads\/sites\/15\/2020\/10\/15.-Instalacja-gniazd-wtykowych-pi\u0119tro.pdf\" target=\"\" rel=\"noopener noreferrer\">15. Instalacja Gniazd Wtykowych Pi\u0119tro<\/a><\/p>\n<p><a href=\"https:\/\/bonifratrzy.pl\/klasztor-prudnik\/wp-content\/uploads\/sites\/15\/2020\/10\/16.-Instalacja-gniazd-wtykowych-poddasze.pdf\" target=\"\" rel=\"noopener noreferrer\">16. Instalacja Gniazd Wtykowych Poddasze<\/a><\/p>\n<p><a href=\"https:\/\/bonifratrzy.pl\/klasztor-prudnik\/wp-content\/uploads\/sites\/15\/2020\/10\/17.-Instalacja-oddymiania.pdf\" target=\"\" rel=\"noopener noreferrer\">17. Instalacja Oddymiania<\/a><\/p>\n<p><a href=\"https:\/\/bonifratrzy.pl\/klasztor-prudnik\/wp-content\/uploads\/sites\/15\/2020\/10\/18.-Wentylacja-mechaniczna-piwnica.pdf\" target=\"\" rel=\"noopener noreferrer\">18. Wentylacja Mechaniczna Piwnica<\/a><\/p>\n<p><a href=\"https:\/\/bonifratrzy.pl\/klasztor-prudnik\/wp-content\/uploads\/sites\/15\/2020\/10\/19.-Wentylacja-mechaniczna-parter.pdf\" target=\"\" rel=\"noopener noreferrer\">19. Wentylacja Mechaniczna Parter<\/a><\/p>\n<p><a href=\"https:\/\/bonifratrzy.pl\/klasztor-prudnik\/wp-content\/uploads\/sites\/15\/2020\/10\/21.-Wentylacja-mechaniczna-pi\u0119tro.pdf\" target=\"\" rel=\"noopener noreferrer\">20. Wentylacja Mechaniczna Pi\u0119tro<\/a><\/p>\n<p><a href=\"https:\/\/bonifratrzy.pl\/klasztor-prudnik\/wp-content\/uploads\/sites\/15\/2020\/10\/22.-Wentylacja-mechaniczna-poddasze.pdf\" target=\"\" rel=\"noopener noreferrer\">21. Wentylacja Mechaniczna Poddasze<\/a><\/p>\n<p><a href=\"https:\/\/bonifratrzy.pl\/klasztor-prudnik\/wp-content\/uploads\/sites\/15\/2020\/10\/23.-Inst.-sanitarne-kanalizacja-piwnica.pdf\" target=\"\" rel=\"noopener noreferrer\">22. Inst. Sanitarne Kanalizacja Piwnica<\/a><\/p>\n<p><a href=\"https:\/\/bonifratrzy.pl\/klasztor-prudnik\/wp-content\/uploads\/sites\/15\/2020\/10\/24.-Inst.-sanitarne-kanalizacja-parter.pdf\" target=\"\" rel=\"noopener noreferrer\">23. Inst. Sanitarne Kanalizacja Parter<\/a><\/p>\n<p><a href=\"https:\/\/bonifratrzy.pl\/klasztor-prudnik\/wp-content\/uploads\/sites\/15\/2020\/10\/25.-Inst.-sanitarne-kanalizacja-pi\u0119tro.pdf\" target=\"\" rel=\"noopener noreferrer\">24. Inst. Sanitarne Kanalizacja Pi\u0119tro<\/a><\/p>\n<p><a href=\"https:\/\/bonifratrzy.pl\/klasztor-prudnik\/wp-content\/uploads\/sites\/15\/2020\/10\/26.-Inst.-sanitarne-kanalizacja-poddasze.pdf\" target=\"\" rel=\"noopener noreferrer\">25. Inst. Sanitarne Kanalizacja Poddasze<\/a><\/p>\n<p><a href=\"https:\/\/bonifratrzy.pl\/klasztor-prudnik\/wp-content\/uploads\/sites\/15\/2020\/10\/27.-Inst.-sanitarne-woda-C.U.W-piwnica.pdf\" target=\"\" rel=\"noopener noreferrer\">26. Inst. Sanitarne Woda C.U.W Piwnica<\/a><\/p>\n<p><a href=\"https:\/\/bonifratrzy.pl\/klasztor-prudnik\/wp-content\/uploads\/sites\/15\/2020\/10\/28.-Inst.-sanitarne-woda-C.U.W-parter.pdf\" target=\"\" rel=\"noopener noreferrer\">27. Inst. Sanitarne Woda C.U.W Parter<\/a><\/p>\n<p><a href=\"https:\/\/bonifratrzy.pl\/klasztor-prudnik\/wp-content\/uploads\/sites\/15\/2020\/10\/29.-Inst.-sanitarne-woda-C.U.W-pi\u0119tro.pdf\" target=\"\" rel=\"noopener noreferrer\">28. Inst. Sanitarne Woda C.U.W Pi\u0119tro<\/a><\/p>\n<p><a href=\"https:\/\/bonifratrzy.pl\/klasztor-prudnik\/wp-content\/uploads\/sites\/15\/2020\/10\/30.-Inst.-sanitarne-woda-C.U.W-poddasze.pdf\" target=\"\" rel=\"noopener noreferrer\">29. Inst. Sanitarne Woda C.U.W Poddasze<\/a><\/p>\n<p><a href=\"https:\/\/bonifratrzy.pl\/klasztor-prudnik\/wp-content\/uploads\/sites\/15\/2020\/10\/31.-Inst.-sanitarne-centrlane-ogrzewanie-parter.pdf\" target=\"\" rel=\"noopener noreferrer\">30. Inst. Sanitarne Centrlane Ogrzewanie Parter<\/a><\/p>\n<p><a href=\"https:\/\/bonifratrzy.pl\/klasztor-prudnik\/wp-content\/uploads\/sites\/15\/2020\/10\/31.-Inst.-sanitarne-centrlane-ogrzewanie-piwnica.pdf\" target=\"\" rel=\"noopener noreferrer\">31. Inst. Sanitarne Centrlane Ogrzewanie Piwnica<\/a><\/p>\n<p><a href=\"https:\/\/bonifratrzy.pl\/klasztor-prudnik\/wp-content\/uploads\/sites\/15\/2020\/10\/32.-Inst.-sanitarne-centrlane-ogrzewanie-pi\u0119tro.pdf\" target=\"\" rel=\"noopener noreferrer\">32. Inst. Sanitarne Centrlane Ogrzewanie Pi\u0119tro<\/a><\/p>\n<p><a href=\"https:\/\/bonifratrzy.pl\/klasztor-prudnik\/wp-content\/uploads\/sites\/15\/2020\/10\/33.-Inst.-sanitarne-centrlane-ogrzewanie-poddasze.pdf\" target=\"\" rel=\"noopener noreferrer\">33. Inst. Sanitarne Centrlane Ogrzewanie Poddasze<\/a><\/p>\n<\/p>\n<\/p>\n<\/p>","protected":false},"excerpt":{"rendered":"<p>Zapytanie ofertowe na \u015bwiadczenie us\u0142ug Inwestora Zast\u0119pczego dla zadania pn.: \u201eTermomodernizacja obiekt\u00f3w Konwentu OO. Bonifratr\u00f3w pw. \u015bw. Piotra i Paw\u0142a przy ul. Piastowskiej 8 w Prudniku realizowanego przez Zamawiaj\u0105cego w ramach umowy z Narodowym Funduszem Ochrony \u015arodowiska i Gospodarki Wodnej (zwanym dalej: NFO\u015aiGW) na dofinansowanie projektu ze \u015brodk\u00f3w programu priorytetowego nr 3.4.1 \u201eBudownictwo Energooszcz\u0119dne Cz\u0119\u015b\u0107 [&hellip;]<\/p>\n","protected":false},"author":61,"featured_media":0,"parent":0,"menu_order":0,"comment_status":"closed","ping_status":"closed","template":"","meta":{"footnotes":""},"_links":{"self":[{"href":"https:\/\/bonifratrzy.pl\/klasztor-prudnik\/wp-json\/wp\/v2\/pages\/270"}],"collection":[{"href":"https:\/\/bonifratrzy.pl\/klasztor-prudnik\/wp-json\/wp\/v2\/pages"}],"about":[{"href":"https:\/\/bonifratrzy.pl\/klasztor-prudnik\/wp-json\/wp\/v2\/types\/page"}],"author":[{"embeddable":true,"href":"https:\/\/bonifratrzy.pl\/klasztor-prudnik\/wp-json\/wp\/v2\/users\/61"}],"replies":[{"embeddable":true,"href":"https:\/\/bonifratrzy.pl\/klasztor-prudnik\/wp-json\/wp\/v2\/comments?post=270"}],"version-history":[{"count":23,"href":"https:\/\/bonifratrzy.pl\/klasztor-prudnik\/wp-json\/wp\/v2\/pages\/270\/revisions"}],"predecessor-version":[{"id":4150,"href":"https:\/\/bonifratrzy.pl\/klasztor-prudnik\/wp-json\/wp\/v2\/pages\/270\/revisions\/4150"}],"wp:attachment":[{"href":"https:\/\/bonifratrzy.pl\/klasztor-prudnik\/wp-json\/wp\/v2\/media?parent=270"}],"curies":[{"name":"wp","href":"https:\/\/api.w.org\/{rel}","templated":true}]}}