{"id":244,"date":"2019-03-27T10:39:58","date_gmt":"2019-03-27T09:39:58","guid":{"rendered":"https:\/\/bonifratrzy.pl\/klasztor-prudnik\/?page_id=244"},"modified":"2020-04-10T19:39:16","modified_gmt":"2020-04-10T17:39:16","slug":"historia","status":"publish","type":"page","link":"https:\/\/bonifratrzy.pl\/klasztor-prudnik\/klasztor\/historia\/","title":{"rendered":"Historia"},"content":{"rendered":"<p><strong><img loading=\"lazy\" decoding=\"async\" class=\"alignnone wp-image-727\" src=\"https:\/\/bonifratrzy.pl\/klasztor-prudnik\/wp-content\/uploads\/sites\/15\/2019\/04\/DSC_4126k-300x230.jpg\" alt=\"\" width=\"431\" height=\"331\" srcset=\"https:\/\/bonifratrzy.pl\/klasztor-prudnik\/wp-content\/uploads\/sites\/15\/2019\/04\/DSC_4126k-300x230.jpg 300w, https:\/\/bonifratrzy.pl\/klasztor-prudnik\/wp-content\/uploads\/sites\/15\/2019\/04\/DSC_4126k-768x590.jpg 768w, https:\/\/bonifratrzy.pl\/klasztor-prudnik\/wp-content\/uploads\/sites\/15\/2019\/04\/DSC_4126k.jpg 1000w\" sizes=\"(max-width: 431px) 100vw, 431px\" \/><\/strong><\/p>\n<p><strong>Historia klasztoru<\/strong><\/p>\n<p>&nbsp;<\/p>\n<p>Klasztor bonifratr\u00f3w w Prudniku powsta\u0142 w roku 1764 &#8211; jako trzeci dom zakonu na \u015al\u0105sku &#8211; ale historia jego powstania zaczyna si\u0119 wiele lat wcze\u015bniej i wi\u0105\u017ce si\u0119 z chorob\u0105 hrabiego Rudolfa von Matuschki.<br \/>\nTen\u017ce hrabia, z\u0142o\u017cony chorob\u0105, poprosi\u0142 wroc\u0142awskiego bonifratra brata Probusa Martiniego, by uda\u0142 si\u0119 z nim do jego zamku w Bia\u0142ej Prudnickiej i tam sprawowa\u0142 nad nim opiek\u0119. Przebywaj\u0105c w dobrach von Matuschki brat Probus Martini nie tylko czuwa\u0142 nad stanem zdrowia hrabiego lecz r\u00f3wnie\u017c pomaga\u0142 chorym i potrzebuj\u0105cym w najbli\u017cszej okolicy, zyskuj\u0105c s\u0142aw\u0119 \u015bwietnego lekarza i chirurga.<br \/>\nWe wrze\u015bniu 1763 roku brat Probus Martini podj\u0105\u0142 si\u0119 operacji ramienia pu\u0142kownika Friedricha Wilhelma von R\u00f6dera, ranionego kartaczem\u00a0w bitwie pod Freibergiem w 1762 roku. Wcze\u015bniejsze starania medyk\u00f3w, jak i leczenie l\u0105deckimi wodami nie przynios\u0142y uzdrowienia Pu\u0142kownikowi. Dopiero operacja przeprowadzona przez brata Martiniego okaza\u0142a si\u0119 sukcesem i pu\u0142kownik powr\u00f3ci\u0142 do pe\u0142ni zdrowia. Dzi\u0119ki temu, bonifratrzy zyskali wp\u0142ywowego stronnika i przede wszystkim hojnego mecenasa.<br \/>\nW dow\u00f3d wdzi\u0119czno\u015bci pu\u0142kownik von R\u00f6der podj\u0105\u0142 starania, by sprowadzi\u0107 bonifratr\u00f3w do Prudnika i w tym celu podj\u0105\u0142 korespondencj\u0119 z ministrem do spraw Prowincji \u015al\u0105skiej Ernestem Wilhelmem von Schlabrendorfem w sprawie fundacji klasztoru i szpitala. Idea zosta\u0142a zaaprobowana zar\u00f3wno przez organy administracji pa\u0144stwowej, jak i prowincja\u0142a bonifratr\u00f3w Ferdynanda Schustera. R\u00f3wnie\u017c, 15 marca 1764 roku, wystawiaj\u0105c \u015bwiadectwo fundacyjne, zgod\u0119 wyrazi\u0142 kr\u00f3l pruski Fryderyk II Wielki.<br \/>\n12 kwietnia 1764 roku brat Probus Martini zakupi\u0142 za 1650 floren\u00f3w dom z ogrodem przy Bramie Nyskiej w Prudniku. Wkr\u00f3tce do brata Martina do\u0142\u0105czy\u0142o dw\u00f3ch braci, kt\u00f3rzy rozpocz\u0119li intensywne prace, by zakupione obiekty dostosowa\u0107 do funkcji klasztoru i szpitala.<br \/>\n2 stycznia 1766 roku bonifratrzy oficjalnie zamieszkali w nowym klasztorze, za\u015b w kilka miesi\u0119cy p\u00f3\u017aniej, 8 maja, przyj\u0119li do szpitala pierwszego pacjenta.<br \/>\nPocz\u0105tkowo szpital by\u0142 niewielki, liczy\u0142 jedynie osiem \u0142\u00f3\u017cek. Bracia od samego pocz\u0105tku planowali jednak budow\u0119 budynku klasztorno-szpitalnego z prawdziwego zdarzenia. Rozpocz\u0119li gromadzenie funduszy i materia\u0142\u00f3w koniecznych do rozpocz\u0119cia budowy.<br \/>\nW 1779 roku klasztor odegra\u0142 chwalebn\u0105 rol\u0119 podczas obl\u0119\u017cenia Prudnika przez wojska cesarskie. Bracia przyj\u0119li do siebie znaczn\u0105 liczb\u0119 pogorzelc\u00f3w z cz\u0119\u015bciowo spalonego miasta, dodatkowo po\u017cyczyli mieszczanom 40 tysi\u0119cy cegie\u0142 na odbudow\u0119 miasta.<br \/>\nObl\u0119\u017cenie Prudnika odwlek\u0142o w czasie moment rozpocz\u0119cia budowy nowego obiektu szpitalno-klasztornego. Rozpocz\u0119to j\u0105 dopiero w 1783 roku &#8211; wed\u0142ug plan\u00f3w nyskiego budowniczego Michaela Klemensa, za\u015b ca\u0142o\u015b\u0107 uko\u0144czono w trzy lata p\u00f3\u017aniej w 1786 roku.<\/p>\n<p>W roku 1785\u00a0 rozpocz\u0119to budow\u0119 ko\u015bcio\u0142a klasztornego, kt\u00f3ry uko\u0144czono w 1787 roku i w \u015bwi\u0119to patron\u00f3w konwentu \u015bwi\u0119tych Aposto\u0142\u00f3w Piotra i Paw\u0142a po\u015bwi\u0119cenia dokona\u0142 kanonik nyski Ferdinand von Schubert. Po tym wydarzeniu rozpocz\u0119\u0142a si\u0119 ponad dwudziestolenia spokojna egzystencja domu po\u015bwi\u0119cona pracy przy \u0142\u00f3\u017ckach chorych i potrzebuj\u0105cych.<br \/>\nTen spokojny okres zosta\u0142 przerwany jesieni\u0105 1810 roku. W pa\u017adzierniku tego w\u0142a\u015bnie roku kr\u00f3l Fryderyk Wilhekm II wyda\u0142 dekret kasacyjny zakony pruskie. Bracia uwa\u017cali, \u017ce ze wzgl\u0119du na swoj\u0105 s\u0142u\u017cb\u0119 przy chorych, b\u0119d\u0105 ocaleni.<br \/>\nSta\u0142o si\u0119 jednak inaczej, 26 listopada 1810 roku do klasztoru wkroczy\u0142a komisja sekularyzacyjna, kt\u00f3ra przej\u0119\u0142a ca\u0142y maj\u0105tek na rzecz pa\u0144stwa, za\u015b cz\u0119\u015b\u0107 braci mianowa\u0142a \u015bwieckimi urz\u0119dnikami owym maj\u0105tkiem zarz\u0105dzaj\u0105cymi.<br \/>\nNa szcz\u0119\u015bcie, po trzech tygodniach okaza\u0142o si\u0119, \u017ce interpretacja edyktu przez urz\u0119dnik\u00f3w by\u0142a odmienna od intencji kr\u00f3la. Proces kasacyjny zosta\u0142 wi\u0119c na wyra\u017ane \u017cyczenie monarchy wstrzymany, a klasztor przywr\u00f3cono braciom, kt\u00f3rzy jedynie obci\u0105\u017ceni zostali kosztami post\u0119powania sekularyzacyjnego.<br \/>\nNast\u0105pi\u0142y teraz lata codziennej spokojnej pracy zakonnik\u00f3w i wype\u0142nianie przez nich charyzmatu szpitalnictwa.<br \/>\nA sam Prudnik zmienia\u0142 si\u0119, wkracza\u0142 w okres intensywnej industrializacji i rozwoju. W drugiej po\u0142owie XIX stulecia okaza\u0142o si\u0119, \u017ce dotychczasowa wielko\u015b\u0107 szpitala nie wystarcza do zaspokojenia potrzeb pacjent\u00f3w. Podj\u0119to decyzj\u0119 o rozbudowie, nie tylko samego szpitala, ale r\u00f3wnie\u017c obiekt\u00f3w mu towarzysz\u0105cych. Powsta\u0142 budynek pralni, nowe budynki gospodarcze, a w ostatnich latach XIX wieku powsta\u0142 nowoczesny budynek szpitalny.<br \/>\nRozw\u00f3j szpitala wci\u0105\u017c jednak nie nad\u0105\u017ca\u0142 za szybkim wzrostem ludno\u015bci Prudnika i okolic. Dopiero ostatnia rozbudowa z czas\u00f3w I wojny \u015bwiatowej pozwoli\u0142a w pe\u0142ni zaspokoi\u0107 lokalne potrzeby.<br \/>\nW zwi\u0105zku z rozwojem medycyny, na prze\u0142omie XIX i XX wieku zmienia\u0142o si\u0119 r\u00f3wnie\u017c podej\u015bcie do pacjenta. Zacz\u0119to wykonywa\u0107 znacznie wi\u0119ksze ilo\u015bci zabieg\u00f3w chirurgicznych, stosowano nowo\u015bci z zakresu farmacji i piel\u0119gniarstwa. Wszystko to przek\u0142ada\u0142o si\u0119 na coraz wi\u0119kszy odsetek ca\u0142kowicie wyleczonych pacjent\u00f3w. Powstawa\u0142y pierwsze udogodnienia dla os\u00f3b niepe\u0142nosprawnych \u2013 windy i pochylnie. Tworzono tak\u017ce warunki dla os\u00f3b przechodz\u0105cych procesy rehabilitacji i rekonwalescencji.<br \/>\nOkres rozwoju w spos\u00f3b dramatyczny przerwany zosta\u0142 przez wybuch II wojny \u015bwiatowej. Cz\u0119\u015b\u0107 braci zosta\u0142a wcielona do Wehrmachtu i skierowana w charakterze piel\u0119gniarzy na front. Ich miejsce zaj\u0119\u0142y siostry zakonne. Po ataku III Rzeszy na Zwi\u0105zek Radziecki szpital zosta\u0142 zmilitaryzowany i przeznaczony dla \u017co\u0142nierzy rannych na froncie wschodnim. Lazaret wojskowy dzia\u0142a\u0142 w szpitalu do pocz\u0105tku 1945 roku, kiedy to z powodu zbli\u017caj\u0105cego si\u0119 frontu zosta\u0142 ewakuowany. Do momentu wkroczenia Armii Czerwonej do Prudnika szpital bonifratr\u00f3w ponownie dzia\u0142a\u0142 na rzecz lokalnej spo\u0142eczno\u015bci.<br \/>\nPo zako\u0144czeniu II wojny szpital zosta\u0142 upa\u0144stwowiony, a braciom pozostawiono jedynie cz\u0119\u015b\u0107 budynku klasztornego oraz ko\u015bci\u00f3\u0142. Zacz\u0119\u0142y si\u0119 dla braci i klasztoru ci\u0119\u017ckie lata. Cz\u0119\u015b\u0107 braci wyjecha\u0142a do Niemiec, a ci kt\u00f3rzy zostali, pozbawieni byli jakichkolwiek \u017ar\u00f3de\u0142 dochodu. Musieli ponadto dostosowa\u0107 si\u0119 do \u017cycia w warunkach nowego ustroju politycznego. Mimo tego, nie upadli na duchu i w miar\u0119 skromnych mo\u017cliwo\u015bci, wspierali materialnie i duchowo lokaln\u0105 spo\u0142eczno\u015b\u0107.<br \/>\nOdzyskanie obiekt\u00f3w szpitalnych nast\u0105pi\u0142o dopiero po transformacji ustrojowej i przemianach spo\u0142ecznych na pocz\u0105tku XXI wieku. W chwili obecnej w budynku poszpitalnym bracia prowadz\u0105 dom opieki dla os\u00f3b starszych z Prudnika i okolic.<br \/>\nW planach bracia maj\u0105 utworzenie o\u015brodka pobytu dziennego dla os\u00f3b starszych i niepe\u0142nosprawnych.<\/p>\n<p>&nbsp;<\/p>\n<p>&nbsp;<\/p>\n<div class=\"wpmf-gallerys wpmf-gallerys-life \" ><div id=\"gallery-1\" class=\"gallery gallery_life wpmf_gallery_default gallery_default  gallery-columns-3 gallery-size-medium gallery-link-file wpmf-has-border-radius-0 wpmf-gutterwidth-5 no_ratio\"><figure class=\"wpmf-gallery-item\" data-index=\"0\"><div class=\"wpmf-gallery-icon\"><div class=\"square_thumbnail\"><div class=\"img_centered\"><a class=\" not_video noLightbox\" data-lightbox=\"1\" data-href=\"https:\/\/bonifratrzy.pl\/klasztor-prudnik\/wp-content\/uploads\/sites\/15\/2019\/04\/DSC_0946.jpg\" title=\"\" target=\"_self\" data-index=\"0\"><img decoding=\"async\" class=\"wpmf_img\" alt=\"\" src=\"https:\/\/bonifratrzy.pl\/klasztor-prudnik\/wp-content\/uploads\/sites\/15\/2019\/04\/DSC_0946-199x300.jpg\" data-type=\"wpmfgalleryimg\" data-lazy-src=\"https:\/\/bonifratrzy.pl\/klasztor-prudnik\/wp-content\/uploads\/sites\/15\/2019\/04\/DSC_0946-199x300.jpg\"><\/a><\/div><\/div><\/div><\/figure><figure class=\"wpmf-gallery-item\" data-index=\"1\"><div class=\"wpmf-gallery-icon\"><div class=\"square_thumbnail\"><div class=\"img_centered\"><a class=\" not_video noLightbox\" data-lightbox=\"1\" data-href=\"https:\/\/bonifratrzy.pl\/klasztor-prudnik\/wp-content\/uploads\/sites\/15\/2019\/04\/DSC_0952.jpg\" title=\"\" target=\"_self\" data-index=\"1\"><img decoding=\"async\" class=\"wpmf_img\" alt=\"\" src=\"https:\/\/bonifratrzy.pl\/klasztor-prudnik\/wp-content\/uploads\/sites\/15\/2019\/04\/DSC_0952-300x199.jpg\" data-type=\"wpmfgalleryimg\" data-lazy-src=\"https:\/\/bonifratrzy.pl\/klasztor-prudnik\/wp-content\/uploads\/sites\/15\/2019\/04\/DSC_0952-300x199.jpg\"><\/a><\/div><\/div><\/div><\/figure><\/div><\/div>\n<div class=\"wpmf-gallerys wpmf-gallerys-life \" ><div id=\"gallery-2\" class=\"gallery gallery_life wpmf_gallery_default gallery_default  gallery-columns-3 gallery-size-medium gallery-link-file wpmf-has-border-radius-0 wpmf-gutterwidth-5 no_ratio\"><figure class=\"wpmf-gallery-item\" data-index=\"0\"><div class=\"wpmf-gallery-icon\"><div class=\"square_thumbnail\"><div class=\"img_centered\"><a class=\" not_video noLightbox\" data-lightbox=\"1\" data-href=\"https:\/\/bonifratrzy.pl\/klasztor-prudnik\/wp-content\/uploads\/sites\/15\/2019\/04\/DSC_4583.jpg\" title=\"\" target=\"_self\" data-index=\"0\"><img decoding=\"async\" class=\"wpmf_img\" alt=\"\" src=\"https:\/\/bonifratrzy.pl\/klasztor-prudnik\/wp-content\/uploads\/sites\/15\/2019\/04\/DSC_4583-300x177.jpg\" data-type=\"wpmfgalleryimg\" data-lazy-src=\"https:\/\/bonifratrzy.pl\/klasztor-prudnik\/wp-content\/uploads\/sites\/15\/2019\/04\/DSC_4583-300x177.jpg\"><\/a><\/div><\/div><\/div><\/figure><\/div><\/div>\n<p>&nbsp;<\/p>\n<p>&nbsp;<\/p>\n<p>&nbsp;<\/p>\n<p>&nbsp;<\/p>\n<p>&nbsp;<\/p>\n<p>&nbsp;<\/p>\n<p>&nbsp;<\/p>\n<p>&nbsp;<\/p>\n<p>&nbsp;<\/p>\n","protected":false},"excerpt":{"rendered":"<p>Historia klasztoru &nbsp; Klasztor bonifratr\u00f3w w Prudniku powsta\u0142 w roku 1764 &#8211; jako trzeci dom zakonu na \u015al\u0105sku &#8211; ale historia jego powstania zaczyna si\u0119 wiele lat wcze\u015bniej i wi\u0105\u017ce si\u0119 z chorob\u0105 hrabiego Rudolfa von Matuschki. Ten\u017ce hrabia, z\u0142o\u017cony chorob\u0105, poprosi\u0142 wroc\u0142awskiego bonifratra brata Probusa Martiniego, by uda\u0142 si\u0119 z nim do jego zamku [&hellip;]<\/p>\n","protected":false},"author":61,"featured_media":0,"parent":5,"menu_order":0,"comment_status":"closed","ping_status":"closed","template":"","meta":{"footnotes":""},"_links":{"self":[{"href":"https:\/\/bonifratrzy.pl\/klasztor-prudnik\/wp-json\/wp\/v2\/pages\/244"}],"collection":[{"href":"https:\/\/bonifratrzy.pl\/klasztor-prudnik\/wp-json\/wp\/v2\/pages"}],"about":[{"href":"https:\/\/bonifratrzy.pl\/klasztor-prudnik\/wp-json\/wp\/v2\/types\/page"}],"author":[{"embeddable":true,"href":"https:\/\/bonifratrzy.pl\/klasztor-prudnik\/wp-json\/wp\/v2\/users\/61"}],"replies":[{"embeddable":true,"href":"https:\/\/bonifratrzy.pl\/klasztor-prudnik\/wp-json\/wp\/v2\/comments?post=244"}],"version-history":[{"count":17,"href":"https:\/\/bonifratrzy.pl\/klasztor-prudnik\/wp-json\/wp\/v2\/pages\/244\/revisions"}],"predecessor-version":[{"id":1879,"href":"https:\/\/bonifratrzy.pl\/klasztor-prudnik\/wp-json\/wp\/v2\/pages\/244\/revisions\/1879"}],"up":[{"embeddable":true,"href":"https:\/\/bonifratrzy.pl\/klasztor-prudnik\/wp-json\/wp\/v2\/pages\/5"}],"wp:attachment":[{"href":"https:\/\/bonifratrzy.pl\/klasztor-prudnik\/wp-json\/wp\/v2\/media?parent=244"}],"curies":[{"name":"wp","href":"https:\/\/api.w.org\/{rel}","templated":true}]}}