{"id":5,"date":"2016-01-18T21:24:23","date_gmt":"2016-01-18T20:24:23","guid":{"rendered":"https:\/\/bonifratrzy.pl\/klasztor-piaski\/?page_id=5"},"modified":"2024-07-10T14:50:31","modified_gmt":"2024-07-10T12:50:31","slug":"o-klasztorze","status":"publish","type":"page","link":"https:\/\/bonifratrzy.pl\/klasztor-piaski\/","title":{"rendered":"O klasztorze"},"content":{"rendered":"<h2><span style=\"color: #c71718;\">Klasztor w Piaskach p.w. Naj\u015bwi\u0119tszego Serca Pana Jezusa<\/span><\/h2>\n<h2>Przeor &#8211; ojciec Piotr OH, sac.<\/h2>\n<h3><img loading=\"lazy\" decoding=\"async\" class=\"wp-image-85 alignleft\" src=\"https:\/\/bonifratrzy.pl\/klasztor-piaski\/wp-content\/uploads\/sites\/11\/2022\/05\/Piotr-Telma.jpg\" alt=\"\" width=\"163\" height=\"166\" srcset=\"https:\/\/bonifratrzy.pl\/klasztor-piaski\/wp-content\/uploads\/sites\/11\/2022\/05\/Piotr-Telma.jpg 1730w, https:\/\/bonifratrzy.pl\/klasztor-piaski\/wp-content\/uploads\/sites\/11\/2022\/05\/Piotr-Telma-294x300.jpg 294w, https:\/\/bonifratrzy.pl\/klasztor-piaski\/wp-content\/uploads\/sites\/11\/2022\/05\/Piotr-Telma-1004x1024.jpg 1004w, https:\/\/bonifratrzy.pl\/klasztor-piaski\/wp-content\/uploads\/sites\/11\/2022\/05\/Piotr-Telma-768x783.jpg 768w, https:\/\/bonifratrzy.pl\/klasztor-piaski\/wp-content\/uploads\/sites\/11\/2022\/05\/Piotr-Telma-1506x1536.jpg 1506w, https:\/\/bonifratrzy.pl\/klasztor-piaski\/wp-content\/uploads\/sites\/11\/2022\/05\/Piotr-Telma-45x45.jpg 45w\" sizes=\"(max-width: 163px) 100vw, 163px\" \/><strong>W\u0142adys\u0142aw Telma<\/strong><\/h3>\n<p>ur. 16.05.1957 r. Nowy \u017bmigr\u00f3d<br \/>\nwst. 30.10.1980 r., ob\u0142. 01.02.1981 r.<br \/>\n\u015bl. czas. 19.03.1983 r.<br \/>\n\u015bl. wiecz. 8.12.1988 r.<\/p>\n<p>\u015bwi\u0119cenia kap\u0142a\u0144skie: 26.05.1990<\/p>\n<p>imieniny 29 czerwca<\/p>\n<p>&nbsp;<\/p>\n<p><strong>Wsp\u00f3lnot\u0119 zakonn\u0105 tworz\u0105 r\u00f3wnie\u017c:<\/strong><\/p>\n<ul>\n<li>br. Hieronim Chmielewski, OH.<\/li>\n<li>br. Bart\u0142omiej Darul, OH.<\/li>\n<li>br. Wincenty Choina, OH.<\/li>\n<\/ul>\n","protected":false},"excerpt":{"rendered":"<p>Klasztor w Piaskach p.w. Naj\u015bwi\u0119tszego Serca Pana Jezusa Przeor &#8211; ojciec Piotr OH, sac. W\u0142adys\u0142aw Telma ur. 16.05.1957 r. Nowy \u017bmigr\u00f3d wst. 30.10.1980 r., ob\u0142. 01.02.1981 r. \u015bl. czas. 19.03.1983 r. \u015bl. wiecz. 8.12.1988 r. \u015bwi\u0119cenia kap\u0142a\u0144skie: 26.05.1990 imieniny 29 czerwca &nbsp; Wsp\u00f3lnot\u0119 zakonn\u0105 tworz\u0105 r\u00f3wnie\u017c: br. Hieronim Chmielewski, OH. br. Bart\u0142omiej Darul, OH. br. [&hellip;]<\/p>\n","protected":false},"author":1,"featured_media":0,"parent":0,"menu_order":0,"comment_status":"closed","ping_status":"closed","template":"page-home.php","meta":{"footnotes":""},"_links":{"self":[{"href":"https:\/\/bonifratrzy.pl\/klasztor-piaski\/wp-json\/wp\/v2\/pages\/5"}],"collection":[{"href":"https:\/\/bonifratrzy.pl\/klasztor-piaski\/wp-json\/wp\/v2\/pages"}],"about":[{"href":"https:\/\/bonifratrzy.pl\/klasztor-piaski\/wp-json\/wp\/v2\/types\/page"}],"author":[{"embeddable":true,"href":"https:\/\/bonifratrzy.pl\/klasztor-piaski\/wp-json\/wp\/v2\/users\/1"}],"replies":[{"embeddable":true,"href":"https:\/\/bonifratrzy.pl\/klasztor-piaski\/wp-json\/wp\/v2\/comments?post=5"}],"version-history":[{"count":25,"href":"https:\/\/bonifratrzy.pl\/klasztor-piaski\/wp-json\/wp\/v2\/pages\/5\/revisions"}],"predecessor-version":[{"id":1195,"href":"https:\/\/bonifratrzy.pl\/klasztor-piaski\/wp-json\/wp\/v2\/pages\/5\/revisions\/1195"}],"wp:attachment":[{"href":"https:\/\/bonifratrzy.pl\/klasztor-piaski\/wp-json\/wp\/v2\/media?parent=5"}],"curies":[{"name":"wp","href":"https:\/\/api.w.org\/{rel}","templated":true}]}}