{"id":35,"date":"2016-11-24T11:25:13","date_gmt":"2016-11-24T10:25:13","guid":{"rendered":"https:\/\/bonifratrzy.pl\/klasztor-piaski\/?page_id=35"},"modified":"2022-10-04T13:35:19","modified_gmt":"2022-10-04T11:35:19","slug":"bonifraterski-osrodek-interwencji-kryzysowej","status":"publish","type":"page","link":"https:\/\/bonifratrzy.pl\/klasztor-piaski\/bonifraterski-osrodek-interwencji-kryzysowej\/","title":{"rendered":"Bonifraterski O\u015brodek Interwencji Kryzysowej p.w. Matki Bo\u017cej Dobrej Rady"},"content":{"rendered":"<p style=\"text-align: justify\">Pomys\u0142 utworzenia O\u015brodka Interwencji Kryzysowej w powiecie gosty\u0144skim pojawi\u0142 si\u0119 w\u015br\u00f3d os\u00f3b spotykaj\u0105cych si\u0119 na co dzie\u0144 z\u00a0ludzkimi problemami. W\u00a0swojej pracy pracownicy socjalni, pedagodzy, psycholodzy cz\u0119sto spotykaj\u0105 si\u0119 z\u00a0przypadkami ludzi, kt\u00f3rym niezb\u0119dne jest zapewnienie bezpiecznego miejsca. W\u00a0zwi\u0105zku z\u00a0nagl\u0105c\u0105 potrzeb\u0105 utworzenia takiego miejsca Zarz\u0105d Powiatu Gosty\u0144skiego zwr\u00f3ci\u0142 si\u0119 z\u00a0propozycj\u0105 do Prowincja\u0142a Zakonu Szpitalnego w\u00a0Polsce \u2014 br. Ambro\u017cego Mari\u0119 Pietrzkiewicza aby Zakon podj\u0105\u0142 si\u0119 utworzenia i\u00a0prowadzenia O\u015brodka Interwencji Kryzysowej kt\u00f3ry to O\u015brodek mia\u0142by takie miejsce zapewnia\u0107.<\/p>\n<h2 style=\"text-align: justify\">O\u015aRODEK JEST ORGANIZACJ\u0104 PO\u017bYTKU PUBLICZNEGO NA RZECZ O\u015aRODKA MO\u017bNA<br \/>\nPRZEKAZYWA\u0106 1% PODATKU OD DOCHOD\u00d3W<\/h2>\n<h2 style=\"text-align: justify\"><b>NASZ NUMER <span style=\"color: #ff0000\">KRS 0000249541<\/span><\/b><\/h2>\n<p style=\"text-align: justify\">11\u00a0lutego 2000 roku zosta\u0142o podpisane porozumienie pomi\u0119dzy Zarz\u0105dem Powiatu a Prowincja\u0142em Zakonu, w\u00a0kt\u00f3rej strony wyrazi\u0142y wsp\u00f3ln\u0105 wol\u0119 powo\u0142ania do istnienia O\u015brodka Interwencji Kryzysowej. Odpowiedzialnym za dalsze losy projektu zosta\u0142 brat Fryderyk S. Frost.<br \/>\n1\u00a0stycznia 2001 Prowincja\u0142 Zakonu Szpitalnego specjalnym dekretem powo\u0142a\u0142 do istnienia BONIFRATERSKI O\u015aRODEK INTERWENCJI KRYZYSOWEJ p.w. MATKI BO\u017bEJ DOBREJ RADY.<\/p>\n<p style=\"text-align: justify\">Zaanga\u017cowanie w\u00a0t\u0119 spraw\u0119 wielu dobrych ludzi powali\u0142o urzeczywistni\u0107 to dzie\u0142o.<\/p>\n<p style=\"text-align: justify\">Pomogli nam:<\/p>\n<ul style=\"text-align: justify\">\n<li>Renovabis (Niemcy) \u2014 pomoc finansowa<\/li>\n<li>Formidlingscentret (Dania) \u2014 pomoc finansowa<\/li>\n<li>Powiatowe Centrum Pomocy Rodzinie w Gostyniu \u2014 pomoc merytoryczna<\/li>\n<li>Bank Zachodni WBK S.A. Gosty\u0144 \u2014 pomoc finansowa<\/li>\n<li>S\u0105d Rejonowy w Gostyniu \u2014 pomoc kadrowa<\/li>\n<li>\u201e\u017bycie Gostynia\u201d \u2014 pomoc merytoryczna<\/li>\n<li>Destiny-1 (palTalk) \u2014 pomoc merytoryczna<\/li>\n<li>BLANK5 (palTalk) \u2014 zabawki, przybory szkolne<\/li>\n<\/ul>\n<h1 style=\"text-align: justify\"><b><i> &#8230;czekamy na Ciebie,<\/i><\/b><\/h1>\n<h1 style=\"padding-left: 60px;text-align: justify\"><b><i>zr\u00f3b dla Siebie co\u015b naprawd\u0119 dobrego<\/i><\/b><\/h1>\n<h1 style=\"padding-left: 390px;text-align: justify\"><b><i>\u2014 pom\u00f3\u017c innym <\/i><\/b><\/h1>\n<p style=\"text-align: justify\">Bonifraterski O\u015brodek Interwencji Kryzysowej przeznaczony jest dla os\u00f3b, kt\u00f3re z\u00a0r\u00f3\u017cnych przyczyn znalaz\u0142y si\u0119 w sytuacjach problemowych, cz\u0119sto zagra\u017caj\u0105cych \u017cyciu i\u00a0zdrowiu, np. ofiary przemocy domowej, osoby, kt\u00f3re dozna\u0142y urazu psychicznego i\u00a0nie s\u0105 w\u00a0stanie przezwyci\u0119\u017cy\u0107 jego nast\u0119pstw, osoby nagle osamotnione lub tymczasowo pozbawione opieki.<br \/>\nTutaj mog\u0105 one otrzyma\u0107 schronienie oraz pomoc psychologiczn\u0105, prawn\u0105 i\u00a0lekarsk\u0105.<br \/>\nW\u00a0O\u015brodku podopieczni przebywaj\u0105 kr\u00f3tki okres czasu (do trzech miesi\u0119cy).<\/p>\n<p style=\"text-align: justify\">Cele:<\/p>\n<ul style=\"text-align: justify\">\n<li>Zapewnienie schronienia maltretowanym kobietom i\u00a0dzieciom, osobom osamotnionym, tymczasowo pozbawionym opieki.<\/li>\n<li>Zapewnienie im bezp\u0142atnej pomocy medycznej (np. sprawa obdukcji), psychologicznej, prawnej.<\/li>\n<li>Prowadzenie dzia\u0142alno\u015bci maj\u0105cej na celu lepsze zrozumienie istoty zjawiska przemocy domowej.<\/li>\n<li>Wspieranie wszystkich pomagaj\u0105cych ofiarom przemocy w\u00a0rodzinie.<\/li>\n<li>Stworzenie oparcia dla ofiar przemocy w\u00a0rodzinie.<\/li>\n<li>Wsp\u00f3\u0142praca z\u00a0rodzinami (osobami) z\u00a0problemem alkoholowym, w\u015br\u00f3d\u00a0kt\u00f3rych szczeg\u00f3lnie cz\u0119sto spotykamy si\u0119 z\u00a0problemem przemocy domowej.<\/li>\n<li>Motywowanie do uczestnictwa w\u00a0grupach AA.<\/li>\n<li>Pomoc pracownikom socjalnym z\u00a0gmin w\u00a0ustaleniu diagnozy sytuacji rodziny i\u00a0podejmowanie dzia\u0142a\u0144 zmierzaj\u0105cych do rozwi\u0105zania problem\u00f3w rodziny.<\/li>\n<li>Prowadzenie indywidualnych rozm\u00f3w z\u00a0dzie\u0107mi \u2014 pomoc w\u00a0rozwi\u0105zywaniu problem\u00f3w zwi\u0105zanych z\u00a0trudno\u015bciami w\u00a0nauce, z\u00a0uzale\u017cnieniami.<\/li>\n<li>Prowadzenie mediacji rodzinnych w\u00a0sytuacji braku mo\u017cliwo\u015bci porozumienia si\u0119 cz\u0142onk\u00f3w rodziny \u2014 tworzenie grup samopomocy.<\/li>\n<li>Kierowanie spraw do s\u0105du o\u00a0wydanie zarz\u0105dze\u0144 w\u00a0sprawach ma\u0142oletnich dzieci w\u00a0przypadku stwierdzonych zaniedba\u0144 i\u00a0braku mo\u017cliwo\u015bci zmiany postawy rodzic\u00f3w.<\/li>\n<li>Szkolenie pracownik\u00f3w socjalnych, w\u00a0problematyce przeciwdzia\u0142ania przemocy.<\/li>\n<li>Doprowadzenie do usamodzielnienia ofiar przemocy.<\/li>\n<li>Nauka radzenia sobie w\u00a0sytuacjach kryzysowych.<\/li>\n<\/ul>\n<p style=\"text-align: justify\">BOIK swoim zasi\u0119giem obejmuje powiat gosty\u0144ski (7 gmin). Jednak w\u00a0wyj\u0105tkowych sytuacjach przyjmowane mog\u0105 by\u0107 r\u00f3wnie\u017c osoby z\u00a0terenu innych powiat\u00f3w, ale w\u00f3wczas koszty pobytu ponoszone b\u0119d\u0105 przez gmin\u0119 kieruj\u0105c\u0105 dan\u0105 osob\u0119.<\/p>\n<p style=\"text-align: justify\">O\u015brodek wsp\u00f3\u0142pracuje m.in. z:<\/p>\n<ul>\n<li style=\"text-align: justify\">Powiatowym Centrum Pomocy Rodzinie w\u00a0Gostyniu,<\/li>\n<li style=\"text-align: justify\">O\u015brodkami Pomocy Spo\u0142ecznej z\u00a0terenu powiatu,<\/li>\n<li style=\"text-align: justify\">Poradni\u0105 Psychologiczno-Pedagogiczn\u0105 w\u00a0Gostyniu,<\/li>\n<li style=\"text-align: justify\">Poradni\u0105 Zdrowia Psychicznego w\u00a0Gostyniu,<\/li>\n<li style=\"text-align: justify\">Poradni\u0105 Uzale\u017cnie\u0144 w\u00a0Gostyniu,<\/li>\n<li style=\"text-align: justify\">Komend\u0105 Powiatow\u0105 Policji w\u00a0Gostyniu,<\/li>\n<li style=\"text-align: justify\">S\u0105dem Rejonowym w\u00a0Gostyniu.<\/li>\n<\/ul>\n","protected":false},"excerpt":{"rendered":"<p>Pomys\u0142 utworzenia O\u015brodka Interwencji Kryzysowej w powiecie gosty\u0144skim pojawi\u0142 si\u0119 w\u015br\u00f3d os\u00f3b spotykaj\u0105cych si\u0119 na co dzie\u0144 z\u00a0ludzkimi problemami. W\u00a0swojej pracy pracownicy socjalni, pedagodzy, psycholodzy cz\u0119sto spotykaj\u0105 si\u0119 z\u00a0przypadkami ludzi, kt\u00f3rym niezb\u0119dne jest zapewnienie bezpiecznego miejsca. W\u00a0zwi\u0105zku z\u00a0nagl\u0105c\u0105 potrzeb\u0105 utworzenia takiego miejsca Zarz\u0105d Powiatu Gosty\u0144skiego zwr\u00f3ci\u0142 si\u0119 z\u00a0propozycj\u0105 do Prowincja\u0142a Zakonu Szpitalnego w\u00a0Polsce \u2014 br. [&hellip;]<\/p>\n","protected":false},"author":6,"featured_media":0,"parent":0,"menu_order":0,"comment_status":"closed","ping_status":"closed","template":"","meta":{"footnotes":""},"_links":{"self":[{"href":"https:\/\/bonifratrzy.pl\/klasztor-piaski\/wp-json\/wp\/v2\/pages\/35"}],"collection":[{"href":"https:\/\/bonifratrzy.pl\/klasztor-piaski\/wp-json\/wp\/v2\/pages"}],"about":[{"href":"https:\/\/bonifratrzy.pl\/klasztor-piaski\/wp-json\/wp\/v2\/types\/page"}],"author":[{"embeddable":true,"href":"https:\/\/bonifratrzy.pl\/klasztor-piaski\/wp-json\/wp\/v2\/users\/6"}],"replies":[{"embeddable":true,"href":"https:\/\/bonifratrzy.pl\/klasztor-piaski\/wp-json\/wp\/v2\/comments?post=35"}],"version-history":[{"count":13,"href":"https:\/\/bonifratrzy.pl\/klasztor-piaski\/wp-json\/wp\/v2\/pages\/35\/revisions"}],"predecessor-version":[{"id":158,"href":"https:\/\/bonifratrzy.pl\/klasztor-piaski\/wp-json\/wp\/v2\/pages\/35\/revisions\/158"}],"wp:attachment":[{"href":"https:\/\/bonifratrzy.pl\/klasztor-piaski\/wp-json\/wp\/v2\/media?parent=35"}],"curies":[{"name":"wp","href":"https:\/\/api.w.org\/{rel}","templated":true}]}}