{"id":6,"date":"2016-01-17T20:34:53","date_gmt":"2016-01-17T19:34:53","guid":{"rendered":"https:\/\/bonifratrzy.pl\/klasztor-nazaret\/?page_id=6"},"modified":"2026-04-22T09:38:01","modified_gmt":"2026-04-22T07:38:01","slug":"o-klasztorze","status":"publish","type":"page","link":"https:\/\/bonifratrzy.pl\/klasztor-nazaret\/","title":{"rendered":"O klasztorze"},"content":{"rendered":"<h2><span style=\"color: #c71718;\">Klasztor w Nazarecie p.w. \u015awi\u0119tej Rodziny<\/span><\/h2>\n<h2>Przeor &#8211; brat Franciszek Salezy OH<\/h2>\n<p><strong><img loading=\"lazy\" decoding=\"async\" class=\"wp-image-10286  alignleft\" src=\"https:\/\/bonifratrzy.pl\/klasztor-nazaret\/wp-content\/uploads\/sites\/10\/2026\/04\/Br.-Franciszek-Salezy-prowincjal-283x300.jpg\" alt=\"\" width=\"136\" height=\"145\" srcset=\"https:\/\/bonifratrzy.pl\/klasztor-nazaret\/wp-content\/uploads\/sites\/10\/2026\/04\/Br.-Franciszek-Salezy-prowincjal-283x300.jpg 283w, https:\/\/bonifratrzy.pl\/klasztor-nazaret\/wp-content\/uploads\/sites\/10\/2026\/04\/Br.-Franciszek-Salezy-prowincjal-967x1024.jpg 967w, https:\/\/bonifratrzy.pl\/klasztor-nazaret\/wp-content\/uploads\/sites\/10\/2026\/04\/Br.-Franciszek-Salezy-prowincjal-768x813.jpg 768w, https:\/\/bonifratrzy.pl\/klasztor-nazaret\/wp-content\/uploads\/sites\/10\/2026\/04\/Br.-Franciszek-Salezy-prowincjal-1451x1536.jpg 1451w, https:\/\/bonifratrzy.pl\/klasztor-nazaret\/wp-content\/uploads\/sites\/10\/2026\/04\/Br.-Franciszek-Salezy-prowincjal.jpg 1720w\" sizes=\"(max-width: 136px) 100vw, 136px\" \/><\/strong><\/p>\n<p><strong>Leon Chmiel<\/strong><\/p>\n<p>Wst. 1.09.1984 r., ob\u0142. 18.03.1985 r.,<br \/>\n\u015bl. czas. 19.03.1987 r., \u015bl. wiecz. 8.12.1992 r.<\/p>\n<p>Imieniny: 24 stycznia<\/p>\n<p><strong>Wsp\u00f3lnot\u0119 zakonn\u0105 tworz\u0105 r\u00f3wnie\u017c:<\/strong><\/p>\n<ul>\n<li>br. Bonifacy Ja\u015bkiewicz OH<\/li>\n<li>br. Jan Chrzciciel Minh Tran OH<\/li>\n<\/ul>\n","protected":false},"excerpt":{"rendered":"<p>Klasztor w Nazarecie p.w. \u015awi\u0119tej Rodziny Przeor &#8211; brat Franciszek Salezy OH Leon Chmiel Wst. 1.09.1984 r., ob\u0142. 18.03.1985 r., \u015bl. czas. 19.03.1987 r., \u015bl. wiecz. 8.12.1992 r. Imieniny: 24 stycznia Wsp\u00f3lnot\u0119 zakonn\u0105 tworz\u0105 r\u00f3wnie\u017c: br. Bonifacy Ja\u015bkiewicz OH br. Jan Chrzciciel Minh Tran OH<\/p>\n","protected":false},"author":1,"featured_media":0,"parent":0,"menu_order":0,"comment_status":"closed","ping_status":"closed","template":"page-home.php","meta":{"footnotes":""},"_links":{"self":[{"href":"https:\/\/bonifratrzy.pl\/klasztor-nazaret\/wp-json\/wp\/v2\/pages\/6"}],"collection":[{"href":"https:\/\/bonifratrzy.pl\/klasztor-nazaret\/wp-json\/wp\/v2\/pages"}],"about":[{"href":"https:\/\/bonifratrzy.pl\/klasztor-nazaret\/wp-json\/wp\/v2\/types\/page"}],"author":[{"embeddable":true,"href":"https:\/\/bonifratrzy.pl\/klasztor-nazaret\/wp-json\/wp\/v2\/users\/1"}],"replies":[{"embeddable":true,"href":"https:\/\/bonifratrzy.pl\/klasztor-nazaret\/wp-json\/wp\/v2\/comments?post=6"}],"version-history":[{"count":30,"href":"https:\/\/bonifratrzy.pl\/klasztor-nazaret\/wp-json\/wp\/v2\/pages\/6\/revisions"}],"predecessor-version":[{"id":10290,"href":"https:\/\/bonifratrzy.pl\/klasztor-nazaret\/wp-json\/wp\/v2\/pages\/6\/revisions\/10290"}],"wp:attachment":[{"href":"https:\/\/bonifratrzy.pl\/klasztor-nazaret\/wp-json\/wp\/v2\/media?parent=6"}],"curies":[{"name":"wp","href":"https:\/\/api.w.org\/{rel}","templated":true}]}}

<h2><span style="color: #c71718;">Klasztor w Nazarecie p.w. Świętej Rodziny</span></h2>
<h2>Przeor &#8211; brat Franciszek Salezy OH</h2>
<p><strong><img loading="lazy" decoding="async" class="wp-image-10286  alignleft" src="https://bonifratrzy.pl/klasztor-nazaret/wp-content/uploads/sites/10/2026/04/Br.-Franciszek-Salezy-prowincjal-283x300.jpg" alt="" width="136" height="145" srcset="https://bonifratrzy.pl/klasztor-nazaret/wp-content/uploads/sites/10/2026/04/Br.-Franciszek-Salezy-prowincjal-283x300.jpg 283w, https://bonifratrzy.pl/klasztor-nazaret/wp-content/uploads/sites/10/2026/04/Br.-Franciszek-Salezy-prowincjal-967x1024.jpg 967w, https://bonifratrzy.pl/klasztor-nazaret/wp-content/uploads/sites/10/2026/04/Br.-Franciszek-Salezy-prowincjal-768x813.jpg 768w, https://bonifratrzy.pl/klasztor-nazaret/wp-content/uploads/sites/10/2026/04/Br.-Franciszek-Salezy-prowincjal-1451x1536.jpg 1451w, https://bonifratrzy.pl/klasztor-nazaret/wp-content/uploads/sites/10/2026/04/Br.-Franciszek-Salezy-prowincjal.jpg 1720w" sizes="(max-width: 136px) 100vw, 136px" /></strong></p>
<p><strong>Leon Chmiel</strong></p>
<p>Wst. 1.09.1984 r., obł. 18.03.1985 r.,<br />
śl. czas. 19.03.1987 r., śl. wiecz. 8.12.1992 r.</p>
<p>Imieniny: 24 stycznia</p>
<p><strong>Wspólnotę zakonną tworzą również:</strong></p>
<ul>
<li>br. Bonifacy Jaśkiewicz OH</li>
<li>br. Jan Chrzciciel Minh Tran OH</li>
</ul>

<p>Klasztor w Nazarecie p.w. Świętej Rodziny Przeor &#8211; brat Franciszek Salezy OH Leon Chmiel Wst. 1.09.1984 r., obł. 18.03.1985 r., śl. czas. 19.03.1987 r., śl. wiecz. 8.12.1992 r. Imieniny: 24 stycznia Wspólnotę zakonną tworzą również: br. Bonifacy Jaśkiewicz OH br. Jan Chrzciciel Minh Tran OH</p>
