{"id":13,"date":"2016-01-17T20:37:41","date_gmt":"2016-01-17T19:37:41","guid":{"rendered":"https:\/\/bonifratrzy.pl\/klasztor-nazaret\/?page_id=13"},"modified":"2018-07-04T11:06:03","modified_gmt":"2018-07-04T09:06:03","slug":"historia-klasztoru","status":"publish","type":"page","link":"https:\/\/bonifratrzy.pl\/klasztor-nazaret\/historia-klasztoru\/","title":{"rendered":"Historia Klasztoru"},"content":{"rendered":"<p>Kanoniczne erygowanie nowej wsp\u00f3lnoty Polskiej Prowincji Bonifratr\u00f3w w Nazarecie odby\u0142o si\u0119 26 marca 2008 roku. Uroczysto\u015b\u0107 odby\u0142a si\u0119 w Szpitalu Bonifratr\u00f3w pw. \u015awi\u0119tej Rodziny. Pierwszym przeorem nowego Konwentu zosta\u0142 brat Franciszek Salezy Chmiel.<\/p>\n<p>W uroczysto\u015bci wzi\u0119\u0142a udzia\u0142 delegacja braci z W\u0142och i Polski, na czele z O. Genera\u0142em Donatusem Forkanem, Radnym Generalnym Wincentym Kochamkunnel i Prowincja\u0142ami z obu prowincji polskiej i w\u0142oskiej: O. Krzysztofem Fronczakiem i O. Giampietro Luzzati. We Mszy inauguruj\u0105cej dzia\u0142alno\u015b\u0107 nowej wsp\u00f3lnoty z jej nowym przeorem uczestniczyli te\u017c: sekretarz generalny Giancarlo Lapic, postulator generalny Felix Lizaso, ekonom prowincjalny br. Eugeniusz Kret, wsp\u00f3lnota si\u00f3str zakonnych Dzieci\u0105tka Maryi, liczna delegacja przedstawicieli szpitala na czele z dyr. generalnym J\u00f3zefem Fraizzoli.<br \/>\nSpotkanie by\u0142o te\u017c okazj\u0105 do podzi\u0119kowania br. Serafinowi Acernozzi, z prowincji w\u0142oskiej Lombardo-Veneta za d\u0142ug\u0105, bo 22-letni\u0105 pos\u0142ug\u0119 w nazareta\u0144skim szpitalu. Uczyni\u0142 to O. Genera\u0142 w swoim przem\u00f3wieniu na koniec Mszy \u015bw. Podkre\u015bli\u0142 po\u015bwi\u0119cenie brata, kt\u00f3ry przez ostatnie kilka lat pozosta\u0142 w szpitalu jedynym z cz\u0142onk\u00f3w Zakonu. Ojciec Genera\u0142 nawi\u0105za\u0142 tak\u017ce do postaci \u015bw Jana Bo\u017cego, jako wyrazistego \u015bwiadectwa kt\u00f3re przez pi\u0119\u0107 wiek\u00f3w przy\u015bwieca jego na\u015bladowcom i kontynuatorom dzie\u0142a rozpocz\u0119tego w Granadzie. Podkre\u015bli\u0142 jak wa\u017cne jest to \u015bwiadectwo w\u0142a\u015bnie tu, na ziemi Jezusa, ziemi \u015bwi\u0119tej, tak bardzo rozdartej poprzez bratob\u00f3jczy konflikt. Naszym najlepszym i jedyn\u0105 odpowiedzi\u0105 na tego rodzaju postaw\u0119 jest mi\u0142osierdzie okazywane poprzez \u015blub szpitalnictwa wykonywany na wz\u00f3r \u015bw. Jana Bo\u017cego.<\/p>\n<p>W 2008 roku szpital obchodzi\u0142 125 rocznic\u0119 powstania. To w\u0142a\u015bnie w 1883 roku, z inicjatywy prowincji austriackiej, zosta\u0142o utworzone to jedyne jak na razie dzie\u0142o Zakonu na Ziemi \u015awietej. Najpierw by\u0142o to skromne hospicjum przeznaczone dla pielgrzym\u00f3w, wraz z przylegaj\u0105c\u0105 kaplic\u0105. Wraz z rozbudow\u0105 obiektu i przekszta\u0142ceniem go w szpital przeszed\u0142 on w dalszym etapie swojej historii pod opiek\u0119 prowincji bawarskiej. Po II wojnie \u015bwiatowej zosta\u0142\u00a0 oddany w gesti\u0119 prowincji w\u0142oskiej.<\/p>\n<p>W 2006 r. na Kapitule Generalnej w Rzymie, nowo wybrany O. Genera\u0142 Donatus Forkan zwr\u00f3ci\u0142 si\u0119 z zapytaniem do prowincja\u0142a polskiego czy polska prowincja jest gotowa do utworzenia polskiej wsp\u00f3lnoty braci w tym tak wa\u017cnym dziele Zakonu. Zgoda o. prowincja\u0142a Krzysztofa Fronczaka otworzy\u0142a nowe, historyczne, perspektywy dla Szpitala, kt\u00f3ry jako jeden z trzech funkcjonuj\u0105cych szpitali w 110-tysiecznym Nazarecie z roku na rok zyskiwa\u0142 coraz wi\u0119ksze znaczenie i uznanie. Z podstawowymi wieloprofilowymi oddzia\u0142ami jest w wi\u0119kszo\u015bci obs\u0142ugiwany przez personel wyznania muzu\u0142ma\u0144skiego (ok.60%); tak\u017ce w\u015br\u00f3d pacjent\u00f3w przewa\u017caj\u0105 wyznawcy tej religii (70%). Pierwsz\u0105 wsp\u00f3lnot\u0119 w Szpitalu \u015aw Rodziny w Nazarecie tworzyli rzej Polacy: br. Franciszek Salezy (przeor) i br. B\u0142a\u017cej &#8211; obaj z prowincji polskiej oraz br. Janusz Giemula z prowincji lombardzko-weneckiej.<\/p>\n<p>&nbsp;<\/p>\n","protected":false},"excerpt":{"rendered":"<p>Kanoniczne erygowanie nowej wsp\u00f3lnoty Polskiej Prowincji Bonifratr\u00f3w w Nazarecie odby\u0142o si\u0119 26 marca 2008 roku. Uroczysto\u015b\u0107 odby\u0142a si\u0119 w Szpitalu Bonifratr\u00f3w pw. \u015awi\u0119tej Rodziny. Pierwszym przeorem nowego Konwentu zosta\u0142 brat Franciszek Salezy Chmiel. W uroczysto\u015bci wzi\u0119\u0142a udzia\u0142 delegacja braci z W\u0142och i Polski, na czele z O. Genera\u0142em Donatusem Forkanem, Radnym Generalnym Wincentym Kochamkunnel i [&hellip;]<\/p>\n","protected":false},"author":1,"featured_media":0,"parent":0,"menu_order":0,"comment_status":"closed","ping_status":"closed","template":"","meta":{"footnotes":""},"_links":{"self":[{"href":"https:\/\/bonifratrzy.pl\/klasztor-nazaret\/wp-json\/wp\/v2\/pages\/13"}],"collection":[{"href":"https:\/\/bonifratrzy.pl\/klasztor-nazaret\/wp-json\/wp\/v2\/pages"}],"about":[{"href":"https:\/\/bonifratrzy.pl\/klasztor-nazaret\/wp-json\/wp\/v2\/types\/page"}],"author":[{"embeddable":true,"href":"https:\/\/bonifratrzy.pl\/klasztor-nazaret\/wp-json\/wp\/v2\/users\/1"}],"replies":[{"embeddable":true,"href":"https:\/\/bonifratrzy.pl\/klasztor-nazaret\/wp-json\/wp\/v2\/comments?post=13"}],"version-history":[{"count":3,"href":"https:\/\/bonifratrzy.pl\/klasztor-nazaret\/wp-json\/wp\/v2\/pages\/13\/revisions"}],"predecessor-version":[{"id":55,"href":"https:\/\/bonifratrzy.pl\/klasztor-nazaret\/wp-json\/wp\/v2\/pages\/13\/revisions\/55"}],"wp:attachment":[{"href":"https:\/\/bonifratrzy.pl\/klasztor-nazaret\/wp-json\/wp\/v2\/media?parent=13"}],"curies":[{"name":"wp","href":"https:\/\/api.w.org\/{rel}","templated":true}]}}

<p>Kanoniczne erygowanie nowej wspólnoty Polskiej Prowincji Bonifratrów w Nazarecie odbyło się 26 marca 2008 roku. Uroczystość odbyła się w Szpitalu Bonifratrów pw. Świętej Rodziny. Pierwszym przeorem nowego Konwentu został brat Franciszek Salezy Chmiel.</p>
<p>W uroczystości wzięła udział delegacja braci z Włoch i Polski, na czele z O. Generałem Donatusem Forkanem, Radnym Generalnym Wincentym Kochamkunnel i Prowincjałami z obu prowincji polskiej i włoskiej: O. Krzysztofem Fronczakiem i O. Giampietro Luzzati. We Mszy inaugurującej działalność nowej wspólnoty z jej nowym przeorem uczestniczyli też: sekretarz generalny Giancarlo Lapic, postulator generalny Felix Lizaso, ekonom prowincjalny br. Eugeniusz Kret, wspólnota sióstr zakonnych Dzieciątka Maryi, liczna delegacja przedstawicieli szpitala na czele z dyr. generalnym Józefem Fraizzoli.<br />
Spotkanie było też okazją do podziękowania br. Serafinowi Acernozzi, z prowincji włoskiej Lombardo-Veneta za długą, bo 22-letnią posługę w nazaretańskim szpitalu. Uczynił to O. Generał w swoim przemówieniu na koniec Mszy św. Podkreślił poświęcenie brata, który przez ostatnie kilka lat pozostał w szpitalu jedynym z członków Zakonu. Ojciec Generał nawiązał także do postaci św Jana Bożego, jako wyrazistego świadectwa które przez pięć wieków przyświeca jego naśladowcom i kontynuatorom dzieła rozpoczętego w Granadzie. Podkreślił jak ważne jest to świadectwo właśnie tu, na ziemi Jezusa, ziemi świętej, tak bardzo rozdartej poprzez bratobójczy konflikt. Naszym najlepszym i jedyną odpowiedzią na tego rodzaju postawę jest miłosierdzie okazywane poprzez ślub szpitalnictwa wykonywany na wzór św. Jana Bożego.</p>
<p>W 2008 roku szpital obchodził 125 rocznicę powstania. To właśnie w 1883 roku, z inicjatywy prowincji austriackiej, zostało utworzone to jedyne jak na razie dzieło Zakonu na Ziemi Świetej. Najpierw było to skromne hospicjum przeznaczone dla pielgrzymów, wraz z przylegającą kaplicą. Wraz z rozbudową obiektu i przekształceniem go w szpital przeszedł on w dalszym etapie swojej historii pod opiekę prowincji bawarskiej. Po II wojnie światowej został  oddany w gestię prowincji włoskiej.</p>
<p>W 2006 r. na Kapitule Generalnej w Rzymie, nowo wybrany O. Generał Donatus Forkan zwrócił się z zapytaniem do prowincjała polskiego czy polska prowincja jest gotowa do utworzenia polskiej wspólnoty braci w tym tak ważnym dziele Zakonu. Zgoda o. prowincjała Krzysztofa Fronczaka otworzyła nowe, historyczne, perspektywy dla Szpitala, który jako jeden z trzech funkcjonujących szpitali w 110-tysiecznym Nazarecie z roku na rok zyskiwał coraz większe znaczenie i uznanie. Z podstawowymi wieloprofilowymi oddziałami jest w większości obsługiwany przez personel wyznania muzułmańskiego (ok.60%); także wśród pacjentów przeważają wyznawcy tej religii (70%). Pierwszą wspólnotę w Szpitalu Św Rodziny w Nazarecie tworzyli rzej Polacy: br. Franciszek Salezy (przeor) i br. Błażej &#8211; obaj z prowincji polskiej oraz br. Janusz Giemula z prowincji lombardzko-weneckiej.</p>
<p>&nbsp;</p>

<p>Kanoniczne erygowanie nowej wspólnoty Polskiej Prowincji Bonifratrów w Nazarecie odbyło się 26 marca 2008 roku. Uroczystość odbyła się w Szpitalu Bonifratrów pw. Świętej Rodziny. Pierwszym przeorem nowego Konwentu został brat Franciszek Salezy Chmiel. W uroczystości wzięła udział delegacja braci z Włoch i Polski, na czele z O. Generałem Donatusem Forkanem, Radnym Generalnym Wincentym Kochamkunnel i [&hellip;]</p>
