{"id":44,"date":"2016-01-16T14:51:24","date_gmt":"2016-01-16T13:51:24","guid":{"rendered":"https:\/\/bonifratrzy.pl\/klasztor-lodz\/?page_id=44"},"modified":"2016-10-19T11:26:10","modified_gmt":"2016-10-19T09:26:10","slug":"centrum-medyczne-im-dr-waclawa-leckiego","status":"publish","type":"page","link":"https:\/\/bonifratrzy.pl\/klasztor-lodz\/centrum-medyczne-im-dr-waclawa-leckiego\/","title":{"rendered":"Centrum Medyczne im. dr. Wac\u0142awa \u0141\u0119ckiego"},"content":{"rendered":"<p><a href=\"https:\/\/bonifratrzy.pl\/klasztor-lodz\/wp-content\/uploads\/sites\/4\/2016\/01\/56a2357455e19_p.jpg\"><img loading=\"lazy\" decoding=\"async\" class=\"alignright wp-image-248\" title=\"Centrum Medyczne im. dr. Wac\u0142awa \u0141\u0119ckiego\" src=\"https:\/\/bonifratrzy.pl\/klasztor-lodz\/wp-content\/uploads\/sites\/4\/2016\/01\/56a2357455e19_p.jpg\" alt=\"Centrum Medyczne im. dr. Wac\u0142awa \u0141\u0119ckiego\" width=\"375\" height=\"226\" srcset=\"https:\/\/bonifratrzy.pl\/klasztor-lodz\/wp-content\/uploads\/sites\/4\/2016\/01\/56a2357455e19_p.jpg 780w, https:\/\/bonifratrzy.pl\/klasztor-lodz\/wp-content\/uploads\/sites\/4\/2016\/01\/56a2357455e19_p-300x181.jpg 300w, https:\/\/bonifratrzy.pl\/klasztor-lodz\/wp-content\/uploads\/sites\/4\/2016\/01\/56a2357455e19_p-768x464.jpg 768w\" sizes=\"(max-width: 375px) 100vw, 375px\" \/><\/a><\/p>\n<p><strong>Centrum Medyczne im. dr. Wac\u0142awa \u0141\u0119ckiego, funkcjonuj\u0105ce w ramach Szpitala \u015bw. Jana Bo\u017cego, to\u00a0najnowocze\u015bniejsza\u00a0tego typu plac\u00f3wka\u00a0w mie\u015bcie.<\/strong><\/p>\n<p>Centrum przy ul. Przed\u015bwit \u00a0ma 1,8 tys. metr\u00f3w kwadratowych i\u00a0mo\u017ce przyj\u0105\u0107 oko\u0142o 500 pacjent\u00f3w dziennie. Leczenie odbywa si\u0119 zar\u00f3wno w ramach kontraktu z Narodowym Funduszem Zdrowia, jak i odp\u0142atnie.<\/p>\n<p>Na parterze zlokalizowano Zesp\u00f3\u0142 Rehabilitacji Leczniczej, w kt\u00f3rym znajduj\u0105 si\u0119 gabinety lekarskie, sala gimnastyczna, pomieszczenia do elektroterapii, hydroterapii i masa\u017cu. W Centrum mog\u0105 leczy\u0107 si\u0119 pacjenci ze schorzeniami neurologicznymi, ortopedycznymi, reumatycznymi, czy urazami po wypadkach komunikacyjnych.<\/p>\n<p>Na pi\u0119trze budynku dzia\u0142aj\u0105\u00a0gabinety poradni specjalistycznych, w tym m.in. okulistyczna, ortopedyczna, chirurgiczna, ginekologiczna, gastroenterologiczna czy kardiologiczna.<\/p>\n<p>Centrum nie powsta\u0142oby, gdyby nie hojno\u015b\u0107 92-letniego dzi\u015b dr. Wac\u0142awa \u0141\u0119ckiego, kt\u00f3ry dwa lata temu podarowa\u0142 Konwentowi Bonifratr\u00f3w\u00a0dzia\u0142k\u0119 wart\u0105 ponad 3,5 mln z\u0142otych.<\/p>\n<h2>Dodatkowe informacje<\/h2>\n<ul>\n<li><a href=\"https:\/\/bonifratrzy.pl\/klasztor-lodz\/2016\/10\/10\/100-dla-naszego-jubilata\/\">100 lat dla naszego Jubilata<\/a><\/li>\n<li><a href=\"https:\/\/bonifratrzy.pl\/klasztor-lodz\/2016\/03\/06\/dar-ktory-wzrusza\/\">Dar, kt\u00f3ry wzrusza<\/a><\/li>\n<\/ul>\n","protected":false},"excerpt":{"rendered":"<p>Centrum Medyczne im. dr. Wac\u0142awa \u0141\u0119ckiego, funkcjonuj\u0105ce w ramach Szpitala \u015bw. Jana Bo\u017cego, to\u00a0najnowocze\u015bniejsza\u00a0tego typu plac\u00f3wka\u00a0w mie\u015bcie. Centrum przy ul. Przed\u015bwit \u00a0ma 1,8 tys. metr\u00f3w kwadratowych i\u00a0mo\u017ce przyj\u0105\u0107 oko\u0142o 500 pacjent\u00f3w dziennie. Leczenie odbywa si\u0119 zar\u00f3wno w ramach kontraktu z Narodowym Funduszem Zdrowia, jak i odp\u0142atnie. Na parterze zlokalizowano Zesp\u00f3\u0142 Rehabilitacji Leczniczej, w kt\u00f3rym znajduj\u0105 [&hellip;]<\/p>\n","protected":false},"author":1,"featured_media":0,"parent":0,"menu_order":0,"comment_status":"closed","ping_status":"closed","template":"","meta":{"footnotes":""},"_links":{"self":[{"href":"https:\/\/bonifratrzy.pl\/klasztor-lodz\/wp-json\/wp\/v2\/pages\/44"}],"collection":[{"href":"https:\/\/bonifratrzy.pl\/klasztor-lodz\/wp-json\/wp\/v2\/pages"}],"about":[{"href":"https:\/\/bonifratrzy.pl\/klasztor-lodz\/wp-json\/wp\/v2\/types\/page"}],"author":[{"embeddable":true,"href":"https:\/\/bonifratrzy.pl\/klasztor-lodz\/wp-json\/wp\/v2\/users\/1"}],"replies":[{"embeddable":true,"href":"https:\/\/bonifratrzy.pl\/klasztor-lodz\/wp-json\/wp\/v2\/comments?post=44"}],"version-history":[{"count":0,"href":"https:\/\/bonifratrzy.pl\/klasztor-lodz\/wp-json\/wp\/v2\/pages\/44\/revisions"}],"wp:attachment":[{"href":"https:\/\/bonifratrzy.pl\/klasztor-lodz\/wp-json\/wp\/v2\/media?parent=44"}],"curies":[{"name":"wp","href":"https:\/\/api.w.org\/{rel}","templated":true}]}}