{"id":10,"date":"2016-01-15T00:58:46","date_gmt":"2016-01-14T23:58:46","guid":{"rendered":"https:\/\/bonifratrzy.pl\/klasztor-lodz\/?page_id=10"},"modified":"2022-09-28T10:12:39","modified_gmt":"2022-09-28T08:12:39","slug":"kontakt","status":"publish","type":"page","link":"https:\/\/bonifratrzy.pl\/klasztor-lodz\/kontakt\/","title":{"rendered":"Kontakt"},"content":{"rendered":"<p><strong>KONTAKT<\/strong><\/p>\n<p>Archidiecezja \u0141\u00f3dzka<\/p>\n<p>Konwent Bonifratr\u00f3w p.w. \u015bw. Rafa\u0142a Archanio\u0142a<\/p>\n<p>ul. Kosynier\u00f3w Gdy\u0144skich 61A, 93-357 \u0141\u00f3d\u017a<\/p>\n<p>Tel.: 42 68 55 102<\/p>\n<p>E-mail:\u00a0<a href=\"&#109;a&#x69;l&#x74;o&#x3a;&#107;&#x6f;&#110;&#x77;&#101;n&#x74;&#64;&#x62;o&#x6e;&#105;&#x66;&#114;&#x61;&#116;&#x72;&#122;y&#x2e;l&#x6f;d&#x7a;&#46;&#x70;&#108;\">&#x6b;&#111;n&#x77;&#101;n&#x74;&#64;b&#x6f;&#110;i&#x66;&#114;a&#x74;&#114;z&#x79;&#46;l&#x6f;&#100;z&#x2e;&#112;l<\/a><\/p>\n<p>&nbsp;<\/p>\n<div class=\"su-gmap su-u-responsive-media-yes\"><iframe loading=\"lazy\" width=\"820\" height=\"400\" src=\"\/\/maps.google.com\/maps?q=ul.%20Kosynier%C3%B3w%20Gdy%C5%84skich%2061A%2C%2093-357%20%C5%81%C3%B3d%C5%BA&amp;output=embed\" title=\"\"><\/iframe><\/div>\n","protected":false},"excerpt":{"rendered":"<p>KONTAKT Archidiecezja \u0141\u00f3dzka Konwent Bonifratr\u00f3w p.w. \u015bw. Rafa\u0142a Archanio\u0142a ul. Kosynier\u00f3w Gdy\u0144skich 61A, 93-357 \u0141\u00f3d\u017a Tel.: 42 68 55 102 E-mail:\u00a0&#x6b;o&#x6e;&#119;&#x65;&#110;&#x74;&#x40;b&#x6f;&#110;&#x69;&#102;&#x72;&#97;t&#x72;&#122;&#x79;&#46;&#x6c;&#111;d&#x7a;&#46;&#x70;&#108; &nbsp;<\/p>\n","protected":false},"author":1,"featured_media":0,"parent":0,"menu_order":0,"comment_status":"closed","ping_status":"closed","template":"","meta":{"footnotes":""},"_links":{"self":[{"href":"https:\/\/bonifratrzy.pl\/klasztor-lodz\/wp-json\/wp\/v2\/pages\/10"}],"collection":[{"href":"https:\/\/bonifratrzy.pl\/klasztor-lodz\/wp-json\/wp\/v2\/pages"}],"about":[{"href":"https:\/\/bonifratrzy.pl\/klasztor-lodz\/wp-json\/wp\/v2\/types\/page"}],"author":[{"embeddable":true,"href":"https:\/\/bonifratrzy.pl\/klasztor-lodz\/wp-json\/wp\/v2\/users\/1"}],"replies":[{"embeddable":true,"href":"https:\/\/bonifratrzy.pl\/klasztor-lodz\/wp-json\/wp\/v2\/comments?post=10"}],"version-history":[{"count":1,"href":"https:\/\/bonifratrzy.pl\/klasztor-lodz\/wp-json\/wp\/v2\/pages\/10\/revisions"}],"predecessor-version":[{"id":3344,"href":"https:\/\/bonifratrzy.pl\/klasztor-lodz\/wp-json\/wp\/v2\/pages\/10\/revisions\/3344"}],"wp:attachment":[{"href":"https:\/\/bonifratrzy.pl\/klasztor-lodz\/wp-json\/wp\/v2\/media?parent=10"}],"curies":[{"name":"wp","href":"https:\/\/api.w.org\/{rel}","templated":true}]}}