{"id":51,"date":"2016-01-17T20:21:17","date_gmt":"2016-01-17T19:21:17","guid":{"rendered":"https:\/\/bonifratrzy.pl\/klasztor-krakow\/?page_id=51"},"modified":"2016-05-11T01:06:57","modified_gmt":"2016-05-10T23:06:57","slug":"regulamin","status":"publish","type":"page","link":"https:\/\/bonifratrzy.pl\/klasztor-krakow\/biblioteka-i-archiwum\/regulamin\/","title":{"rendered":"Regulamin"},"content":{"rendered":"<p><strong>REGULAMIN BIBLIOTEKI I ARCHIWUM KONWENTU BONIFRATR\u00d3W W KRAKOWIE<\/strong><\/p>\n<p>INFORMACJE OG\u00d3LNE<br \/>\n1. Biblioteka i Archiwum Konwentu Bonifratr\u00f3w w Krakowie (dalej jako ABKr) znajduje si\u0119 w Domu Zakonnym p.w. Tr\u00f3jcy Przenaj\u015bwi\u0119tszej, ul. Krakowska 48, 31-066 Krak\u00f3w.<br \/>\n2. Archiwum i Biblioteka Bonifratr\u00f3w w Krakowie podlega bezpo\u015brednio Przeorowi.<br \/>\n3. Za zbiory przechowywane w ABKr odpowiedzialny jest Przeor Domu Zakonnego p.w. Tr\u00f3jcy Przenaj\u015bwi\u0119tszej oraz zatrudniony przez niego na stanowisku \u201ebibliotekarz-archiwista\u201d pracownik.<br \/>\n4. Pracownik, o kt\u00f3rym mowa w pkt. 3, jest odpowiedzialny za gromadzenie, opracowywanie, udost\u0119pnianie<br \/>\ni zabezpieczanie zbior\u00f3w przechowywanych w ABKr.<br \/>\n5. Do zada\u0144 \u201earchiwisty-bibliotekarza\u201d nale\u017cy w szczeg\u00f3lno\u015bci:<br \/>\na) gromadzenie zbior\u00f3w bibliotecznych i archiwalnych zwi\u0105zanych z histori\u0105 i dzia\u0142alno\u015bci\u0105 Bonifratr\u00f3w i profilem ABKr;<br \/>\nb) opracowanie zbior\u00f3w bibliotecznych i archiwalnych zgodnie z obowi\u0105zuj\u0105cymi przepisami, wymaganiami nauki<br \/>\ni og\u0142oszonymi instrukcjami;<br \/>\nc) udost\u0119pnianie zbior\u00f3w i czuwanie nad prawid\u0142owym korzystaniem ze zbior\u00f3w;<br \/>\nd) profilaktyka konserwatorska zbior\u00f3w biblioteczno-archiwalnych, w tym wsp\u00f3\u0142praca z wykwalifikowanym konserwatorem dzie\u0142 sztuki;<br \/>\ne) podnoszenie kwalifikacji zawodowych poprzez lektur\u0119 w\u0142asn\u0105, praktyk\u0119 biblioteczno-archiwaln\u0105, udzia\u0142 w kursach szkoleniowych i warsztatach z zakresu bibliotekarstwa i archiwistyki;<br \/>\nf) reprezentowanie ABKr na zewn\u0105trz (podczas spotka\u0144, konferencji, szkole\u0144 itp.).<\/p>\n<p>ZAS\u00d3B<br \/>\n6. W sk\u0142ad Biblioteki i Archiwum Bonifratr\u00f3w wchodzi ksi\u0119gozbi\u00f3r podr\u0119czny, dzia\u0142 czasopism oraz zbiory specjalne (r\u0119kopisy biblioteczne, stare druki, druki XIX wieku, archiwum).<br \/>\n7. W ABKr gromadzone s\u0105 druki zwarte i ci\u0105g\u0142e o r\u00f3\u017cnorodnej tematyce, przede wszystkim z zakresu teologii, filozofii, religioznawstwa, medycyny, piel\u0119gniarstwa, opieki spo\u0142ecznej, a tak\u017ce historii Ko\u015bcio\u0142a, nauk pomocniczych, s\u0142owniki, leksykony i encyklopedie.<br \/>\n8. Do przegl\u0105dania zasobu Biblioteki i Archiwum s\u0142u\u017c\u0105: tradycyjny katalog kartkowy ksi\u0105\u017cek, katalog komputerowy druk\u00f3w nowych, tradycyjny katalog kartkowy starych druk\u00f3w, katalog kartkowy zbior\u00f3w archiwalnych oraz Inwentarz Archiwum Bonifratr\u00f3w w Krakowie.<br \/>\n9. Z zasobu Biblioteki i Archiwum mo\u017cna korzysta\u0107 jedynie w celach naukowych lub popularno-naukowych. Decyzj\u0119<br \/>\nw sprawie udost\u0119pnienia materia\u0142\u00f3w bibliotecznych i archiwalnych u\u017cytkownikowi zasobu podejmuje Przeor na wniosek pracownika Biblioteki i Archiwum Bonifratr\u00f3w w Krakowie.<\/p>\n<p>UDOST\u0118PNIANIE ZBIOR\u00d3W<br \/>\n10. Osoba maj\u0105ca zamiar skorzystania ze zbior\u00f3w specjalnych Biblioteki i Archiwum Bonifratr\u00f3w w Krakowie sk\u0142ada wype\u0142niony \u201eFormularz kwerendy\u201d. Obejmuje on dane u\u017cytkownika oraz przedmiot i zakres poszukiwa\u0144. \u201eFormularz\u201d winien by\u0107 wype\u0142niony czytelnie.<br \/>\n11. Je\u017celi u\u017cytkownik zasobu archiwalnego i bibliotecznego powo\u0142uje si\u0119 na osob\u0119 trzeci\u0105\/instytucj\u0119, wymagane jest dostarczenie osobnego pisma (w oryginale) polecaj\u0105cego i\/lub uwierzytelniaj\u0105cego z uczelni\/od promotora\/z instytucji, kt\u00f3r\u0105 reprezentuje i\/lub z kt\u00f3rego polecenia dzia\u0142a.<br \/>\n12. Pracownicy ABKr nie przeprowadzaj\u0105 kwerendy na \u017cyczenie u\u017cytkownika zasobu archiwalnego i bibliotecznego \u2013 u\u017cytkownik samodzielnie wyszukuje informacje o materia\u0142ach archiwalnych i bibliotecznych w dost\u0119pnych inwentarzach i katalogach. Istnieje natomiast mo\u017cliwo\u015b\u0107 zapytania (telefonicznie, poczt\u0105 mailow\u0105, na miejscu) o zas\u00f3b ABKr. Og\u00f3lnych informacji o zasobie udziela Bibliotekarz-Archiwista.<br \/>\n13. Dokumenty z Archiwum bie\u017c\u0105cego nie s\u0105 udost\u0119pniane, chyba \u017ce ze s\u0142usznej przyczyny i na pisemn\u0105 pro\u015bb\u0119 u\u017cytkownika zasobu, za zgod\u0105 Przeora.<br \/>\n14. Archiwalia historyczne udost\u0119pniane s\u0105 po ok. 50 latach od ich wytworzenia. Archiwalia historyczne personalne udost\u0119pniane s\u0105 po 100 latach od ich wytworzenia.<br \/>\n15. Dost\u0119p i korzystanie z zasobu nieskatalogowanego Biblioteki i Archiwum s\u0105 z oczywistych przyczyn ograniczone.<br \/>\n16. Cz\u0119\u015b\u0107 archiwali\u00f3w nie jest udost\u0119pniana w oryginale, ale w innej formie (skan, kserokopia, fotokopia, wersja elektroniczna, odpis, publikacja drukowana, inne). Archiwum nie posiada sprz\u0119tu do odczytu mikrofilm\u00f3w.<br \/>\n17. Materia\u0142y udost\u0119pniane w innej formie ni\u017c orygina\u0142 Bibliotekarz-Archiwista mo\u017ce udost\u0119pni\u0107 w oryginale tylko w indywidualnych i uzasadnionych przypadkach, na podstawie pisemnego, umotywowanego o\u015bwiadczenia u\u017cytkownika o nieprzydatno\u015bci korzystania w zamierzonej pracy z reprodukcji, po uprzedniej zgodzie Przeora.<br \/>\n18. Zgodno\u015b\u0107 zasobu Archiwum i dost\u0119pnego inwentarza mog\u0142a ulec zmianie, co mo\u017ce powodowa\u0107 niemo\u017cliwo\u015b\u0107 skorzystania z niekt\u00f3rych archiwali\u00f3w.<br \/>\n19. Materia\u0142y archiwalne i biblioteczne lub ich reprodukcje udost\u0119pniane s\u0105 na podstawie wype\u0142nionego dostarczonego osobi\u015bcie \u201eFormularza kwerendy\u201d, po otrzymaniu pozytywnej decyzji Przeora oraz po ustaleniu terminu przeprowadzenia kwerendy.<br \/>\n20. Korzystanie ze zbior\u00f3w Biblioteki i Archiwum odbywa si\u0119 na miejscu i jest ono bezp\u0142atne. Mo\u017cliwe jest wykonanie skanu lub fotografii cyfrowej po decyzji Przeora.<br \/>\n21. Nie udost\u0119pnia si\u0119 i nie wypo\u017cycza zbior\u00f3w bibliotecznych i archiwalnych na zewn\u0105trz. Instytucje, pragn\u0105ce wypo\u017cyczy\u0107 archiwalia dla cel\u00f3w wystawienniczych lub innych s\u0105 zobowi\u0105zane do przedstawienia odpowiednich pism<br \/>\ni dokument\u00f3w uwierzytelniaj\u0105cych. Wypo\u017cyczanie jest mo\u017cliwe tylko za zgod\u0105 Przeora i po podpisaniu stosownej umowy.<br \/>\n22. Udost\u0119pnia si\u0119 tylko archiwalia mieszcz\u0105ce si\u0119 w zakresie pracy u\u017cytkownika, wskazanej w \u201eFormularzu kwerendy\u201d.<\/p>\n<p>U\u017bYTKOWNICY<br \/>\n23. Ze zbior\u00f3w Biblioteki i Archiwum mog\u0105 korzysta\u0107 wszystkie osoby pe\u0142noletnie po uzyskaniu zgody Przeora.<br \/>\n24. U\u017cytkownik, zg\u0142aszaj\u0105c si\u0119 do Biblioteki i Archiwum w celu przeprowadzenia kwerendy, dostarcza wymagane dokumenty, w tym dokument to\u017csamo\u015bci (w celu sprawdzenia zgodno\u015bci danych na okazanych dokumentach).<br \/>\n25. U\u017cytkownik korzysta z udost\u0119pnionych mu materia\u0142\u00f3w bibliotecznych i archiwali\u00f3w, nie ingeruj\u0105c w ich uk\u0142ad i tre\u015b\u0107, zachowuj\u0105c dba\u0142o\u015b\u0107 o ich stan fizyczny i bezpiecze\u0144stwo. U\u017cytkownikowi nie wolno zmienia\u0107 porz\u0105dku w uk\u0142adzie wykorzystywanych materia\u0142\u00f3w bibliotecznych i archiwalnych, zamieszcza\u0107 jakichkolwiek notatek, uwag i znak\u00f3w, sporz\u0105dza\u0107 notatek na papierze po\u0142o\u017conym bezpo\u015brednio na materia\u0142ach bibliotecznych i archiwaliach, udost\u0119pnia\u0107 materia\u0142\u00f3w bibliotecznych i archiwali\u00f3w innym u\u017cytkownikom pracowni. U\u017cytkownik jest zobowi\u0105zany do zaopatrzenia si\u0119 w bawe\u0142niane r\u0119kawiczki i inne materia\u0142y potrzebne do pracy ze starodrukami i archiwaliami. Korzystanie z materia\u0142\u00f3w archiwalnych powinno by\u0107 prowadzone w spos\u00f3b niezak\u0142\u00f3caj\u0105cy pracy innych u\u017cytkownik\u00f3w czytelni Biblioteki i Archiwum.<br \/>\n26. Do czytelni Biblioteki i Archiwum Bonifratr\u00f3w nie nale\u017cy wnosi\u0107 przedmiot\u00f3w i substancji mog\u0105cych spowodowa\u0107 uszkodzenie dokument\u00f3w (w tym artyku\u0142\u00f3w spo\u017cywczych, \u015brodk\u00f3w barwi\u0105cych, \u0142atwopalnych itp.).<br \/>\n27. Ze wzgl\u0119du na wymogi bezpiecze\u0144stwa zasobu bibliotecznego i archiwalnego osoby korzystaj\u0105ce z materia\u0142\u00f3w biblioteczno-archiwalnych mog\u0105 by\u0107 w uzasadnionych wypadkach wezwane do okazania Przeorowi i pracownikowi Biblioteki i Archiwum zawarto\u015bci toreb osobistych. Kontroli mog\u0105 te\u017c by\u0107 poddane materia\u0142y wynoszone z czytelni,<br \/>\nw tym sporz\u0105dzone przez u\u017cytkownik\u00f3w notatki z przegl\u0105danych archiwali\u00f3w.<br \/>\n28. Nieprzestrzeganie powy\u017cszych zasad przez u\u017cytkownika lub stwierdzenie ra\u017c\u0105cego braku przygotowania do samodzielnych bada\u0144 mo\u017ce spowodowa\u0107 wydanie przez Przeora na wniosek pracownika Biblioteki i Archiwum decyzji o odmowie bezpo\u015bredniego udost\u0119pniania materia\u0142\u00f3w biblioteczno-archiwalnych.<br \/>\n29. Przy wszelkich pr\u00f3bach przyw\u0142aszczenia materia\u0142\u00f3w bibliotecznych i archiwali\u00f3w, niszczenia ich itp. bezzw\u0142ocznie zostan\u0105 powiadomione Organy \u015bcigania.<br \/>\n30. Wed\u0142ug powszechnie przyj\u0119tego zwyczaju, korzystaj\u0105cy z zasobu Biblioteki i Archiwum publikuj\u0105cy drukiem wyniki swojej pracy oparte w ca\u0142o\u015bci lub w znacznej cz\u0119\u015bci na archiwaliach wskazanych w \u201eFormularzu\u201d, jest zobowi\u0105zany nieodp\u0142atnie przekaza\u0107 jeden egzemplarz publikacji na rzecz Biblioteki i Archiwum Bonifratr\u00f3w w Krakowie (w formie wydruku, na no\u015bniku CD lub DVD lub w formie elektronicznej).<br \/>\n31. Przy powo\u0142ywaniu si\u0119 na wykorzystane archiwalia (lub ich reprodukcje), u\u017cytkownik winien odnotowa\u0107 w swej pracy informacje o miejscu przechowywania, nazwie zespo\u0142u i sygnaturze akt.<\/p>\n<p>FOTOGRAFOWANIE ZBIOR\u00d3W<br \/>\n32. Udost\u0119pnienie materia\u0142\u00f3w bibliotecznych i archiwalnych nie uprawnia do samodzielnego ich reprodukowania. Pos\u0142ugiwanie si\u0119 przez u\u017cytkownik\u00f3w w\u0142asnymi urz\u0105dzeniami kopiuj\u0105cymi jest ograniczone do fotografowania materia\u0142\u00f3w archiwalnych pod warunkiem wcze\u015bniejszej pro\u015bby zamieszczonej w \u201eFormularzu\u201d, po wyra\u017anej zgodzie Przeora i zg\u0142oszeniu zamiaru wykonania fotografii w trakcie prowadzenia kwerendy.<br \/>\n33. Przy wykonywaniu fotografii wybranych archiwali\u00f3w u\u017cytkownik mo\u017ce zosta\u0107 zobowi\u0105zany do dostarczenia wykonanych fotografii na no\u015bniku CD (zgodnie z ustaleniami z Bibliotekarzem-Archiwist\u0105). Biblioteka i Archiwum Bonifratr\u00f3w zastrzega sobie mo\u017cliwo\u015b\u0107 udost\u0119pniania tych\u017ce zdj\u0119\u0107 innym u\u017cytkownikom Biblioteki i Archiwum<br \/>\n(w ramach kwerendy), co jest nieodp\u0142atne i nie wi\u0105\u017ce si\u0119 z czerpaniem korzy\u015bci materialnej przez Bibliotek\u0119 i Archiwum. Autor zdj\u0119\u0107 mo\u017ce jednak zastrzec sobie prawa autorskie (przez pozostawienie odpowiedniego pisma<br \/>\nw Bibliotece i Archiwum) \u2013 w\u00f3wczas wszelkie sprawy zwi\u0105zane z wykorzystaniem tych\u017ce zdj\u0119\u0107 (np. w publikacjach) przez innych u\u017cytkownik\u00f3w Biblioteki i Archiwum za\u0142atwiane s\u0105 z autorem tych\u017ce zdj\u0119\u0107.<br \/>\n34. W przypadku zamiaru opublikowania fotografii (wykonanych lub udost\u0119pnionych przez Bibliotek\u0119 i Archiwum) starodruk\u00f3w i archiwali\u00f3w u\u017cytkownik przedstawia pisemn\u0105 pro\u015bb\u0119 o zezwolenie na ich publikacj\u0119 i po pisemnej odpowiedzi Archiwum mo\u017ce opublikowa\u0107 reprodukcje fotograficzne archiwali\u00f3w z podaniem informacji o miejscu przechowywania, nazwie zespo\u0142u i sygnaturze akt, kt\u00f3rych fotografie wykonano.<\/p>\n<p>UWAGI KO\u0143COWE<br \/>\n35. U\u017cytkownik korzystaj\u0105cy z Biblioteki i Archiwum ma obowi\u0105zek zapozna\u0107 si\u0119 z niniejszym Regulaminem Biblioteki<br \/>\ni Archiwum Bonifratr\u00f3w. W przypadku niedostosowania si\u0119 do Regulaminu i wcze\u015bniejszych ustale\u0144 Przeor oraz Bibliotekarz-Archiwista mo\u017ce odm\u00f3wi\u0107 lub przerwa\u0107 udost\u0119pnianie zasobu bibliotecznego i archiwalnego.<\/p>\n","protected":false},"excerpt":{"rendered":"<p>REGULAMIN BIBLIOTEKI I ARCHIWUM KONWENTU BONIFRATR\u00d3W W KRAKOWIE INFORMACJE OG\u00d3LNE 1. Biblioteka i Archiwum Konwentu Bonifratr\u00f3w w Krakowie (dalej jako ABKr) znajduje si\u0119 w Domu Zakonnym p.w. Tr\u00f3jcy Przenaj\u015bwi\u0119tszej, ul. Krakowska 48, 31-066 Krak\u00f3w. 2. Archiwum i Biblioteka Bonifratr\u00f3w w Krakowie podlega bezpo\u015brednio Przeorowi. 3. Za zbiory przechowywane w ABKr odpowiedzialny jest Przeor Domu Zakonnego [&hellip;]<\/p>\n","protected":false},"author":1,"featured_media":0,"parent":35,"menu_order":32,"comment_status":"closed","ping_status":"closed","template":"","meta":{"footnotes":""},"categories":[],"_links":{"self":[{"href":"https:\/\/bonifratrzy.pl\/klasztor-krakow\/wp-json\/wp\/v2\/pages\/51"}],"collection":[{"href":"https:\/\/bonifratrzy.pl\/klasztor-krakow\/wp-json\/wp\/v2\/pages"}],"about":[{"href":"https:\/\/bonifratrzy.pl\/klasztor-krakow\/wp-json\/wp\/v2\/types\/page"}],"author":[{"embeddable":true,"href":"https:\/\/bonifratrzy.pl\/klasztor-krakow\/wp-json\/wp\/v2\/users\/1"}],"replies":[{"embeddable":true,"href":"https:\/\/bonifratrzy.pl\/klasztor-krakow\/wp-json\/wp\/v2\/comments?post=51"}],"version-history":[{"count":0,"href":"https:\/\/bonifratrzy.pl\/klasztor-krakow\/wp-json\/wp\/v2\/pages\/51\/revisions"}],"up":[{"embeddable":true,"href":"https:\/\/bonifratrzy.pl\/klasztor-krakow\/wp-json\/wp\/v2\/pages\/35"}],"wp:attachment":[{"href":"https:\/\/bonifratrzy.pl\/klasztor-krakow\/wp-json\/wp\/v2\/media?parent=51"}],"wp:term":[{"taxonomy":"category","embeddable":true,"href":"https:\/\/bonifratrzy.pl\/klasztor-krakow\/wp-json\/wp\/v2\/categories?post=51"}],"curies":[{"name":"wp","href":"https:\/\/api.w.org\/{rel}","templated":true}]}}