{"id":485,"date":"2017-07-28T11:55:03","date_gmt":"2017-07-28T09:55:03","guid":{"rendered":"https:\/\/bonifratrzy.pl\/klasztor-krakow\/?page_id=485"},"modified":"2017-07-28T11:57:40","modified_gmt":"2017-07-28T09:57:40","slug":"wspieranie-dzialan-archiwalnych-2017","status":"publish","type":"page","link":"https:\/\/bonifratrzy.pl\/klasztor-krakow\/biblioteka-i-archiwum\/projekty\/wspieranie-dzialan-archiwalnych-2017\/","title":{"rendered":"Wspieranie dzia\u0142a\u0144 archiwalnych [2017]"},"content":{"rendered":"<h3>Trwaj\u0105 prace konserwatorskie<\/h3>\n<p>Dzi\u0119ki wsparciu finansowemu, jakie krakowski konwent otrzyma\u0142 od Naczelnego Dyrektora Archiw\u00f3w Pa\u0144stwowych w ramach otwartego konkursu ofert na realizacj\u0119 zadania publicznego <em>Wspieranie dzia\u0142a\u0144 archiwalnych 2017<\/em>,\u00a0 realizowany jest kolejny wa\u017cny projekt konserwatorski <!--more-->pt. <strong>&#8222;Pe\u0142na konserwacja i udost\u0119pnienie dw\u00f3ch ksi\u0105g kapitu\u0142 konwentu \u015bw. Urszuli w Krakowie&#8221;<\/strong>. W 2017 roku pe\u0142nej konserwacji zostan\u0105 poddane dwie unikatowe manuskrypty \u2013 ksi\u0119gi kapitu\u0142 konwentu \u015bw. Urszuli w Krakowie z lat 1699-1707 (sygn. Lib.II.9) oraz z lat 1707-1863 (sygn. Lib.II.10). S\u0105 to bezcenne \u017ar\u00f3d\u0142a historyczne.<\/p>\n<p>Ksi\u0119gi kapitu\u0142 to protoko\u0142y posiedze\u0144 zakonnik\u00f3w, kt\u00f3re regularnie odbywa\u0142y si\u0119 w klasztorze. Podczas tych spotka\u0144 omawiano wszystkie bie\u017c\u0105ce sprawy dotycz\u0105ce \u017cycia codziennego zakonnik\u00f3w, maj\u0105tku, \u00a0czasami sytuacji polityczno-spo\u0142ecznej, sytuacji w mie\u015bcie itd. Dotychczasowy stan zachowania r\u0119kopis\u00f3w uniemo\u017cliwia\u0142 przeprowadzenie prac badawczych, a tak\u017ce dok\u0142adne, zgodne z dzisiejszym stanem wiedzy, ich opracowanie. Zaniechanie dzia\u0142a\u0144 konserwatorskich mog\u0142o doprowadzi\u0107 do bezpowrotnej utraty informacji. Po zako\u0144czeniu projektu ksi\u0119gi b\u0119d\u0105 udost\u0119pniane badaczom w Bibliotece i Archiwum Konwentu Bonifratr\u00f3w w Krakowie oraz wprowadzone do obiegu naukowego.<\/p>\n<p>Zadanie jest finansowane w 86,67% ze \u015brodk\u00f3w publicznych w formie dofinansowania w ramach otwartego konkursu ofert na realizacj\u0119 zadania publicznego <em>Wspieranie dzia\u0142a\u0144 archiwalnych<\/em> 2017, organizowanego przez Naczelnego Dyrektora Archiw\u00f3w Pa\u0144stwowych.<\/p>\n<div class=\"wpmf-gallerys wpmf-gallerys-life \" ><div id=\"gallery-1\" class=\"gallery gallery_life wpmf_gallery_default gallery_default  gallery-columns-3 gallery-size-thumbnail gallery-link-file wpmf-has-border-radius-0 wpmf-gutterwidth-5 no_ratio\"><figure class=\"wpmf-gallery-item\" data-index=\"0\"><div class=\"wpmf-gallery-icon\"><div class=\"square_thumbnail\"><div class=\"img_centered\"><a class=\" not_video noLightbox\" data-lightbox=\"1\" data-href=\"https:\/\/bonifratrzy.pl\/klasztor-krakow\/wp-content\/uploads\/sites\/9\/2017\/07\/logo1-2_pl-1024x598.jpg\" title=\"logo1-2_pl\" target=\"_self\" data-index=\"0\"><img decoding=\"async\" class=\"wpmf_img\" alt=\"logo1-2_pl\" src=\"https:\/\/bonifratrzy.pl\/klasztor-krakow\/wp-content\/uploads\/sites\/9\/2017\/07\/logo1-2_pl-150x150.jpg\" data-type=\"wpmfgalleryimg\" data-lazy-src=\"https:\/\/bonifratrzy.pl\/klasztor-krakow\/wp-content\/uploads\/sites\/9\/2017\/07\/logo1-2_pl-150x150.jpg\"><\/a><\/div><\/div><\/div><\/figure><figure class=\"wpmf-gallery-item\" data-index=\"1\"><div class=\"wpmf-gallery-icon\"><div class=\"square_thumbnail\"><div class=\"img_centered\"><a class=\" not_video noLightbox\" data-lightbox=\"1\" data-href=\"https:\/\/bonifratrzy.pl\/klasztor-krakow\/wp-content\/uploads\/sites\/9\/2017\/07\/DSC08457-crop-806x1024.jpg\" title=\"przed konserwacj\u0105\" target=\"_self\" data-index=\"1\"><img decoding=\"async\" class=\"wpmf_img\" alt=\"przed konserwacj\u0105\" src=\"https:\/\/bonifratrzy.pl\/klasztor-krakow\/wp-content\/uploads\/sites\/9\/2017\/07\/DSC08457-crop-150x150.jpg\" data-type=\"wpmfgalleryimg\" data-lazy-src=\"https:\/\/bonifratrzy.pl\/klasztor-krakow\/wp-content\/uploads\/sites\/9\/2017\/07\/DSC08457-crop-150x150.jpg\"><\/a><\/div><\/div><\/div><\/figure><figure class=\"wpmf-gallery-item\" data-index=\"2\"><div class=\"wpmf-gallery-icon\"><div class=\"square_thumbnail\"><div class=\"img_centered\"><a class=\" not_video noLightbox\" data-lightbox=\"1\" data-href=\"https:\/\/bonifratrzy.pl\/klasztor-krakow\/wp-content\/uploads\/sites\/9\/2017\/07\/K-1707-14-4-680x1024.jpg\" title=\"przed konserwacj\u0105\" target=\"_self\" data-index=\"2\"><img decoding=\"async\" class=\"wpmf_img\" alt=\"przed konserwacj\u0105\" src=\"https:\/\/bonifratrzy.pl\/klasztor-krakow\/wp-content\/uploads\/sites\/9\/2017\/07\/K-1707-14-4-150x150.jpg\" data-type=\"wpmfgalleryimg\" data-lazy-src=\"https:\/\/bonifratrzy.pl\/klasztor-krakow\/wp-content\/uploads\/sites\/9\/2017\/07\/K-1707-14-4-150x150.jpg\"><\/a><\/div><\/div><\/div><\/figure><figure class=\"wpmf-gallery-item\" data-index=\"3\"><div class=\"wpmf-gallery-icon\"><div class=\"square_thumbnail\"><div class=\"img_centered\"><a class=\" not_video noLightbox\" data-lightbox=\"1\" data-href=\"https:\/\/bonifratrzy.pl\/klasztor-krakow\/wp-content\/uploads\/sites\/9\/2017\/07\/K-1782-92-53-768x1024.jpg\" title=\"przed konserwacj\u0105\" target=\"_self\" data-index=\"3\"><img decoding=\"async\" class=\"wpmf_img\" alt=\"przed konserwacj\u0105\" src=\"https:\/\/bonifratrzy.pl\/klasztor-krakow\/wp-content\/uploads\/sites\/9\/2017\/07\/K-1782-92-53-150x150.jpg\" data-type=\"wpmfgalleryimg\" data-lazy-src=\"https:\/\/bonifratrzy.pl\/klasztor-krakow\/wp-content\/uploads\/sites\/9\/2017\/07\/K-1782-92-53-150x150.jpg\"><\/a><\/div><\/div><\/div><\/figure><\/div><\/div>\n","protected":false},"excerpt":{"rendered":"<p>Trwaj\u0105 prace konserwatorskie Dzi\u0119ki wsparciu finansowemu, jakie krakowski konwent otrzyma\u0142 od Naczelnego Dyrektora Archiw\u00f3w Pa\u0144stwowych w ramach otwartego konkursu ofert na realizacj\u0119 zadania publicznego Wspieranie dzia\u0142a\u0144 archiwalnych 2017,\u00a0 realizowany jest kolejny wa\u017cny projekt konserwatorski<\/p>\n","protected":false},"author":27,"featured_media":0,"parent":39,"menu_order":27,"comment_status":"closed","ping_status":"closed","template":"","meta":{"footnotes":""},"categories":[],"_links":{"self":[{"href":"https:\/\/bonifratrzy.pl\/klasztor-krakow\/wp-json\/wp\/v2\/pages\/485"}],"collection":[{"href":"https:\/\/bonifratrzy.pl\/klasztor-krakow\/wp-json\/wp\/v2\/pages"}],"about":[{"href":"https:\/\/bonifratrzy.pl\/klasztor-krakow\/wp-json\/wp\/v2\/types\/page"}],"author":[{"embeddable":true,"href":"https:\/\/bonifratrzy.pl\/klasztor-krakow\/wp-json\/wp\/v2\/users\/27"}],"replies":[{"embeddable":true,"href":"https:\/\/bonifratrzy.pl\/klasztor-krakow\/wp-json\/wp\/v2\/comments?post=485"}],"version-history":[{"count":3,"href":"https:\/\/bonifratrzy.pl\/klasztor-krakow\/wp-json\/wp\/v2\/pages\/485\/revisions"}],"predecessor-version":[{"id":488,"href":"https:\/\/bonifratrzy.pl\/klasztor-krakow\/wp-json\/wp\/v2\/pages\/485\/revisions\/488"}],"up":[{"embeddable":true,"href":"https:\/\/bonifratrzy.pl\/klasztor-krakow\/wp-json\/wp\/v2\/pages\/39"}],"wp:attachment":[{"href":"https:\/\/bonifratrzy.pl\/klasztor-krakow\/wp-json\/wp\/v2\/media?parent=485"}],"wp:term":[{"taxonomy":"category","embeddable":true,"href":"https:\/\/bonifratrzy.pl\/klasztor-krakow\/wp-json\/wp\/v2\/categories?post=485"}],"curies":[{"name":"wp","href":"https:\/\/api.w.org\/{rel}","templated":true}]}}