{"id":171,"date":"2016-10-20T10:48:12","date_gmt":"2016-10-20T08:48:12","guid":{"rendered":"https:\/\/bonifratrzy.pl\/klasztor-krakow\/?page_id=171"},"modified":"2017-01-23T12:06:58","modified_gmt":"2017-01-23T11:06:58","slug":"ndap-2016","status":"publish","type":"page","link":"https:\/\/bonifratrzy.pl\/klasztor-krakow\/biblioteka-i-archiwum\/projekty\/ndap-2016\/","title":{"rendered":"Konserwacja dw\u00f3ch r\u0119kopis\u00f3w z XVII wieku [2016]"},"content":{"rendered":"<p>Krakowski konwent zrealizowa\u0142 kolejny projekt konserwatorski. Tym razem pe\u0142nej konserwacji poddano <strong>dwie unikatowe ksi\u0119gi r\u0119kopi\u015bmienne z XVII wieku<\/strong> zachowane w zbiorach Biblioteki i Archiwum: Ksi\u0119g\u0119 nowicjuszy i \u015blub\u00f3w zakonnych z lat 1609-1680 (sygn. Lib.II.8) oraz Ksi\u0119g\u0119 dochod\u00f3w konwentu i szpitala bonifratr\u00f3w w Wilnie z lat 1642-1645 (sygn. A-168).<\/p>\n<p><em><strong>Ksi\u0119ga nowicjuszy i \u015blub\u00f3w zakonnych <\/strong><\/em><strong>(1609-1680)<\/strong> jest najstarsz\u0105 zachowan\u0105 w zbiorach krakowskich ksi\u0119g\u0105 dokumentuj\u0105c\u0105 aktywno\u015b\u0107 Bonifratr\u00f3w na ziemiach Rzeczypospolitej, w kt\u00f3rej odnotowywano zakonnik\u00f3w wst\u0119puj\u0105cych do nowicjatu oraz sk\u0142adaj\u0105cych \u015bluby wieczyste. Bonifratrzy przybyli w 1609 roku do Krakowa i od tego czasu nieprzerwanie prowadz\u0105 sw\u0105 dzia\u0142alno\u015b\u0107 medyczno-opieku\u0144cz\u0105 na terenie Polski, prowadz\u0105c szpitale, domy opieki, apteki i poradnie zio\u0142olecznicze. Wytypowany do konserwacji r\u0119kopis, sporz\u0105dzony w j\u0119zykach w\u0142oskim i \u0142aci\u0144skim na przestrzeni ponad 70 lat, zawiera niezwykle istotne z punktu widzenia historii informacje, nieznane z innych \u017ar\u00f3de\u0142 historycznych, takie jak: imi\u0119 i nazwisko brata, miejsce jego pochodzenia, imiona rodzic\u00f3w, dat\u0119 i miejsce z\u0142o\u017cenia \u015blub\u00f3w wieczystych, cz\u0119sto r\u00f3wnie\u017c miejsce jego pobytu w p\u00f3\u017aniejszych latach, pe\u0142nion\u0105 funkcj\u0119 w zakonie oraz dat\u0119 \u015bmierci.<\/p>\n<p><strong><em>Ksi\u0119ga dochod\u00f3w konwentu i szpitala w Wilnie<\/em> (1642-1645)<\/strong> to najstarsze w zbiorach europejskich \u017ar\u00f3d\u0142o po\u015bwiadczaj\u0105ce dzia\u0142alno\u015b\u0107 szpitalnicz\u0105 i dobroczynn\u0105 prowadzon\u0105 przez Bonifratr\u00f3w w Wilnie w I po\u0142owie XVII wieku. Ksi\u0119ga dochod\u00f3w stanowi cenne \u017ar\u00f3d\u0142o informacji na temat podstawy uposa\u017cenia zakonnik\u00f3w, rejestruje przyj\u0119te ja\u0142mu\u017cny i darowizny.<\/p>\n<p>Wybrane do pe\u0142nej konserwacji ksi\u0119gi stanowi\u0105 bezcenne i unikalne \u017ar\u00f3d\u0142o historyczne. Ich stan zachowania uniemo\u017cliwia\u0142 przeprowadzenie prac badawczych, a tak\u017ce dok\u0142adne, zgodne z dzisiejszym stanem wiedzy opracowanie tych archiwali\u00f3w. Konserwacja powstrzyma\u0142a post\u0119puj\u0105c\u0105 degradacj\u0119 obiekt\u00f3w, umo\u017cliwi\u0142a ich prezentacj\u0119 oraz udost\u0119pnienie &#8211; szerokie wykorzystanie do cel\u00f3w badawczych, a w przysz\u0142o\u015bci planuj\u0119 si\u0119 ich digitalizacj\u0119.<\/p>\n<p><img loading=\"lazy\" decoding=\"async\" class=\"size-medium wp-image-180 alignleft\" src=\"https:\/\/bonifratrzy.pl\/klasztor-krakow\/wp-content\/uploads\/sites\/9\/2016\/10\/logo1-2_pl-300x175.jpg\" alt=\"logo1-2_pl\" width=\"300\" height=\"175\" srcset=\"https:\/\/bonifratrzy.pl\/klasztor-krakow\/wp-content\/uploads\/sites\/9\/2016\/10\/logo1-2_pl-300x175.jpg 300w, https:\/\/bonifratrzy.pl\/klasztor-krakow\/wp-content\/uploads\/sites\/9\/2016\/10\/logo1-2_pl-768x448.jpg 768w, https:\/\/bonifratrzy.pl\/klasztor-krakow\/wp-content\/uploads\/sites\/9\/2016\/10\/logo1-2_pl-1024x598.jpg 1024w, https:\/\/bonifratrzy.pl\/klasztor-krakow\/wp-content\/uploads\/sites\/9\/2016\/10\/logo1-2_pl.jpg 1817w\" sizes=\"(max-width: 300px) 100vw, 300px\" \/><\/p>\n<p>&nbsp;<\/p>\n<p>Zadanie zosta\u0142o sfinansowane w 86,30% ze \u015brodk\u00f3w publicznych w formie dotacji w ramach otwartego konkursu <em>Wspieranie dzia\u0142a\u0144 archiwalnych 2016. Cz\u0119\u015b\u0107 II<\/em>, organizowanego przez Naczelnego Dyrektora Archiw\u00f3w Pa\u0144stwowych.<\/p>\n","protected":false},"excerpt":{"rendered":"<p>Krakowski konwent zrealizowa\u0142 kolejny projekt konserwatorski. Tym razem pe\u0142nej konserwacji poddano dwie unikatowe ksi\u0119gi r\u0119kopi\u015bmienne z XVII wieku zachowane w zbiorach Biblioteki i Archiwum: Ksi\u0119g\u0119 nowicjuszy i \u015blub\u00f3w zakonnych z lat 1609-1680 (sygn. Lib.II.8) oraz Ksi\u0119g\u0119 dochod\u00f3w konwentu i szpitala bonifratr\u00f3w w Wilnie z lat 1642-1645 (sygn. A-168). Ksi\u0119ga nowicjuszy i \u015blub\u00f3w zakonnych (1609-1680) jest [&hellip;]<\/p>\n","protected":false},"author":8,"featured_media":0,"parent":39,"menu_order":30,"comment_status":"closed","ping_status":"closed","template":"","meta":{"footnotes":""},"categories":[5],"_links":{"self":[{"href":"https:\/\/bonifratrzy.pl\/klasztor-krakow\/wp-json\/wp\/v2\/pages\/171"}],"collection":[{"href":"https:\/\/bonifratrzy.pl\/klasztor-krakow\/wp-json\/wp\/v2\/pages"}],"about":[{"href":"https:\/\/bonifratrzy.pl\/klasztor-krakow\/wp-json\/wp\/v2\/types\/page"}],"author":[{"embeddable":true,"href":"https:\/\/bonifratrzy.pl\/klasztor-krakow\/wp-json\/wp\/v2\/users\/8"}],"replies":[{"embeddable":true,"href":"https:\/\/bonifratrzy.pl\/klasztor-krakow\/wp-json\/wp\/v2\/comments?post=171"}],"version-history":[{"count":0,"href":"https:\/\/bonifratrzy.pl\/klasztor-krakow\/wp-json\/wp\/v2\/pages\/171\/revisions"}],"up":[{"embeddable":true,"href":"https:\/\/bonifratrzy.pl\/klasztor-krakow\/wp-json\/wp\/v2\/pages\/39"}],"wp:attachment":[{"href":"https:\/\/bonifratrzy.pl\/klasztor-krakow\/wp-json\/wp\/v2\/media?parent=171"}],"wp:term":[{"taxonomy":"category","embeddable":true,"href":"https:\/\/bonifratrzy.pl\/klasztor-krakow\/wp-json\/wp\/v2\/categories?post=171"}],"curies":[{"name":"wp","href":"https:\/\/api.w.org\/{rel}","templated":true}]}}