{"id":85,"date":"2016-01-19T00:01:16","date_gmt":"2016-01-18T23:01:16","guid":{"rendered":"https:\/\/bonifratrzy.pl\/klasztor-konary-zielona\/?page_id=85"},"modified":"2026-04-23T19:31:05","modified_gmt":"2026-04-23T17:31:05","slug":"kontakt","status":"publish","type":"page","link":"https:\/\/bonifratrzy.pl\/klasztor-konary-zielona\/kontakt\/","title":{"rendered":"Kontakt"},"content":{"rendered":"<p><strong>Archidiecezja Krakowska<\/strong><\/p>\n<p>Konary, ul. Bonifraterska 11<\/p>\n<p>32-031 Mogilany<\/p>\n<p>e-mail:<\/p>\n<p>&#112;&#x72;z&#x65;o&#114;&#x6b;&#111;&#x6e;a&#114;&#x79;&#64;&#x62;o&#x6e;&#x69;&#102;&#x72;a&#x74;r&#122;&#x79;&#46;&#x70;l<\/p>\n<div class=\"su-gmap su-u-responsive-media-yes\"><iframe loading=\"lazy\" width=\"820\" height=\"400\" src=\"\/\/maps.google.com\/maps?q=Konwent%20Bonifratr%C3%B3w%20Konary-Zielona%2C%20Bonifraterska%2011%2C%2032-031%20Mogilany&amp;output=embed\" title=\"\"><\/iframe><\/div>\n<p>Polityka ochrony danych osobowych dost\u0119pna jest tutaj:<\/p>\n<p><a href=\"https:\/\/bonifratrzy.pl\/klasztor-konary-zielona\/wp-content\/uploads\/sites\/13\/2025\/01\/PODO.pdf\" target=\"\" rel=\"noopener\">PODO<\/a><\/p>\n<p>Inspektor Danych Osobowych: Pani Ma\u0142gorzata Topy\u0142a- Komosa kontakt: &#x70;r&#x7a;&#101;&#x6f;&#x72;k&#x6f;&#110;&#x61;&#x72;y&#x40;&#98;&#x6f;&#x6e;i&#x66;&#114;&#x61;&#x74;r&#x7a;&#121;&#x2e;&#x70;l<\/p>\n","protected":false},"excerpt":{"rendered":"<p>Archidiecezja Krakowska Konary, ul. Bonifraterska 11 32-031 Mogilany e-mail: &#x70;&#x72;&#x7a;&#x65;&#111;&#114;&#107;on&#x61;&#x72;&#x79;&#x40;&#x62;&#111;&#110;&#105;fr&#x61;&#x74;&#x72;&#x7a;&#x79;&#46;&#112;&#108; Polityka ochrony danych osobowych dost\u0119pna jest tutaj: PODO Inspektor Danych Osobowych: Pani Ma\u0142gorzata Topy\u0142a- Komosa kontakt: p&#114;&#x7a;&#x65;&#x6f;r&#107;&#111;&#x6e;&#x61;r&#121;&#64;&#x62;&#x6f;ni&#102;&#x72;&#x61;&#x74;r&#122;&#x79;&#x2e;&#x70;l<\/p>\n","protected":false},"author":1,"featured_media":0,"parent":0,"menu_order":7,"comment_status":"closed","ping_status":"closed","template":"","meta":{"footnotes":""},"_links":{"self":[{"href":"https:\/\/bonifratrzy.pl\/klasztor-konary-zielona\/wp-json\/wp\/v2\/pages\/85"}],"collection":[{"href":"https:\/\/bonifratrzy.pl\/klasztor-konary-zielona\/wp-json\/wp\/v2\/pages"}],"about":[{"href":"https:\/\/bonifratrzy.pl\/klasztor-konary-zielona\/wp-json\/wp\/v2\/types\/page"}],"author":[{"embeddable":true,"href":"https:\/\/bonifratrzy.pl\/klasztor-konary-zielona\/wp-json\/wp\/v2\/users\/1"}],"replies":[{"embeddable":true,"href":"https:\/\/bonifratrzy.pl\/klasztor-konary-zielona\/wp-json\/wp\/v2\/comments?post=85"}],"version-history":[{"count":11,"href":"https:\/\/bonifratrzy.pl\/klasztor-konary-zielona\/wp-json\/wp\/v2\/pages\/85\/revisions"}],"predecessor-version":[{"id":4345,"href":"https:\/\/bonifratrzy.pl\/klasztor-konary-zielona\/wp-json\/wp\/v2\/pages\/85\/revisions\/4345"}],"wp:attachment":[{"href":"https:\/\/bonifratrzy.pl\/klasztor-konary-zielona\/wp-json\/wp\/v2\/media?parent=85"}],"curies":[{"name":"wp","href":"https:\/\/api.w.org\/{rel}","templated":true}]}}

<p><strong>Archidiecezja Krakowska</strong></p>
<p>Konary, ul. Bonifraterska 11</p>
<p>32-031 Mogilany</p>
<p>e-mail:</p>
<p>&#112;&#x72;z&#x65;o&#114;&#x6b;&#111;&#x6e;a&#114;&#x79;&#64;&#x62;o&#x6e;&#x69;&#102;&#x72;a&#x74;r&#122;&#x79;&#46;&#x70;l</p>
<div class="su-gmap su-u-responsive-media-yes"><iframe loading="lazy" width="820" height="400" src="//maps.google.com/maps?q=Konwent%20Bonifratr%C3%B3w%20Konary-Zielona%2C%20Bonifraterska%2011%2C%2032-031%20Mogilany&amp;output=embed" title=""></iframe></div>
<p>Polityka ochrony danych osobowych dostępna jest tutaj:</p>
<p><a href="https://bonifratrzy.pl/klasztor-konary-zielona/wp-content/uploads/sites/13/2025/01/PODO.pdf" target="" rel="noopener">PODO</a></p>
<p>Inspektor Danych Osobowych: Pani Małgorzata Topyła- Komosa kontakt: &#x70;r&#x7a;&#101;&#x6f;&#x72;k&#x6f;&#110;&#x61;&#x72;y&#x40;&#98;&#x6f;&#x6e;i&#x66;&#114;&#x61;&#x74;r&#x7a;&#121;&#x2e;&#x70;l</p>

<p>Archidiecezja Krakowska Konary, ul. Bonifraterska 11 32-031 Mogilany e-mail: &#x70;&#x72;&#x7a;&#x65;&#111;&#114;&#107;on&#x61;&#x72;&#x79;&#x40;&#x62;&#111;&#110;&#105;fr&#x61;&#x74;&#x72;&#x7a;&#x79;&#46;&#112;&#108; Polityka ochrony danych osobowych dostępna jest tutaj: PODO Inspektor Danych Osobowych: Pani Małgorzata Topyła- Komosa kontakt: p&#114;&#x7a;&#x65;&#x6f;r&#107;&#111;&#x6e;&#x61;r&#121;&#64;&#x62;&#x6f;ni&#102;&#x72;&#x61;&#x74;r&#122;&#x79;&#x2e;&#x70;l</p>
