{"id":5,"date":"2016-01-18T22:28:10","date_gmt":"2016-01-18T21:28:10","guid":{"rendered":"https:\/\/bonifratrzy.pl\/klasztor-konary-zielona\/?page_id=5"},"modified":"2026-04-22T09:32:19","modified_gmt":"2026-04-22T07:32:19","slug":"o-klasztorze","status":"publish","type":"page","link":"https:\/\/bonifratrzy.pl\/klasztor-konary-zielona\/","title":{"rendered":"O klasztorze"},"content":{"rendered":"<h2><\/h2>\n<h2><strong><span style=\"color: #c71718;\">Klasztor p.w. \u015bw. J\u00f3zefa w Konarach-Zielonej<\/span><\/strong><\/h2>\n<h2>Przeor &#8211; brat Grzegorz OH<\/h2>\n<p><strong><img loading=\"lazy\" decoding=\"async\" class=\"wp-image-164  alignleft\" src=\"https:\/\/bonifratrzy.pl\/klasztor-konary-zielona\/wp-content\/uploads\/sites\/13\/2016\/01\/grzegorz_2-223x300.jpg\" alt=\"\" width=\"108\" height=\"146\" srcset=\"https:\/\/bonifratrzy.pl\/klasztor-konary-zielona\/wp-content\/uploads\/sites\/13\/2016\/01\/grzegorz_2-223x300.jpg 223w, https:\/\/bonifratrzy.pl\/klasztor-konary-zielona\/wp-content\/uploads\/sites\/13\/2016\/01\/grzegorz_2.jpg 475w\" sizes=\"(max-width: 108px) 100vw, 108px\" \/><\/strong><\/p>\n<p><strong>Artur Ko\u0142tun<\/strong><\/p>\n<p>wst. 28.08.1995 r., ob\u0142. 18.03.1996 r.,<br \/>\n\u015bl. czas. 19.03.1998\u00a0 r., \u015bl. wiecz. 08.03.2003 r<\/p>\n<p>Imieniny: 3 wrze\u015bnia<\/p>\n<p><strong>Wsp\u00f3lnot\u0119 zakonn\u0105 tworz\u0105 r\u00f3wnie\u017c:<\/strong><\/p>\n<ul>\n<li>br. Tomasz Olczyk OH<\/li>\n<li>o. Kazimierz W\u0105sik OH<\/li>\n<\/ul>\n<h2>Prowadzone dzie\u0142a<\/h2>\n<p><a href=\"http:\/\/bonifundo.pl\/\">Bonifraterska Fundacja Dobroczynna<\/a><\/p>\n<p><a href=\"http:\/\/bonifundo.pl\/bonifraterski_osrodek_mediacji\">Boni-Activ Sp. z o.o. non profit<\/a><\/p>\n","protected":false},"excerpt":{"rendered":"<p>Klasztor p.w. \u015bw. J\u00f3zefa w Konarach-Zielonej Przeor &#8211; brat Grzegorz OH Artur Ko\u0142tun wst. 28.08.1995 r., ob\u0142. 18.03.1996 r., \u015bl. czas. 19.03.1998\u00a0 r., \u015bl. wiecz. 08.03.2003 r Imieniny: 3 wrze\u015bnia Wsp\u00f3lnot\u0119 zakonn\u0105 tworz\u0105 r\u00f3wnie\u017c: br. Tomasz Olczyk OH o. Kazimierz W\u0105sik OH Prowadzone dzie\u0142a Bonifraterska Fundacja Dobroczynna Boni-Activ Sp. z o.o. non profit<\/p>\n","protected":false},"author":1,"featured_media":0,"parent":0,"menu_order":1,"comment_status":"closed","ping_status":"closed","template":"page-home.php","meta":{"footnotes":""},"_links":{"self":[{"href":"https:\/\/bonifratrzy.pl\/klasztor-konary-zielona\/wp-json\/wp\/v2\/pages\/5"}],"collection":[{"href":"https:\/\/bonifratrzy.pl\/klasztor-konary-zielona\/wp-json\/wp\/v2\/pages"}],"about":[{"href":"https:\/\/bonifratrzy.pl\/klasztor-konary-zielona\/wp-json\/wp\/v2\/types\/page"}],"author":[{"embeddable":true,"href":"https:\/\/bonifratrzy.pl\/klasztor-konary-zielona\/wp-json\/wp\/v2\/users\/1"}],"replies":[{"embeddable":true,"href":"https:\/\/bonifratrzy.pl\/klasztor-konary-zielona\/wp-json\/wp\/v2\/comments?post=5"}],"version-history":[{"count":35,"href":"https:\/\/bonifratrzy.pl\/klasztor-konary-zielona\/wp-json\/wp\/v2\/pages\/5\/revisions"}],"predecessor-version":[{"id":4333,"href":"https:\/\/bonifratrzy.pl\/klasztor-konary-zielona\/wp-json\/wp\/v2\/pages\/5\/revisions\/4333"}],"wp:attachment":[{"href":"https:\/\/bonifratrzy.pl\/klasztor-konary-zielona\/wp-json\/wp\/v2\/media?parent=5"}],"curies":[{"name":"wp","href":"https:\/\/api.w.org\/{rel}","templated":true}]}}

<h2></h2>
<h2><strong><span style="color: #c71718;">Klasztor p.w. św. Józefa w Konarach-Zielonej</span></strong></h2>
<h2>Przeor &#8211; brat Grzegorz OH</h2>
<p><strong><img loading="lazy" decoding="async" class="wp-image-164  alignleft" src="https://bonifratrzy.pl/klasztor-konary-zielona/wp-content/uploads/sites/13/2016/01/grzegorz_2-223x300.jpg" alt="" width="108" height="146" srcset="https://bonifratrzy.pl/klasztor-konary-zielona/wp-content/uploads/sites/13/2016/01/grzegorz_2-223x300.jpg 223w, https://bonifratrzy.pl/klasztor-konary-zielona/wp-content/uploads/sites/13/2016/01/grzegorz_2.jpg 475w" sizes="(max-width: 108px) 100vw, 108px" /></strong></p>
<p><strong>Artur Kołtun</strong></p>
<p>wst. 28.08.1995 r., obł. 18.03.1996 r.,<br />
śl. czas. 19.03.1998  r., śl. wiecz. 08.03.2003 r</p>
<p>Imieniny: 3 września</p>
<p><strong>Wspólnotę zakonną tworzą również:</strong></p>
<ul>
<li>br. Tomasz Olczyk OH</li>
<li>o. Kazimierz Wąsik OH</li>
</ul>
<h2>Prowadzone dzieła</h2>
<p><a href="http://bonifundo.pl/">Bonifraterska Fundacja Dobroczynna</a></p>
<p><a href="http://bonifundo.pl/bonifraterski_osrodek_mediacji">Boni-Activ Sp. z o.o. non profit</a></p>

<p>Klasztor p.w. św. Józefa w Konarach-Zielonej Przeor &#8211; brat Grzegorz OH Artur Kołtun wst. 28.08.1995 r., obł. 18.03.1996 r., śl. czas. 19.03.1998  r., śl. wiecz. 08.03.2003 r Imieniny: 3 września Wspólnotę zakonną tworzą również: br. Tomasz Olczyk OH o. Kazimierz Wąsik OH Prowadzone dzieła Bonifraterska Fundacja Dobroczynna Boni-Activ Sp. z o.o. non profit</p>
