{"id":48,"date":"2016-01-18T23:11:54","date_gmt":"2016-01-18T22:11:54","guid":{"rendered":"https:\/\/bonifratrzy.pl\/klasztor-konary-zielona\/?page_id=48"},"modified":"2022-08-31T14:06:05","modified_gmt":"2022-08-31T12:06:05","slug":"wolontariat","status":"publish","type":"page","link":"https:\/\/bonifratrzy.pl\/klasztor-konary-zielona\/wolontariat\/","title":{"rendered":"Wolontariat i praktyki"},"content":{"rendered":"\n<p>&nbsp;<\/p>\n<p>Czy wiesz, \u017ce sp\u0119dzenie 30 min w towarzystwie osoby choruj\u0105cej sprawia, rado\u015b\u0107, kt\u00f3ra utrzymuje si\u0119 przez ca\u0142y dzie\u0144? Razem mo\u017cemy sprawi\u0107, aby u\u015bmiech naszych Podopiecznych trwa\u0142 d\u0142u\u017cej!<\/p>\n<p>Ka\u017cdego dnia w Naszych plac\u00f3wkach czeka na Ciebie blisko 190 os\u00f3b, kt\u00f3re otaczamy opiek\u0105 i wsparciem w ramach dzia\u0142alno\u015bci:<\/p>\n<p>\u2022 Warsztatu Terapii Zaj\u0119ciowej<br \/>\n\u2022 \u015arodowiskowego Domu Samopomocy<br \/>\n\u2022 Zak\u0142adu Aktywno\u015bci Zawodowej<br \/>\n\u2022 Domu Pomocy Spo\u0142ecznej<\/p>\n<p>Co mo\u017cesz robi\u0107 jako Wolontariusz lub Praktykant?<br \/>\n\u2022 pomaga\u0107 w prowadzeniu zaj\u0119\u0107 terapeutycznych;<br \/>\n\u2022 prowadzi\u0107 samodzielnie warsztaty, zaj\u0119cia (np.: plastyczne, sportowe, j\u0119zykowe);<br \/>\n\u2022 organizowa\u0107 ciekawe wydarzenia, spotkania;<br \/>\n\u2022 pomaga\u0107 w pracach projektowych, pisaniu i pozyskiwaniu funduszy oraz rozliczaniu projekt\u00f3w;<br \/>\n\u2022 towarzyszy\u0107 naszym podopiecznym podczas spacer\u00f3w, wyjazd\u00f3w, zaj\u0119\u0107;<br \/>\n\u2022 prowadzi\u0107 dzia\u0142ania specjalistyczne (np. z zakresu psychologii, doradztwa zawodowego);<br \/>\n\u2022 pomaga\u0107 w pracach fizycznych;<br \/>\n\u2022 pomaga\u0107 w pracach administracyjnych i organizacyjnych.<\/p>\n<p>Jak zosta\u0107 wolontariuszem?<\/p>\n<p>1. Zapoznaj si\u0119 z ofert\u0105 Wolontariatu w Bonifraterskiej Fundacji Dobroczynnej;<br \/>\n2. Przeczytaj Regulamin i Kodeks Etyczny Wolontariusza;<br \/>\n3. Wype\u0142nij ankiet\u0119 dla kandydata;<br \/>\n4. Wy\u015blij wiadomo\u015b\u0107, zadzwo\u0144 lub przyjd\u017a do nas na rozmow\u0119! &#x77;&#111;l&#x6f;&#110;&#116;&#x61;&#x72;&#105;a&#x74;&#64;b&#x6f;&#x6e;&#105;f&#x75;&#110;d&#x6f;&#x2e;&#112;l; 12-256-10-58; Konary, ul. Bonifraterska 11.<\/p>\n<p><a href=\"https:\/\/bonifratrzy.pl\/klasztor-konary-zielona\/wp-content\/uploads\/sites\/13\/2022\/08\/Ankieta-wolontariusza.docx\">Ankieta Wolontariusza<\/a><\/p>\n<p><a href=\"https:\/\/bonifratrzy.pl\/klasztor-konary-zielona\/wp-content\/uploads\/sites\/13\/2022\/08\/Karta-pracy-wolontariusza.docx\">Karta Pracy Wolontariusza<\/a><\/p>\n<p><a href=\"https:\/\/bonifratrzy.pl\/klasztor-konary-zielona\/wp-content\/uploads\/sites\/13\/2022\/08\/Kodeks-etyczny-wolontariusza.docx\">Kodeks Etyczny Wolontariusza<\/a><\/p>\n<p><a href=\"https:\/\/bonifratrzy.pl\/klasztor-konary-zielona\/wp-content\/uploads\/sites\/13\/2022\/08\/oswiadczenia.docx\">O\u015bwiadczenia<\/a><\/p>\n<p><a href=\"https:\/\/bonifratrzy.pl\/klasztor-konary-zielona\/wp-content\/uploads\/sites\/13\/2022\/08\/Regulamin-wolontariatu.docx\">Regulamin Wolontariatu<\/a><\/p>\n<p><a href=\"https:\/\/bonifratrzy.pl\/klasztor-konary-zielona\/wp-content\/uploads\/sites\/13\/2022\/08\/zgoda-rodzicow-na-wolontariat.docx\">Zgoda Rodzic\u00f3w Na Wolontariat<\/a><\/p>\n<p>Studencie!<br \/>\nSzukasz interesuj\u0105cego miejsca na swoje praktyki\/wolontariat? Przyjd\u017a do nas! Oferujemy szerokie mo\u017cliwo\u015bci rozwoju i nauki dla student\u00f3w takich kierunk\u00f3w jak:<br \/>\n&#8211; psychologia<br \/>\n&#8211; pedagogika specjalna<br \/>\n&#8211; pedagogika<br \/>\n&#8211; terapia zaj\u0119ciowa<br \/>\n&#8211; resocjalizacja<br \/>\n&#8211; praca socjalna<br \/>\n&#8211; nauki o rodzinie<br \/>\n&#8211; fizjoterapia<br \/>\n&#8211; piel\u0119gniarstwo<br \/>\n&#8211; sztuka i edukacja<br \/>\n&#8211; zarz\u0105dzanie w pomocy spo\u0142ecznej<\/p>\n<p>Nie studiujesz na kierunkach wymienionych powy\u017cej ale chcesz nas pozna\u0107? Nic nie szkodzi! Zapraszamy do kontaktu!<br \/>\nwo&#108;&#111;&#x6e;&#x74;&#x61;&#x72;ia&#116;&#64;&#x62;&#x6f;&#x6e;&#x69;fu&#110;&#100;&#111;&#x2e;&#x70;&#x6c;<\/p>\n<p>W ramach realizacji praktyk i projekt\u00f3w studenckich mamy podpisane porozumienie z:<br \/>\n\u2022 Uniwersytetem Rolniczym im. H. Ko\u0142\u0142\u0105taja w Krakowie<br \/>\n\u2022 Uniwersytetem Papieskim Jana Paw\u0142a II w Krakowie<br \/>\n\u2022 Krakowska Akademia im. Andrzeja Frycza Modrzewskiego<\/p>\n<div class=\"wpmf-gallerys wpmf-gallerys-life \" ><div id=\"gallery-1\"\n data-gutter-width=\"5\"\n  data-wpmfcolumns=\"1\" class=\"wpmf-gallery gallery-link-file gallery_life gallery-masonry gallery-columns-1 gallery-size-large wpmf-gallery-bottomspace-default wpmf-gallery-clear wpmf-has-border-radius-0 wpmf-gutterwidth-5\"><div class=\"wpmf-gallery-item\n     wpmf-gallery-item-position-0 wpmf-gallery-item-attachment-438\" data-index=\"0\"><div class=\"wpmf-gallery-icon\"><a class=\" not_video noLightbox\" data-lightbox=\"1\" data-href=\"https:\/\/bonifratrzy.pl\/klasztor-konary-zielona\/wp-content\/uploads\/sites\/13\/2022\/08\/Praktyki-wolontariat-praca-BFD-729x1024.jpg\" title=\"Print\" target=\"_self\" data-index=\"0\"><img decoding=\"async\" class=\"wpmf_img\" alt=\"Print\" src=\"https:\/\/bonifratrzy.pl\/klasztor-konary-zielona\/wp-content\/uploads\/sites\/13\/2022\/08\/Praktyki-wolontariat-praca-BFD-729x1024.jpg\" data-type=\"wpmfgalleryimg\" data-lazy-src=\"https:\/\/bonifratrzy.pl\/klasztor-konary-zielona\/wp-content\/uploads\/sites\/13\/2022\/08\/Praktyki-wolontariat-praca-BFD-729x1024.jpg\"><\/a><\/div><\/div><\/div><\/div>\n\n","protected":false},"excerpt":{"rendered":"<p>&nbsp; Czy wiesz, \u017ce sp\u0119dzenie 30 min w towarzystwie osoby choruj\u0105cej sprawia, rado\u015b\u0107, kt\u00f3ra utrzymuje si\u0119 przez ca\u0142y dzie\u0144? Razem mo\u017cemy sprawi\u0107, aby u\u015bmiech naszych Podopiecznych trwa\u0142 d\u0142u\u017cej! Ka\u017cdego dnia w Naszych plac\u00f3wkach czeka na Ciebie blisko 190 os\u00f3b, kt\u00f3re otaczamy opiek\u0105 i wsparciem w ramach dzia\u0142alno\u015bci: \u2022 Warsztatu Terapii Zaj\u0119ciowej \u2022 \u015arodowiskowego Domu Samopomocy [&hellip;]<\/p>\n","protected":false},"author":1,"featured_media":438,"parent":0,"menu_order":8,"comment_status":"closed","ping_status":"closed","template":"","meta":{"footnotes":""},"_links":{"self":[{"href":"https:\/\/bonifratrzy.pl\/klasztor-konary-zielona\/wp-json\/wp\/v2\/pages\/48"}],"collection":[{"href":"https:\/\/bonifratrzy.pl\/klasztor-konary-zielona\/wp-json\/wp\/v2\/pages"}],"about":[{"href":"https:\/\/bonifratrzy.pl\/klasztor-konary-zielona\/wp-json\/wp\/v2\/types\/page"}],"author":[{"embeddable":true,"href":"https:\/\/bonifratrzy.pl\/klasztor-konary-zielona\/wp-json\/wp\/v2\/users\/1"}],"replies":[{"embeddable":true,"href":"https:\/\/bonifratrzy.pl\/klasztor-konary-zielona\/wp-json\/wp\/v2\/comments?post=48"}],"version-history":[{"count":5,"href":"https:\/\/bonifratrzy.pl\/klasztor-konary-zielona\/wp-json\/wp\/v2\/pages\/48\/revisions"}],"predecessor-version":[{"id":440,"href":"https:\/\/bonifratrzy.pl\/klasztor-konary-zielona\/wp-json\/wp\/v2\/pages\/48\/revisions\/440"}],"wp:featuredmedia":[{"embeddable":true,"href":"https:\/\/bonifratrzy.pl\/klasztor-konary-zielona\/wp-json\/wp\/v2\/media\/438"}],"wp:attachment":[{"href":"https:\/\/bonifratrzy.pl\/klasztor-konary-zielona\/wp-json\/wp\/v2\/media?parent=48"}],"curies":[{"name":"wp","href":"https:\/\/api.w.org\/{rel}","templated":true}]}}