{"id":46,"date":"2016-01-18T23:10:24","date_gmt":"2016-01-18T22:10:24","guid":{"rendered":"https:\/\/bonifratrzy.pl\/klasztor-konary-zielona\/?page_id=46"},"modified":"2023-07-28T11:27:38","modified_gmt":"2023-07-28T09:27:38","slug":"zespol-opieki-duszpasterskiej","status":"publish","type":"page","link":"https:\/\/bonifratrzy.pl\/klasztor-konary-zielona\/zespol-opieki-duszpasterskiej\/","title":{"rendered":"Dzia\u0142alno\u015b\u0107"},"content":{"rendered":"<p>Konwent Ojc\u00f3w Bonifratr\u00f3w Konary-Zielona jest za\u0142o\u017cycielem:<\/p>\n<ul>\n<li><a href=\"http:\/\/bonifundo.pl\/dps\">Domu Pomocy Spo\u0142ecznej<\/a><\/li>\n<li><a href=\"http:\/\/bonifundo.pl\/wtz\">Warsztatu Terapii Zaj\u0119ciowej<\/a><\/li>\n<li><a href=\"http:\/\/bonifundo.pl\/sds\">\u015arodowiskowego Domu Samopomocy<\/a><\/li>\n<li><a href=\"http:\/\/bonifundo.pl\/zaz\">Zak\u0142adu Aktywno\u015bci Zawodowej<\/a><\/li>\n<\/ul>\n<p>Jest r\u00f3wnie\u017c wsp\u00f3lnikiem <a href=\"https:\/\/bonifundo.pl\/nasza-dzialalnosc\/ba\/\">Sp\u00f3\u0142ki non profit Boni-Activ Sp. z o.o.<\/a><\/p>\n<p>W ramach swojej dzia\u0142alno\u015bci prowadzi r\u00f3wnie\u017c <strong>Zesp\u00f3\u0142 Opieki Duszpasterskiej<\/strong><\/p>\n<p>W Konwencie Bonifratr\u00f3w w Konarach dzia\u0142a Zesp\u00f3\u0142 Opieki Duszpasterskiej, b\u0119d\u0105cy dobrowoln\u0105 i wsp\u00f3ln\u0105 inicjatyw\u0105 wsp\u00f3lnoty braci, pracownik\u00f3w wszystkich Dzie\u0142 i wolontariuszy. G\u0142\u00f3wnymi celami dzia\u0142alno\u015bci Zespo\u0142u s\u0105:<\/p>\n<p>1. Animowanie \u017cycia duchowego<br \/>\n2. Pos\u0142uga duchowa<br \/>\n3. Integracja zar\u00f3wno podopiecznych jak i personelu<br \/>\n4. Rozw\u00f3j wolontariatu<\/p>\n<p>Zesp\u00f3\u0142 Opieki Duszpasterskiej animuje \u017cycie duchowe Konwentu. Dbamy o odpowiedni\u0105 opraw\u0119 mszy \u015bwi\u0119tych, uroczysto\u015bci, nabo\u017ce\u0144stw. Prowadzone s\u0105 katechezy i spotkania r\u00f3\u017ca\u0144cowe dla podopiecznych i personelu, gdzie w modlitwie i rozwa\u017caniach \u0142\u0105czy si\u0119 ca\u0142a spo\u0142eczno\u015b\u0107 Konwentu.<br \/>\nPochylamy si\u0119 tak\u017ce nad ka\u017cdym potrzebuj\u0105cym, s\u0142u\u017cymy rad\u0105, wsparciem, modlitw\u0105. Staramy si\u0119 odpowiada\u0107 na bie\u017c\u0105ce potrzeby naszych podopiecznych tak, aby nikt nie odszed\u0142 nie uzyskawszy wsparcia.<\/p>\n","protected":false},"excerpt":{"rendered":"<p>Konwent Ojc\u00f3w Bonifratr\u00f3w Konary-Zielona jest za\u0142o\u017cycielem: Domu Pomocy Spo\u0142ecznej Warsztatu Terapii Zaj\u0119ciowej \u015arodowiskowego Domu Samopomocy Zak\u0142adu Aktywno\u015bci Zawodowej Jest r\u00f3wnie\u017c wsp\u00f3lnikiem Sp\u00f3\u0142ki non profit Boni-Activ Sp. z o.o. W ramach swojej dzia\u0142alno\u015bci prowadzi r\u00f3wnie\u017c Zesp\u00f3\u0142 Opieki Duszpasterskiej W Konwencie Bonifratr\u00f3w w Konarach dzia\u0142a Zesp\u00f3\u0142 Opieki Duszpasterskiej, b\u0119d\u0105cy dobrowoln\u0105 i wsp\u00f3ln\u0105 inicjatyw\u0105 wsp\u00f3lnoty braci, pracownik\u00f3w wszystkich [&hellip;]<\/p>\n","protected":false},"author":1,"featured_media":0,"parent":0,"menu_order":10,"comment_status":"closed","ping_status":"closed","template":"","meta":{"footnotes":""},"_links":{"self":[{"href":"https:\/\/bonifratrzy.pl\/klasztor-konary-zielona\/wp-json\/wp\/v2\/pages\/46"}],"collection":[{"href":"https:\/\/bonifratrzy.pl\/klasztor-konary-zielona\/wp-json\/wp\/v2\/pages"}],"about":[{"href":"https:\/\/bonifratrzy.pl\/klasztor-konary-zielona\/wp-json\/wp\/v2\/types\/page"}],"author":[{"embeddable":true,"href":"https:\/\/bonifratrzy.pl\/klasztor-konary-zielona\/wp-json\/wp\/v2\/users\/1"}],"replies":[{"embeddable":true,"href":"https:\/\/bonifratrzy.pl\/klasztor-konary-zielona\/wp-json\/wp\/v2\/comments?post=46"}],"version-history":[{"count":4,"href":"https:\/\/bonifratrzy.pl\/klasztor-konary-zielona\/wp-json\/wp\/v2\/pages\/46\/revisions"}],"predecessor-version":[{"id":1487,"href":"https:\/\/bonifratrzy.pl\/klasztor-konary-zielona\/wp-json\/wp\/v2\/pages\/46\/revisions\/1487"}],"wp:attachment":[{"href":"https:\/\/bonifratrzy.pl\/klasztor-konary-zielona\/wp-json\/wp\/v2\/media?parent=46"}],"curies":[{"name":"wp","href":"https:\/\/api.w.org\/{rel}","templated":true}]}}