{"id":20,"date":"2016-01-18T22:47:28","date_gmt":"2016-01-18T21:47:28","guid":{"rendered":"https:\/\/bonifratrzy.pl\/klasztor-konary-zielona\/?page_id=20"},"modified":"2016-05-15T16:17:47","modified_gmt":"2016-05-15T14:17:47","slug":"patron","status":"publish","type":"page","link":"https:\/\/bonifratrzy.pl\/klasztor-konary-zielona\/kaplica-pw-sw-jozefa\/patron\/","title":{"rendered":"Patron"},"content":{"rendered":"<p>W pierwszym dniu miesi\u0105ca maja Ko\u015bci\u00f3\u0142 katolicki obchodzi wspomnienie \u015bw. J\u00f3zefa, robotnika. Do\u00a0 kalendarza liturgicznego wesz\u0142o ono w 1955 roku.<\/p>\n<p>\u015aw. J\u00f3zef jest patronem licznych stowarzysze\u0144 i zgromadze\u0144 zakonnych nosz\u0105cych jego imi\u0119. Jest tak\u017ce patronem cie\u015bli, stolarzy, rzemie\u015blnik\u00f3w, ko\u0142odziei, in\u017cynier\u00f3w, grabarzy, wychowawc\u00f3w, podr\u00f3\u017cuj\u0105cych, wyp\u0119dzonych, bezdomnych, umieraj\u0105cych i dobrej \u015bmierci.<\/p>\n<p>1 maja 1955 roku zwracaj\u0105c si\u0119 do Katolickiego Stowarzyszenia Robotnik\u00f3w W\u0142oskich papie\u017c Pius XII proklamowa\u0142 ten dzie\u0144 \u015bwi\u0119tem J\u00f3zefa rzemie\u015blnika, nadaj\u0105c w ten spos\u00f3b religijne znaczenie \u015bwieckiemu, obchodzonemu na ca\u0142ym \u015bwiecie od 1892 r., \u015bwi\u0119tu pracy. W tym dniu Ko\u015bci\u00f3\u0142 pragnie zwr\u00f3ci\u0107 uwag\u0119 na prac\u0119 w aspekcie warto\u015bci chrze\u015bcija\u0144skich.<\/p>\n<p>Papie\u017c Jan Pawe\u0142 II wielokrotnie przywo\u0142ywa\u0142 \u015bw. J\u00f3zefa m\u00f3wi\u0105c o znaczeniu pracy w \u017cyciu cz\u0142owieka. &#8222;W pewnym sensie mo\u017cna powiedzie\u0107, \u017ce poprzez prac\u0119 cz\u0142owiek staje si\u0119 bardziej cz\u0142owiekiem. Dlatego pracowito\u015b\u0107 jest cnot\u0105. Aby jednak pracowito\u015b\u0107 pozwoli\u0142a cz\u0142owiekowi rzeczywi\u015bcie stawa\u0107 si\u0119 bardziej cz\u0142owiekiem, winna by\u0107 ona zawsze wpisana w spo\u0142eczny wymiar pracy. Jedynie pod tym warunkiem zachowana zostaje niezbywalna godno\u015b\u0107 osoby, a tak\u017ce spo\u0142eczna warto\u015b\u0107 ludzkiej dzia\u0142alno\u015bci&#8221; &#8211; podkre\u015bla\u0142 papie\u017c podczas audiencji generalnej na placu \u015bw. Piotra 1 maja 2002 r.<\/p>\n<p>Jako patrona obrali sobie \u015bw. J\u00f3zefa tak\u017ce polscy kap\u0142ani, wi\u0119\u017aniowie obozu koncentracyjnego w Dachau. Kap\u0142ani z\u0142o\u017cyli w 1945 r. w Dachau przysi\u0119g\u0119, \u017ce w przypadku oswobodzenia, co roku b\u0119d\u0105 spotyka\u0107 si\u0119 w miejscu kultu \u015bw. J\u00f3zefa w Kaliszu, by mu dzi\u0119kowa\u0107 za ocalenie.\u015aw. J\u00f3zef wzywany bywa w przypadku chor\u00f3b oczu, w pokusach, a tak\u017ce w sytuacjach beznadziejnych, zw\u0142aszcza braku dachu nad g\u0142ow\u0105.<\/p>\n<p>Pochodzi\u0142 z rodu kr\u00f3la Dawida, dlatego Betlejem by\u0142o miastem jego pochodzenia. Mieszka\u0142 w Nazarecie w Galilei. By\u0142 cie\u015bl\u0105. W tamtych czasach okre\u015blenie to oznacza\u0142o r\u00f3wnie\u017c rzemie\u015blnika wytwarzaj\u0105cego sprz\u0119t domowy. W Nazarecie pozna\u0142 i po\u015blubi\u0142 Maryj\u0119. Jeszcze przed wsp\u00f3lnym zamieszkaniem Maryja sta\u0142a si\u0119 brzemienna i dlatego J\u00f3zef zamierza\u0142 j\u0105 po kryjomu opu\u015bci\u0107. Wtedy we \u015bnie ukaza\u0142 mu si\u0119 anio\u0142 wyja\u015bniaj\u0105c mu cudowny charakter pocz\u0119cia Maryi. W zwi\u0105zku z zarz\u0105dzonym przez cesarza rzymskiego Augusta spisem ludno\u015bci J\u00f3zef i brzemienna Maryja udali si\u0119 do Betlejem i tam Maryja urodzi\u0142a Syna. J\u00f3zef nada\u0142 mu imi\u0119 Jezus, zgodnie z poleceniem anio\u0142a. Za rad\u0105 anio\u0142a J\u00f3zef uciek\u0142 z Dzieci\u0119ciem i Jego Matk\u0105 do Egiptu. Po \u015bmierci Heroda rodzina wr\u00f3ci\u0142a do Nazaretu.<\/p>\n<p>Pe\u0142ni\u0105c s\u0142u\u017cb\u0119 ojca, J\u00f3zef wsp\u00f3\u0142pracowa\u0142 ze swoj\u0105 ma\u0142\u017conk\u0105 Maryj\u0105, aby uczyni\u0107 dom w Nazarecie \u015brodowiskiem sprzyjaj\u0105cym wzrastaniu i osobowemu dojrzewaniu Jezusa. Wdra\u017caj\u0105c Go nast\u0119pnie do ci\u0119\u017ckiej pracy cie\u015bli J\u00f3zef pom\u00f3g\u0142 Jezusowi wej\u015b\u0107 w \u015bwiat pracy i w\u0142\u0105czy\u0107 si\u0119 w \u017cycie spo\u0142eczne. Gdy Jezus mia\u0142a lat 12, rodzina uda\u0142a si\u0119 na pielgrzymk\u0119 do Jerozolimy. Wzmianka o tej pielgrzymce jest ostatni\u0105 wiadomo\u015bci\u0105 w ewangeliach o J\u00f3zefie. By\u0107 mo\u017ce nied\u0142ugo potem umar\u0142. Z\u00a0 ca\u0142\u0105 pewno\u015bci\u0105 nie \u017cy\u0142 kiedy Jezus umieraj\u0105c na krzy\u017cu opiek\u0119 nad Maryja powierzy\u0142 uczniowi Janowi.<\/p>\n<p>Uroczysto\u015bci odpustowe w Konwencie Zakonu Bonifratr\u00f3w<br \/>\npw. \u015bw. J\u00f3zefa, rzemie\u015blnika obchodzone s\u0105 1 maja.<\/p>\n","protected":false},"excerpt":{"rendered":"<p>W pierwszym dniu miesi\u0105ca maja Ko\u015bci\u00f3\u0142 katolicki obchodzi wspomnienie \u015bw. J\u00f3zefa, robotnika. Do\u00a0 kalendarza liturgicznego wesz\u0142o ono w 1955 roku. \u015aw. J\u00f3zef jest patronem licznych stowarzysze\u0144 i zgromadze\u0144 zakonnych nosz\u0105cych jego imi\u0119. Jest tak\u017ce patronem cie\u015bli, stolarzy, rzemie\u015blnik\u00f3w, ko\u0142odziei, in\u017cynier\u00f3w, grabarzy, wychowawc\u00f3w, podr\u00f3\u017cuj\u0105cych, wyp\u0119dzonych, bezdomnych, umieraj\u0105cych i dobrej \u015bmierci. 1 maja 1955 roku zwracaj\u0105c si\u0119 [&hellip;]<\/p>\n","protected":false},"author":1,"featured_media":0,"parent":18,"menu_order":4,"comment_status":"closed","ping_status":"closed","template":"","meta":{"footnotes":""},"_links":{"self":[{"href":"https:\/\/bonifratrzy.pl\/klasztor-konary-zielona\/wp-json\/wp\/v2\/pages\/20"}],"collection":[{"href":"https:\/\/bonifratrzy.pl\/klasztor-konary-zielona\/wp-json\/wp\/v2\/pages"}],"about":[{"href":"https:\/\/bonifratrzy.pl\/klasztor-konary-zielona\/wp-json\/wp\/v2\/types\/page"}],"author":[{"embeddable":true,"href":"https:\/\/bonifratrzy.pl\/klasztor-konary-zielona\/wp-json\/wp\/v2\/users\/1"}],"replies":[{"embeddable":true,"href":"https:\/\/bonifratrzy.pl\/klasztor-konary-zielona\/wp-json\/wp\/v2\/comments?post=20"}],"version-history":[{"count":1,"href":"https:\/\/bonifratrzy.pl\/klasztor-konary-zielona\/wp-json\/wp\/v2\/pages\/20\/revisions"}],"predecessor-version":[{"id":21,"href":"https:\/\/bonifratrzy.pl\/klasztor-konary-zielona\/wp-json\/wp\/v2\/pages\/20\/revisions\/21"}],"up":[{"embeddable":true,"href":"https:\/\/bonifratrzy.pl\/klasztor-konary-zielona\/wp-json\/wp\/v2\/pages\/18"}],"wp:attachment":[{"href":"https:\/\/bonifratrzy.pl\/klasztor-konary-zielona\/wp-json\/wp\/v2\/media?parent=20"}],"curies":[{"name":"wp","href":"https:\/\/api.w.org\/{rel}","templated":true}]}}