{"id":29,"date":"2016-01-17T18:50:52","date_gmt":"2016-01-17T17:50:52","guid":{"rendered":"https:\/\/bonifratrzy.pl\/klasztor-katowice\/?page_id=29"},"modified":"2016-01-17T18:50:52","modified_gmt":"2016-01-17T17:50:52","slug":"historia-bogucic","status":"publish","type":"page","link":"https:\/\/bonifratrzy.pl\/klasztor-katowice\/historia-bogucic\/","title":{"rendered":"Historia Bogucic"},"content":{"rendered":"<h2>Bogucice \u2013 miejsce obecno\u015bci Braci Mi\u0142osierdzia<\/h2>\n<p>&nbsp;<br \/>\nKlasztor, kaplica i szpital po\u0142o\u017cone s\u0105 w najstarszej parafii rzymsko-katolickiej na terenie dzisiejszych Katowic, znanym miejscu pielgrzymkowym, zwi\u0105zanym z kultem Matki Bo\u017cej Boguckiej. Pierwsza wzmianka o osadzie Bogucice pochodzi z 1360 roku. Nazwa Bogucice wywodzi si\u0119 prawdopodobnie od jakiego\u015b Boguta, ojca rodu. Na obszarze pierwotnych Bogucic, nad rzek\u0105 Raw\u0105, powsta\u0142a w po\u0142owie XIV wieku Ku\u017ania Bogucicka, jeden z najstarszych obiekt\u00f3w przemys\u0142owych na \u015al\u0105sku. Na prze\u0142omie XVI i XVII wieku na po\u0142udnie od Ku\u017ani, zosta\u0142a za\u0142o\u017cona osada Katowice. Dokumenty historyczne stwierdzaj\u0105, \u017ce parafia \u015bw. Szczepana w Bogucicach jest najstarsz\u0105 na obszarze Katowic. Od pocz\u0105tku swego istnienia, do roku 1868, wchodzi\u0142a w sk\u0142ad dekanatu bytomskiego, potem przydzielono ja do nowo utworzonego dekanatu mys\u0142owickiego. Pierwszy ko\u015bci\u00f3\u0142 parafialny pw. \u015bw. Doroty sta\u0142 \u201ena g\u00f3rce\u201d. Najwcze\u015bniejsze zapiski o ko\u015bciele \u015bw. Szczepana i \u015bw. Doroty pochodz\u0105 z 1403 roku. Ko\u015bci\u00f3\u0142 parafialny drewniany, parokrotnie rozbudowywany, istnia\u0142 do 1773 roku. Kolejny, r\u00f3wnie\u017c drewniany, przetrwa\u0142 do 1891. W latach 1892-1894 wzniesiono, z inicjatywy ks. Ludwika Skowronka, ko\u015bci\u00f3\u0142 murowany z ceg\u0142y w stylu neogotyckim i ten istnieje do czas\u00f3w obecnych.<\/p>\n<p>W Bogucicach, le\u017c\u0105cych w centrum G\u00f3rno\u015bl\u0105skiego Okr\u0119gu Przemys\u0142owego, wyst\u0105pi\u0142y we wzmocnionej sile wszystkie negatywne problemy spo\u0142eczne, zwi\u0105zane z post\u0119puj\u0105cym szybko od po\u0142owy XIX wieku procesem rozwoju przemys\u0142u. Industrializacja, urbanizacja zmienia\u0142y materialne i moralne oblicze lokalnej spo\u0142eczno\u015bci. Niski stan elementarnego wykszta\u0142cenia mieszka\u0144c\u00f3w, z\u0142e warunki mieszkaniowe, niewystarczaj\u0105ce po\u017cywienie, brak sta\u0142ej opieki lekarskiej, z\u0142a kondycja zarobkowa ludzi \u2013 pog\u0142\u0119bia\u0142y skal\u0119 ub\u00f3stwa. W tym trudnym okresie wielkomiejska, przemys\u0142owa parafia oraz spo\u0142eczno\u015b\u0107 gminy Bogucie powierzona by\u0142a duszpasterskiej trosce dwu niezwyk\u0142ych kap\u0142an\u00f3w \u015bl\u0105skich, Ludwika Markiefki i jego m\u0142odszego brata, Leopolda \u2013 spo\u0142ecznych opiekun\u00f3w i duchowych przewodnik\u00f3w, z do\u015bwiadczenia praktycznego znaj\u0105cych warunki \u017cycia nie tylko swoich parafian. Ksi\u0105dz Leopold Markiefka, pochodz\u0105cy z wielodzietnej rodziny ch\u0142opskiej, gimnazjalne i uniwersyteckie wykszta\u0142cenie zdoby\u0142 dzi\u0119ki kulturalnemu i o\u015bwiatowemu mecenatowi starszych ksi\u0119\u017cy. Wsparcia i pomocy udzielili mu: ks. Schnajderski i brat Ludwik. Z inicjatywy ks. Leopolda na terenie Bogucic utworzono szko\u0142\u0119 ludow\u0105, szko\u0142\u0119 dla dziewcz\u0105t i sierociniec, kt\u00f3rego najwa\u017cniejszym celem by\u0142o \u201ewychowanie i utrzymanie ubogich sierot i innych dzieci, pozbawionych opieki\u201d. Wielkim przedsi\u0119wzi\u0119ciem ksi\u0119dza Leopolda Markiefki by\u0142o r\u00f3wnie\u017c powstanie konwentu, kaplicy i szpitala Bonifratr\u00f3w, kt\u00f3re mia\u0142y s\u0142u\u017cy\u0107 przede wszystkim ubogim.<\/p>\n","protected":false},"excerpt":{"rendered":"<p>Bogucice \u2013 miejsce obecno\u015bci Braci Mi\u0142osierdzia &nbsp; Klasztor, kaplica i szpital po\u0142o\u017cone s\u0105 w najstarszej parafii rzymsko-katolickiej na terenie dzisiejszych Katowic, znanym miejscu pielgrzymkowym, zwi\u0105zanym z kultem Matki Bo\u017cej Boguckiej. Pierwsza wzmianka o osadzie Bogucice pochodzi z 1360 roku. Nazwa Bogucice wywodzi si\u0119 prawdopodobnie od jakiego\u015b Boguta, ojca rodu. Na obszarze pierwotnych Bogucic, nad rzek\u0105 [&hellip;]<\/p>\n","protected":false},"author":1,"featured_media":0,"parent":0,"menu_order":13,"comment_status":"closed","ping_status":"closed","template":"","meta":{"footnotes":""},"_links":{"self":[{"href":"https:\/\/bonifratrzy.pl\/klasztor-katowice\/wp-json\/wp\/v2\/pages\/29"}],"collection":[{"href":"https:\/\/bonifratrzy.pl\/klasztor-katowice\/wp-json\/wp\/v2\/pages"}],"about":[{"href":"https:\/\/bonifratrzy.pl\/klasztor-katowice\/wp-json\/wp\/v2\/types\/page"}],"author":[{"embeddable":true,"href":"https:\/\/bonifratrzy.pl\/klasztor-katowice\/wp-json\/wp\/v2\/users\/1"}],"replies":[{"embeddable":true,"href":"https:\/\/bonifratrzy.pl\/klasztor-katowice\/wp-json\/wp\/v2\/comments?post=29"}],"version-history":[{"count":0,"href":"https:\/\/bonifratrzy.pl\/klasztor-katowice\/wp-json\/wp\/v2\/pages\/29\/revisions"}],"wp:attachment":[{"href":"https:\/\/bonifratrzy.pl\/klasztor-katowice\/wp-json\/wp\/v2\/media?parent=29"}],"curies":[{"name":"wp","href":"https:\/\/api.w.org\/{rel}","templated":true}]}}