{"id":1718,"date":"2021-07-20T12:34:01","date_gmt":"2021-07-20T10:34:01","guid":{"rendered":"https:\/\/bonifratrzy.pl\/klasztor-katowice\/?page_id=1718"},"modified":"2021-07-20T12:44:18","modified_gmt":"2021-07-20T10:44:18","slug":"kto-moze-byc-darczynca","status":"publish","type":"page","link":"https:\/\/bonifratrzy.pl\/klasztor-katowice\/wolontariat-bonifraterski\/kto-moze-byc-darczynca\/","title":{"rendered":"Kto mo\u017ce by\u0107 darczy\u0144c\u0105?"},"content":{"rendered":"<p>\u201eKupiec Jan de Salazar opowiada\u0142,: &#8222;Jan Bo\u017cy ubrany w pelerynk\u0119 z grubego samodzia\u0142u, podszyt\u0105 wiatrem i w kr\u00f3tkie spodnie do kolan ze zgrzebnego p\u0142\u00f3tna prosi\u0142 o ja\u0142mu\u017cn\u0119 dla swoich biednych. Chodzi\u0142 boso, z g\u0142ow\u0105 i brod\u0105 ogolona brzytw\u0105, bez przykrycia, z koszem na ramieniu i dwoma garnkami powi\u0105zanymi sznurem w r\u0119ku. Id\u0105c ulicami Grenady, wo\u0142a\u0142: Bracia, kto uczyni dobrze dla siebie samego? W ten spos\u00f3b prosi\u0142 o wsparcie, a wszyscy wsp\u00f3\u0142czuli mu, daj\u0105c mu ja\u0142mu\u017cn\u0119&#8221;<\/p>\n<p>Naszym dobrodziejem mo\u017ce zosta\u0107 ka\u017cda osoba dobrej woli, kt\u00f3ra swoj\u0105 modlitw\u0105, ofiar\u0105, wiedz\u0105, umiej\u0119tno\u015bciami i zasobami materialnymi pragnie wspiera\u0107 dzia\u0142alno\u015b\u0107 Rodziny Szpitalnej, we wszystkich dziedzinach jej funkcjonowania.<\/p>\n","protected":false},"excerpt":{"rendered":"<p>\u201eKupiec Jan de Salazar opowiada\u0142,: &#8222;Jan Bo\u017cy ubrany w pelerynk\u0119 z grubego samodzia\u0142u, podszyt\u0105 wiatrem i w kr\u00f3tkie spodnie do kolan ze zgrzebnego p\u0142\u00f3tna prosi\u0142 o ja\u0142mu\u017cn\u0119 dla swoich biednych. Chodzi\u0142 boso, z g\u0142ow\u0105 i brod\u0105 ogolona brzytw\u0105, bez przykrycia, z koszem na ramieniu i dwoma garnkami powi\u0105zanymi sznurem w r\u0119ku. Id\u0105c ulicami Grenady, wo\u0142a\u0142: [&hellip;]<\/p>\n","protected":false},"author":25,"featured_media":0,"parent":1679,"menu_order":5,"comment_status":"closed","ping_status":"closed","template":"","meta":{"footnotes":""},"_links":{"self":[{"href":"https:\/\/bonifratrzy.pl\/klasztor-katowice\/wp-json\/wp\/v2\/pages\/1718"}],"collection":[{"href":"https:\/\/bonifratrzy.pl\/klasztor-katowice\/wp-json\/wp\/v2\/pages"}],"about":[{"href":"https:\/\/bonifratrzy.pl\/klasztor-katowice\/wp-json\/wp\/v2\/types\/page"}],"author":[{"embeddable":true,"href":"https:\/\/bonifratrzy.pl\/klasztor-katowice\/wp-json\/wp\/v2\/users\/25"}],"replies":[{"embeddable":true,"href":"https:\/\/bonifratrzy.pl\/klasztor-katowice\/wp-json\/wp\/v2\/comments?post=1718"}],"version-history":[{"count":2,"href":"https:\/\/bonifratrzy.pl\/klasztor-katowice\/wp-json\/wp\/v2\/pages\/1718\/revisions"}],"predecessor-version":[{"id":1724,"href":"https:\/\/bonifratrzy.pl\/klasztor-katowice\/wp-json\/wp\/v2\/pages\/1718\/revisions\/1724"}],"up":[{"embeddable":true,"href":"https:\/\/bonifratrzy.pl\/klasztor-katowice\/wp-json\/wp\/v2\/pages\/1679"}],"wp:attachment":[{"href":"https:\/\/bonifratrzy.pl\/klasztor-katowice\/wp-json\/wp\/v2\/media?parent=1718"}],"curies":[{"name":"wp","href":"https:\/\/api.w.org\/{rel}","templated":true}]}}