{"id":1679,"date":"2021-07-20T09:02:09","date_gmt":"2021-07-20T07:02:09","guid":{"rendered":"https:\/\/bonifratrzy.pl\/klasztor-katowice\/?page_id=1679"},"modified":"2025-11-24T20:27:42","modified_gmt":"2025-11-24T19:27:42","slug":"wolontariat-bonifraterski","status":"publish","type":"page","link":"https:\/\/bonifratrzy.pl\/klasztor-katowice\/wolontariat-bonifraterski\/","title":{"rendered":"Wolontariat Bonifraterski"},"content":{"rendered":"<p>Nasz\u0105 g\u0142\u00f3wn\u0105 misja jest ewangelizacja, w \u015bwiecie b\u00f3lu i cierpienia, poprzez tworzenie o\u015brodk\u00f3w zdrowotnych i socjalnych, w kt\u00f3rych zapewniana jest osobie ludzkiej integralna opieka.<\/p>\n<p><em>\u00a0<img loading=\"lazy\" decoding=\"async\" class=\"size-medium wp-image-1684 alignright\" src=\"https:\/\/bonifratrzy.pl\/klasztor-katowice\/wp-content\/uploads\/sites\/8\/2021\/07\/image096-200x300.jpg\" alt=\"\" width=\"200\" height=\"300\" srcset=\"https:\/\/bonifratrzy.pl\/klasztor-katowice\/wp-content\/uploads\/sites\/8\/2021\/07\/image096-200x300.jpg 200w, https:\/\/bonifratrzy.pl\/klasztor-katowice\/wp-content\/uploads\/sites\/8\/2021\/07\/image096.jpg 533w\" sizes=\"(max-width: 200px) 100vw, 200px\" \/><\/em>Szczeg\u00f3lny \u015blub szpitalnictwa, obliguje braci Bonifratr\u00f3w <em>(od \u0142ac. bonus frater &#8211; dobry brat)<\/em> do pos\u0142ugi na rzecz chorych i potrzebuj\u0105cych.<\/p>\n<p>Poniewa\u017c choroba, czy inna niedola dotyka, przynajmniej po\u015brednio, ka\u017cdego cz\u0142owieka, od wiek\u00f3w Zakon Szpitalny wsp\u00f3\u0142pracuje o osobami \u015bwieckimi r\u00f3\u017cnych stan\u00f3w i profesji, by realizowa\u0107 s\u0142u\u017cb\u0119 najbardziej potrzebuj\u0105cym, jakimi s\u0105 ubodzy, chorzy, umieraj\u0105cy. Mi\u0119dzy zakonem, a jego wsp\u00f3\u0142pracownikami narodzi\u0142a si\u0119 bardzo silna wi\u0119\u017a. St\u0105d r\u00f3\u017cne grupy zaanga\u017cowane w realizacje misji Zakonu Szpitalnego tworz\u0105 Rodzin\u0119 \u015bwi\u0119tego Jana Bo\u017cego.<\/p>\n<p>Misj\u0105 Rodziny Szpitalnej jest dawa\u0107 swoje \u017cycie <em>(czas, talenty, si\u0142y)<\/em> s\u0142u\u017cbie chorym oraz potrzebuj\u0105cym opieki, w spos\u00f3b, w jaki czyni\u0142 to \u015bwi\u0119ty Jan Bo\u017cy <em>(1495 &#8211; 1550)<\/em> &#8211; za\u0142o\u017cyciel Zakonu Szpitalnego. Wraz z Bonifratrami, kt\u00f3rzy s\u0105 zakonnikami, tworz\u0105 j\u0105 \u015bwieccy: pracownicy zatrudnieni w danym dziele, wolontariusze wspieraj\u0105cy chorych oraz darczy\u0144cy. Razem &#8211; w oparciu o Ewangeli\u0119 &#8211; tworzymy kultur\u0119 szpitalnicz\u0105.<\/p>\n<p><em><img loading=\"lazy\" decoding=\"async\" class=\"alignnone size-medium wp-image-391 alignleft\" src=\"https:\/\/bonifratrzy.pl\/klasztor-katowice\/wp-content\/uploads\/sites\/8\/2017\/03\/IMG_6182-225x300.jpg\" alt=\"\" width=\"225\" height=\"300\" srcset=\"https:\/\/bonifratrzy.pl\/klasztor-katowice\/wp-content\/uploads\/sites\/8\/2017\/03\/IMG_6182-225x300.jpg 225w, https:\/\/bonifratrzy.pl\/klasztor-katowice\/wp-content\/uploads\/sites\/8\/2017\/03\/IMG_6182.jpg 675w\" sizes=\"(max-width: 225px) 100vw, 225px\" \/><\/em><\/p>\n<p>Tak jak \u015bwi\u0119ty Jan Bo\u017cy stworzy\u0142 z niczego, alternatywny model obywatela i chrze\u015bcijanina &#8211; szpitalnika, s\u0142u\u017c\u0105cego najbardziej opuszczonym, a przez to Jego wsp\u00f3lnota sta\u0142a si\u0119 zaczynem odnowy w niesieniu pomocy w Ko\u015bciele, podobnie Rodzina Szpitalna &#8211; dysponuj\u0105c cz\u0119sto prostymi \u015brodkami, wspartymi chrze\u015bcija\u0144sk\u0105 mi\u0142o\u015bci\u0105 &#8211; w\u0142\u0105cza si\u0119 w pomoc ubogim i zepchni\u0119tym na margines.<\/p>\n<p>W naszej wsp\u00f3lnej s\u0142u\u017cbie chcemy promowa\u0107 wizje chorego, jako nierozerwalnej jedno\u015bci. S\u0142u\u017cymy mu integralnie <em>(holistycznie)<\/em> uwzgl\u0119dniaj\u0105c w pos\u0142udze jego cia\u0142o, dusz\u0119 oraz kontekst \u017cycia. Rozwijaj\u0105c w ten spos\u00f3b opiek\u0119, w oparciu o prac\u0119 zespo\u0142ow\u0105, dzia\u0142amy terapeutycznie, godz\u0105c post\u0119p techniczny<\/p>\n<p><img loading=\"lazy\" decoding=\"async\" class=\"size-medium wp-image-333 alignright\" src=\"https:\/\/bonifratrzy.pl\/klasztor-katowice\/wp-content\/uploads\/sites\/8\/2017\/02\/DSC09933-300x200.jpg\" alt=\"\" width=\"300\" height=\"200\" srcset=\"https:\/\/bonifratrzy.pl\/klasztor-katowice\/wp-content\/uploads\/sites\/8\/2017\/02\/DSC09933-300x200.jpg 300w, https:\/\/bonifratrzy.pl\/klasztor-katowice\/wp-content\/uploads\/sites\/8\/2017\/02\/DSC09933-272x182.jpg 272w, https:\/\/bonifratrzy.pl\/klasztor-katowice\/wp-content\/uploads\/sites\/8\/2017\/02\/DSC09933.jpg 700w\" sizes=\"(max-width: 300px) 100vw, 300px\" \/><\/p>\n<p><em>(wszechstronne osi\u0105gni\u0119cia w medycynie)<\/em> z humanizacj\u0105 <em>(potrzeby, mo\u017cliwo\u015bci i dobro cz\u0142owieka)<\/em>.<\/p>\n<p>Stykaj\u0105c si\u0119 z ubogimi, chorymi, umieraj\u0105cymi i pos\u0142uguj\u0105c im, przechodzimy proces osobistej odnowy, kt\u00f3ra uczy wra\u017cliwo\u015bci, wdra\u017ca w ducha s\u0142u\u017cby, zaprawia w bezinteresowno\u015b\u0107, pog\u0142\u0119bia mi\u0142o\u015b\u0107, jakiej uczy nasz Pan Jezus Chrystus.<\/p>\n<p><a href=\"https:\/\/bonifratrzy.pl\/klasztor-katowice\/wolontariat-bonifraterski\/dziela-prowadzone-przez-rodzine-szpitalna-w-polsce\/\"><strong>Dzie\u0142a prowadzone przez Rodzin\u0119 Szpitaln\u0105 w Polsce<\/strong><\/a><\/p>\n<p><a href=\"https:\/\/bonifratrzy.pl\/klasztor-katowice\/wolontariat-bonifraterski\/godlo-zakonu\/\"><strong><em>God\u0142o Zakonu<\/em><\/strong><\/a><\/p>\n<p><a href=\"https:\/\/bonifratrzy.pl\/klasztor-katowice\/wolontariat-bonifraterski\/kto-moze-byc-bonifratrem\"><strong><em>Kto mo\u017ce by\u0107 bonifratrem?<\/em><\/strong><\/a><\/p>\n<p><a href=\"https:\/\/bonifratrzy.pl\/klasztor-katowice\/kto-moze-byc-pracownikiem-naszych-dziel\"><strong><em>Kto mo\u017ce by\u0107 pracownikiem naszych dzie\u0142?<\/em><\/strong><\/a><\/p>\n<p><a href=\"https:\/\/bonifratrzy.pl\/klasztor-katowice\/wolontariat-bonifraterski\/kto-moze-byc-wolontariuszem\/\"><strong><em>Kto mo\u017ce by\u0107 wolontariuszem?<\/em><\/strong><\/a><\/p>\n<p><a href=\"https:\/\/bonifratrzy.pl\/klasztor-katowice\/wolontariat-bonifraterski\/kto-moze-byc-darczynca\/\"><strong><em>Kto mo\u017ce by\u0107 darczy\u0144c\u0105?<\/em><\/strong><\/a><\/p>\n<p><strong><em>Kontakt<\/em><\/strong><\/p>\n<p>Konwent Bonifratr\u00f3w w Katowicach<\/p>\n<p>Ks.\u00a0L. Markiefki 87,\u00a0 40-211\u00a0Katowice &#8211; Bogucice<\/p>\n<p>tel.: 695 858 529<\/p>\n<p>e-mail: <a href=\"m&#97;&#105;&#x6c;&#x74;o&#58;&#107;&#x6f;&#x6e;&#x77;e&#110;&#116;&#x40;&#x62;on&#105;&#x66;&#x72;&#x61;t&#114;&#122;&#x79;&#x2e;ka&#116;&#x6f;&#x77;&#x69;c&#101;&#46;&#x70;&#x6c;\">&#x77;&#111;l&#x6f;&#x6e;&#116;a&#x72;&#x69;&#97;t&#x2e;&#x6b;&#97;t&#x6f;&#x77;&#105;c&#x65;&#64;&#98;c&#x6d;&#98;o&#x6e;&#x69;&#102;r&#x61;&#x74;&#114;z&#x79;&#x2e;&#112;l<\/a><\/p>\n","protected":false},"excerpt":{"rendered":"<p>Nasz\u0105 g\u0142\u00f3wn\u0105 misja jest ewangelizacja, w \u015bwiecie b\u00f3lu i cierpienia, poprzez tworzenie o\u015brodk\u00f3w zdrowotnych i socjalnych, w kt\u00f3rych zapewniana jest osobie ludzkiej integralna opieka. \u00a0Szczeg\u00f3lny \u015blub szpitalnictwa, obliguje braci Bonifratr\u00f3w (od \u0142ac. bonus frater &#8211; dobry brat) do pos\u0142ugi na rzecz chorych i potrzebuj\u0105cych. Poniewa\u017c choroba, czy inna niedola dotyka, przynajmniej po\u015brednio, ka\u017cdego cz\u0142owieka, od [&hellip;]<\/p>\n","protected":false},"author":25,"featured_media":0,"parent":0,"menu_order":3,"comment_status":"closed","ping_status":"closed","template":"","meta":{"footnotes":""},"_links":{"self":[{"href":"https:\/\/bonifratrzy.pl\/klasztor-katowice\/wp-json\/wp\/v2\/pages\/1679"}],"collection":[{"href":"https:\/\/bonifratrzy.pl\/klasztor-katowice\/wp-json\/wp\/v2\/pages"}],"about":[{"href":"https:\/\/bonifratrzy.pl\/klasztor-katowice\/wp-json\/wp\/v2\/types\/page"}],"author":[{"embeddable":true,"href":"https:\/\/bonifratrzy.pl\/klasztor-katowice\/wp-json\/wp\/v2\/users\/25"}],"replies":[{"embeddable":true,"href":"https:\/\/bonifratrzy.pl\/klasztor-katowice\/wp-json\/wp\/v2\/comments?post=1679"}],"version-history":[{"count":16,"href":"https:\/\/bonifratrzy.pl\/klasztor-katowice\/wp-json\/wp\/v2\/pages\/1679\/revisions"}],"predecessor-version":[{"id":2252,"href":"https:\/\/bonifratrzy.pl\/klasztor-katowice\/wp-json\/wp\/v2\/pages\/1679\/revisions\/2252"}],"wp:attachment":[{"href":"https:\/\/bonifratrzy.pl\/klasztor-katowice\/wp-json\/wp\/v2\/media?parent=1679"}],"curies":[{"name":"wp","href":"https:\/\/api.w.org\/{rel}","templated":true}]}}