{"id":5,"date":"2016-01-16T23:22:27","date_gmt":"2016-01-16T22:22:27","guid":{"rendered":"https:\/\/bonifratrzy.pl\/klasztor-iwonicz\/?page_id=5"},"modified":"2026-04-14T11:53:34","modified_gmt":"2026-04-14T09:53:34","slug":"o-klasztorze","status":"publish","type":"page","link":"https:\/\/bonifratrzy.pl\/klasztor-iwonicz\/","title":{"rendered":"O klasztorze"},"content":{"rendered":"<h2><span style=\"color: #c71718;\">Klasztor w Iwoniczu p.w. \u015awi\u0119tej El\u017cbiety<\/span><\/h2>\n<h2>Przeor &#8211; brat Eugeniusz Kret OH<\/h2>\n<p><a href=\"https:\/\/bonifratrzy.pl\/klasztor-iwonicz\/wp-content\/uploads\/sites\/7\/2026\/04\/Br.-Eugeniusz-Kret_przeor-Iwonicz-scaled.jpg\"><img loading=\"lazy\" decoding=\"async\" class=\"wp-image-1146 alignleft\" src=\"https:\/\/bonifratrzy.pl\/klasztor-iwonicz\/wp-content\/uploads\/sites\/7\/2026\/04\/Br.-Eugeniusz-Kret_przeor-Iwonicz-269x300.jpg\" alt=\"Br. Eugeniusz Kret OH\" width=\"155\" height=\"173\" srcset=\"https:\/\/bonifratrzy.pl\/klasztor-iwonicz\/wp-content\/uploads\/sites\/7\/2026\/04\/Br.-Eugeniusz-Kret_przeor-Iwonicz-269x300.jpg 269w, https:\/\/bonifratrzy.pl\/klasztor-iwonicz\/wp-content\/uploads\/sites\/7\/2026\/04\/Br.-Eugeniusz-Kret_przeor-Iwonicz-918x1024.jpg 918w, https:\/\/bonifratrzy.pl\/klasztor-iwonicz\/wp-content\/uploads\/sites\/7\/2026\/04\/Br.-Eugeniusz-Kret_przeor-Iwonicz-1377x1536.jpg 1377w, https:\/\/bonifratrzy.pl\/klasztor-iwonicz\/wp-content\/uploads\/sites\/7\/2026\/04\/Br.-Eugeniusz-Kret_przeor-Iwonicz-1836x2048.jpg 1836w\" sizes=\"(max-width: 155px) 100vw, 155px\" \/><\/a><\/p>\n<h2><strong>\u00a0<\/strong><\/h2>\n<p>wst. 22.08.1988 r.,<br \/>\nob\u0142. 18.03.1990 r.,<br \/>\n\u015bl. czas. 19.03.1992\u00a0 r.,<br \/>\n\u015bl. wiecz. 05.03.1999 r.<\/p>\n<p>Imieniny: 21 maja<\/p>\n<p><strong>Wsp\u00f3lnot\u0119 zakonn\u0105 tworz\u0105 r\u00f3wnie\u017c: <\/strong><\/p>\n<ul>\n<li>br. Henryk Molenda sac.,<\/li>\n<li>br. Maciej Seifert OH,<\/li>\n<li>br. Dominik Bednarczyk OH,<\/li>\n<li>br. Stanis\u0142aw Turczanik OH.<\/li>\n<\/ul>\n<p><strong>Kontakt<\/strong><br \/>\nArchidiecezja Przemyska<br \/>\nAdres: 38-440 Iwonicz, ul. Floria\u0144ska 19<br \/>\ntel.: 13 435 05 21, 435 13 14<br \/>\nfax: 13 425 01 36<\/p>\n","protected":false},"excerpt":{"rendered":"<p>Klasztor w Iwoniczu p.w. \u015awi\u0119tej El\u017cbiety Przeor &#8211; brat Eugeniusz Kret OH \u00a0 wst. 22.08.1988 r., ob\u0142. 18.03.1990 r., \u015bl. czas. 19.03.1992\u00a0 r., \u015bl. wiecz. 05.03.1999 r. Imieniny: 21 maja Wsp\u00f3lnot\u0119 zakonn\u0105 tworz\u0105 r\u00f3wnie\u017c: br. Henryk Molenda sac., br. Maciej Seifert OH, br. Dominik Bednarczyk OH, br. Stanis\u0142aw Turczanik OH. Kontakt Archidiecezja Przemyska Adres: 38-440 [&hellip;]<\/p>\n","protected":false},"author":1,"featured_media":0,"parent":0,"menu_order":4,"comment_status":"closed","ping_status":"closed","template":"page-home.php","meta":{"footnotes":""},"_links":{"self":[{"href":"https:\/\/bonifratrzy.pl\/klasztor-iwonicz\/wp-json\/wp\/v2\/pages\/5"}],"collection":[{"href":"https:\/\/bonifratrzy.pl\/klasztor-iwonicz\/wp-json\/wp\/v2\/pages"}],"about":[{"href":"https:\/\/bonifratrzy.pl\/klasztor-iwonicz\/wp-json\/wp\/v2\/types\/page"}],"author":[{"embeddable":true,"href":"https:\/\/bonifratrzy.pl\/klasztor-iwonicz\/wp-json\/wp\/v2\/users\/1"}],"replies":[{"embeddable":true,"href":"https:\/\/bonifratrzy.pl\/klasztor-iwonicz\/wp-json\/wp\/v2\/comments?post=5"}],"version-history":[{"count":24,"href":"https:\/\/bonifratrzy.pl\/klasztor-iwonicz\/wp-json\/wp\/v2\/pages\/5\/revisions"}],"predecessor-version":[{"id":1155,"href":"https:\/\/bonifratrzy.pl\/klasztor-iwonicz\/wp-json\/wp\/v2\/pages\/5\/revisions\/1155"}],"wp:attachment":[{"href":"https:\/\/bonifratrzy.pl\/klasztor-iwonicz\/wp-json\/wp\/v2\/media?parent=5"}],"curies":[{"name":"wp","href":"https:\/\/api.w.org\/{rel}","templated":true}]}}