{"id":9,"date":"2016-01-16T22:45:55","date_gmt":"2016-01-16T21:45:55","guid":{"rendered":"https:\/\/bonifratrzy.pl\/klasztor-drohobycz\/?page_id=9"},"modified":"2016-05-25T11:31:26","modified_gmt":"2016-05-25T09:31:26","slug":"klasztor-w-drohobyczu","status":"publish","type":"page","link":"https:\/\/bonifratrzy.pl\/klasztor-drohobycz\/historia-klasztorow-na-ukrainie\/klasztor-w-drohobyczu\/","title":{"rendered":"Klasztor w Drohobyczu"},"content":{"rendered":"<p style=\"text-align: justify\"><a href=\"https:\/\/bonifratrzy.pl\/klasztor-drohobycz\/wp-content\/uploads\/sites\/6\/2016\/01\/Klasztor-Lwo\u0301w.jpg\" rel=\"attachment wp-att-46\"><img loading=\"lazy\" decoding=\"async\" class=\"alignleft wp-image-46\" src=\"https:\/\/bonifratrzy.pl\/klasztor-drohobycz\/wp-content\/uploads\/sites\/6\/2016\/01\/Klasztor-Lwo\u0301w.jpg\" alt=\"Klasztor Lwo\u0301w\" width=\"220\" height=\"160\" srcset=\"https:\/\/bonifratrzy.pl\/klasztor-drohobycz\/wp-content\/uploads\/sites\/6\/2016\/01\/Klasztor-Lwo\u0301w.jpg 400w, https:\/\/bonifratrzy.pl\/klasztor-drohobycz\/wp-content\/uploads\/sites\/6\/2016\/01\/Klasztor-Lwo\u0301w-300x218.jpg 300w\" sizes=\"(max-width: 220px) 100vw, 220px\" \/><\/a>W XVII \u2013 XVIII w. na terenie dzisiejszej Ukrainy bonifratrzy mieli klasztor-szpital w \u0141ucku i we Lwowie. Od wielu lat Kapitu\u0142a Prowincji Polskiej mia\u0142a zapisany w swych planach zamiar powrotu na Wsch\u00f3d. Zamiar doczeka\u0142 si\u0119 realizacji za przyczyn\u0105 o. Huberta Matusiewicza. Jako miejsce wybrano Drohobycz &#8211; z kt\u00f3rym od jakiego\u015b czasu \u0142\u0105czy\u0142y Zakon \u017cywe wi\u0119zi &#8211; jako spos\u00f3b obecno\u015bci &#8211; stacj\u0119 opieki, typ plac\u00f3wki, kt\u00f3rej powstanie i dzia\u0142alno\u015b\u0107 nie kolidowa\u0142y z prawodawstwem ukrai\u0144skim. Dnia 24-09-1996 r. uzyskano zgod\u0119 w\u0142adz obwodowych Lwowa i samorz\u0105du miejskiego Drohobycza na rozpocz\u0119cie dzia\u0142alno\u015bci bonifratr\u00f3w przy Centralnym Szpitalu w Drohobyczu i rejestracj\u0119 Statutu \u015arodowiskowej Stacji Opieki Socjalnej. Dekret J.E. Arcybiskupa Mariana Jaworskiego, Metropolity Lwowskiego (11-05-1998 r.) umo\u017cliwi\u0142 za\u0142o\u017cenie domu zakonnego i rozpocz\u0119cie dzia\u0142alno\u015bci charytatywnej bonifratr\u00f3w w \u015arodowiskowej Stacji Pomocy Socjalnej &#8222;Caritas&#8221; w Drohobyczu przy ul. Szeptyckiego\u00a07 na terenie Archidiecezji Lwowskiej.<\/p>\n<p style=\"text-align: justify\">Pierwsi bonifratrzy pod kierunkiem br. Krzysztofa Fronczaka przybyli na Ukrain\u0119 w grudniu 1997 r. Zamieszkali w u\u017cyczonym tymczasowo prywatnym domku i rozpocz\u0119li dzia\u0142alno\u015b\u0107 piel\u0119gniarsko-opieku\u0144cz\u0105 remontuj\u0105c jednocze\u015bnie docelowe pomieszczenia stacji, kt\u00f3re przydzielono dla niej w miejscowym szpitalu ginekologiczno-po\u0142o\u017cniczym. Przeprowadzka do nowego lokalu nast\u0105pi\u0142a w kwietniu 1998. Uroczyste po\u015bwi\u0119cenie i otwarcie stacji opieki w Drohobyczu odby\u0142o si\u0119 24 sierpnia 1998. Dnia 31.08.1998 r. Genera\u0142 Zakonu Ojciec Pascual Piles Ferrando erygowa\u0142 kanonicznie Konwent w Drohobyczu. Prze\u0142o\u017conymi lokalnymi byli kolejno: (07.09.1998 r. &#8211; 30.07.1999 r.) &#8211; br. Stanis\u0142awa Turczanik, nast\u0119pnie brat Bruno Maria Neumann, sac. (29.09.1999 r. &#8211; 23.09.2007 r.). kolejnym przeorem by\u0142 brat Grzegorz Ko\u0142tun.<\/p>\n<p style=\"text-align: justify\"><img loading=\"lazy\" decoding=\"async\" class=\"alignleft wp-image-100 size-medium\" src=\"https:\/\/bonifratrzy.pl\/klasztor-drohobycz\/wp-content\/uploads\/sites\/6\/2016\/01\/DSC06106-300x169.jpg\" alt=\"DSC06106\" width=\"300\" height=\"169\" \/>W dniu 16.11.2000 r. zakupiono budynek przy ul. Iwana Franka nr 53 z przeznaczeniem na siedzib\u0119 Konwentu Zakonu Bonifratr\u00f3w w Drohobyczu. Przeprowadzono remont a po jego zako\u0144czeniu przeniesiono do nowego budynku dzia\u0142alno\u015b\u0107 charytatywn\u0105. Stacja opieki udziela nieodp\u0142atnych \u015bwiadcze\u0144 potrzebuj\u0105cym mieszka\u0144com regionu bez wzgl\u0119du na pochodzenie, narodowo\u015b\u0107 lub wyznanie. Zakres \u015bwiadcze\u0144 obejmuje: medyczn\u0105 i piel\u0119gniarsk\u0105 opiek\u0119 nad chorymi, niepe\u0142nosprawnymi i osobami w podesz\u0142ym wieku, opiek\u0119 nad rodzinami, zw\u0142aszcza wielodzietnymi, opiek\u0119 nad chorymi dzie\u0107mi, poradnictwo w sprawach higieny, od\u017cywiania i instrukta\u017c w zakresie \u0107wicze\u0144 rehabilitacyjnych, \u015bwiadczenie pomocy osobom ob\u0142o\u017cnie chorym w ich domach. Osobom sprawnym udzielana jest pomoc ambulatoryjna. Stacja dzia\u0142a jako przychodnia i poradnia. W okre\u015blonych godzinach mo\u017cna tu otrzyma\u0107 porad\u0119 medyczn\u0105 na poziomie piel\u0119gniarskim czy te\u017c wykona\u0107 zabieg (np. zastrzyk, masa\u017c, na\u015bwietlanie lampami) lub badanie (poziomu cukru, EKG). Bracia wydaj\u0105 te\u017c leki, w tym leki zio\u0142owe bonifraterskiej produkcji. Stacja wypo\u017cycza tak\u017ce sprz\u0119t rehabilitacyjny. Praca w Stacji opieki stawia wielkie wymagania ale nagrod\u0105 jest satysfakcja i rado\u015b\u0107 z niesionej pomocy ludziom s\u0142abym i potrzebuj\u0105cym.<\/p>\n<p><strong>Galeria<\/strong><\/p>\n<p><strong><a href=\"https:\/\/bonifratrzy.pl\/klasztor-drohobycz\/wp-content\/uploads\/sites\/6\/2016\/01\/Klasztor-we-Lwowie3.jpeg\" rel=\"attachment wp-att-53\"><img loading=\"lazy\" decoding=\"async\" class=\"alignleft wp-image-53\" src=\"https:\/\/bonifratrzy.pl\/klasztor-drohobycz\/wp-content\/uploads\/sites\/6\/2016\/01\/Klasztor-we-Lwowie3.jpeg\" alt=\"Klasztor we Lwowie3\" width=\"241\" height=\"160\" srcset=\"https:\/\/bonifratrzy.pl\/klasztor-drohobycz\/wp-content\/uploads\/sites\/6\/2016\/01\/Klasztor-we-Lwowie3.jpeg 800w, https:\/\/bonifratrzy.pl\/klasztor-drohobycz\/wp-content\/uploads\/sites\/6\/2016\/01\/Klasztor-we-Lwowie3-300x199.jpeg 300w, https:\/\/bonifratrzy.pl\/klasztor-drohobycz\/wp-content\/uploads\/sites\/6\/2016\/01\/Klasztor-we-Lwowie3-768x510.jpeg 768w, https:\/\/bonifratrzy.pl\/klasztor-drohobycz\/wp-content\/uploads\/sites\/6\/2016\/01\/Klasztor-we-Lwowie3-272x182.jpeg 272w\" sizes=\"(max-width: 241px) 100vw, 241px\" \/><\/a><a href=\"https:\/\/bonifratrzy.pl\/klasztor-drohobycz\/wp-content\/uploads\/sites\/6\/2016\/01\/Zakon-we-Lwowie.jpeg\" rel=\"attachment wp-att-51\"><img loading=\"lazy\" decoding=\"async\" class=\"alignleft wp-image-51\" src=\"https:\/\/bonifratrzy.pl\/klasztor-drohobycz\/wp-content\/uploads\/sites\/6\/2016\/01\/Zakon-we-Lwowie.jpeg\" alt=\"Klasztor we Lwowie\" width=\"106\" height=\"160\" srcset=\"https:\/\/bonifratrzy.pl\/klasztor-drohobycz\/wp-content\/uploads\/sites\/6\/2016\/01\/Zakon-we-Lwowie.jpeg 398w, https:\/\/bonifratrzy.pl\/klasztor-drohobycz\/wp-content\/uploads\/sites\/6\/2016\/01\/Zakon-we-Lwowie-199x300.jpeg 199w\" sizes=\"(max-width: 106px) 100vw, 106px\" \/><\/a><\/strong><\/p>\n<p><strong><a href=\"https:\/\/bonifratrzy.pl\/klasztor-drohobycz\/wp-content\/uploads\/sites\/6\/2016\/01\/Klasztor-we-Lwowie2.jpeg\" rel=\"attachment wp-att-50\"><img loading=\"lazy\" decoding=\"async\" class=\"alignleft wp-image-50\" src=\"https:\/\/bonifratrzy.pl\/klasztor-drohobycz\/wp-content\/uploads\/sites\/6\/2016\/01\/Klasztor-we-Lwowie2.jpeg\" alt=\"Klasztor we Lwowie\" width=\"106\" height=\"160\" srcset=\"https:\/\/bonifratrzy.pl\/klasztor-drohobycz\/wp-content\/uploads\/sites\/6\/2016\/01\/Klasztor-we-Lwowie2.jpeg 398w, https:\/\/bonifratrzy.pl\/klasztor-drohobycz\/wp-content\/uploads\/sites\/6\/2016\/01\/Klasztor-we-Lwowie2-199x300.jpeg 199w\" sizes=\"(max-width: 106px) 100vw, 106px\" \/><\/a><\/strong><\/p>\n<p><a href=\"https:\/\/bonifratrzy.pl\/klasztor-drohobycz\/wp-content\/uploads\/sites\/6\/2016\/01\/Klasztor-we-Lwowie.jpeg\" rel=\"attachment wp-att-49\"><img loading=\"lazy\" decoding=\"async\" class=\"alignleft wp-image-49\" src=\"https:\/\/bonifratrzy.pl\/klasztor-drohobycz\/wp-content\/uploads\/sites\/6\/2016\/01\/Klasztor-we-Lwowie.jpeg\" alt=\"Klasztor we Lwowie\" width=\"106\" height=\"160\" srcset=\"https:\/\/bonifratrzy.pl\/klasztor-drohobycz\/wp-content\/uploads\/sites\/6\/2016\/01\/Klasztor-we-Lwowie.jpeg 398w, https:\/\/bonifratrzy.pl\/klasztor-drohobycz\/wp-content\/uploads\/sites\/6\/2016\/01\/Klasztor-we-Lwowie-199x300.jpeg 199w\" sizes=\"(max-width: 106px) 100vw, 106px\" \/><\/a><\/p>\n","protected":false},"excerpt":{"rendered":"<p>W XVII \u2013 XVIII w. na terenie dzisiejszej Ukrainy bonifratrzy mieli klasztor-szpital w \u0141ucku i we Lwowie. Od wielu lat Kapitu\u0142a Prowincji Polskiej mia\u0142a zapisany w swych planach zamiar powrotu na Wsch\u00f3d. Zamiar doczeka\u0142 si\u0119 realizacji za przyczyn\u0105 o. Huberta Matusiewicza. Jako miejsce wybrano Drohobycz &#8211; z kt\u00f3rym od jakiego\u015b czasu \u0142\u0105czy\u0142y Zakon \u017cywe wi\u0119zi [&hellip;]<\/p>\n","protected":false},"author":1,"featured_media":0,"parent":7,"menu_order":29,"comment_status":"closed","ping_status":"closed","template":"","meta":{"footnotes":""},"_links":{"self":[{"href":"https:\/\/bonifratrzy.pl\/klasztor-drohobycz\/wp-json\/wp\/v2\/pages\/9"}],"collection":[{"href":"https:\/\/bonifratrzy.pl\/klasztor-drohobycz\/wp-json\/wp\/v2\/pages"}],"about":[{"href":"https:\/\/bonifratrzy.pl\/klasztor-drohobycz\/wp-json\/wp\/v2\/types\/page"}],"author":[{"embeddable":true,"href":"https:\/\/bonifratrzy.pl\/klasztor-drohobycz\/wp-json\/wp\/v2\/users\/1"}],"replies":[{"embeddable":true,"href":"https:\/\/bonifratrzy.pl\/klasztor-drohobycz\/wp-json\/wp\/v2\/comments?post=9"}],"version-history":[{"count":0,"href":"https:\/\/bonifratrzy.pl\/klasztor-drohobycz\/wp-json\/wp\/v2\/pages\/9\/revisions"}],"up":[{"embeddable":true,"href":"https:\/\/bonifratrzy.pl\/klasztor-drohobycz\/wp-json\/wp\/v2\/pages\/7"}],"wp:attachment":[{"href":"https:\/\/bonifratrzy.pl\/klasztor-drohobycz\/wp-json\/wp\/v2\/media?parent=9"}],"curies":[{"name":"wp","href":"https:\/\/api.w.org\/{rel}","templated":true}]}}