{"id":39,"date":"2016-01-16T18:52:04","date_gmt":"2016-01-16T17:52:04","guid":{"rendered":"https:\/\/bonifratrzy.pl\/klasztor-cieszyn\/?page_id=39"},"modified":"2024-08-19T12:43:05","modified_gmt":"2024-08-19T10:43:05","slug":"porzadek-nabozenstw","status":"publish","type":"page","link":"https:\/\/bonifratrzy.pl\/klasztor-cieszyn\/kosciol\/porzadek-nabozenstw\/","title":{"rendered":"Porz\u0105dek nabo\u017ce\u0144stw"},"content":{"rendered":"<h2>Msza \u015bwi\u0119ta:<\/h2>\n<ul>\n<li>niedziela i uroczysto\u015bci:\u00a0\u00a06.30, 7.45, 9.00, 20.00,<\/li>\n<li>dni powszednie: 6.30, 7.30, 18.30.<\/li>\n<\/ul>\n<h2>Nabo\u017ce\u0144stwa: majowe\/ czerwcowe\/ pa\u017adziernikowe\/ listopadowe:<\/h2>\n<ul>\n<li>niedziela: po Mszy \u015bw. z godz. 9.00,<\/li>\n<li>dni powszednie: 18.00.<\/li>\n<\/ul>\n<h2>Gorzkie \u017cale:<\/h2>\n<ul>\n<li>niedziela: po Mszy \u015bw. z godz. 9.00.<\/li>\n<\/ul>\n<h2>Droga Krzy\u017cowa w Wielkim Po\u015bcie:<\/h2>\n<ul>\n<li>pi\u0105tek: 15.00 (po niej Msza \u015bw.).<\/li>\n<\/ul>\n<h2>Spowied\u017a \u015bwi\u0119ta:<\/h2>\n<ul>\n<li style=\"list-style-type: none\">\n<ul>\n<li>p\u00f3\u0142 godziny przed ka\u017cd\u0105 Msz\u0105 \u015bw.<\/li>\n<li>dodatkowo:<\/li>\n<\/ul>\n<\/li>\n<\/ul>\n<blockquote><p>pi\u0105tek: 10.00-12.00,<br \/>\nniedziela: 19.00-20.00,<\/p><\/blockquote>\n<h2>Adoracja Naj\u015bwi\u0119tszego Sakramentu:<\/h2>\n<ul>\n<li>pi\u0105tek: 8.00-12.00,<\/li>\n<li>niedziela: 19.00-20.00,<\/li>\n<li>dodatkowo w pierwsze pi\u0105tki miesi\u0105ca: 16.30-18.30.<\/li>\n<\/ul>\n","protected":false},"excerpt":{"rendered":"<p>Msza \u015bwi\u0119ta: niedziela i uroczysto\u015bci:\u00a0\u00a06.30, 7.45, 9.00, 20.00, dni powszednie: 6.30, 7.30, 18.30. Nabo\u017ce\u0144stwa: majowe\/ czerwcowe\/ pa\u017adziernikowe\/ listopadowe: niedziela: po Mszy \u015bw. z godz. 9.00, dni powszednie: 18.00. Gorzkie \u017cale: niedziela: po Mszy \u015bw. z godz. 9.00. Droga Krzy\u017cowa w Wielkim Po\u015bcie: pi\u0105tek: 15.00 (po niej Msza \u015bw.). Spowied\u017a \u015bwi\u0119ta: p\u00f3\u0142 godziny przed ka\u017cd\u0105 Msz\u0105 [&hellip;]<\/p>\n","protected":false},"author":1,"featured_media":0,"parent":35,"menu_order":5,"comment_status":"closed","ping_status":"closed","template":"","meta":{"footnotes":""},"_links":{"self":[{"href":"https:\/\/bonifratrzy.pl\/klasztor-cieszyn\/wp-json\/wp\/v2\/pages\/39"}],"collection":[{"href":"https:\/\/bonifratrzy.pl\/klasztor-cieszyn\/wp-json\/wp\/v2\/pages"}],"about":[{"href":"https:\/\/bonifratrzy.pl\/klasztor-cieszyn\/wp-json\/wp\/v2\/types\/page"}],"author":[{"embeddable":true,"href":"https:\/\/bonifratrzy.pl\/klasztor-cieszyn\/wp-json\/wp\/v2\/users\/1"}],"replies":[{"embeddable":true,"href":"https:\/\/bonifratrzy.pl\/klasztor-cieszyn\/wp-json\/wp\/v2\/comments?post=39"}],"version-history":[{"count":20,"href":"https:\/\/bonifratrzy.pl\/klasztor-cieszyn\/wp-json\/wp\/v2\/pages\/39\/revisions"}],"predecessor-version":[{"id":2888,"href":"https:\/\/bonifratrzy.pl\/klasztor-cieszyn\/wp-json\/wp\/v2\/pages\/39\/revisions\/2888"}],"up":[{"embeddable":true,"href":"https:\/\/bonifratrzy.pl\/klasztor-cieszyn\/wp-json\/wp\/v2\/pages\/35"}],"wp:attachment":[{"href":"https:\/\/bonifratrzy.pl\/klasztor-cieszyn\/wp-json\/wp\/v2\/media?parent=39"}],"curies":[{"name":"wp","href":"https:\/\/api.w.org\/{rel}","templated":true}]}}

Porządek nabożeństw

<h2>Msza święta:</h2>
<ul>
<li>niedziela i uroczystości:  6.30, 7.45, 9.00, 20.00,</li>
<li>dni powszednie: 6.30, 7.30, 18.30.</li>
</ul>
<h2>Nabożeństwa: majowe/ czerwcowe/ październikowe/ listopadowe:</h2>
<ul>
<li>niedziela: po Mszy św. z godz. 9.00,</li>
<li>dni powszednie: 18.00.</li>
</ul>
<h2>Gorzkie żale:</h2>
<ul>
<li>niedziela: po Mszy św. z godz. 9.00.</li>
</ul>
<h2>Droga Krzyżowa w Wielkim Poście:</h2>
<ul>
<li>piątek: 15.00 (po niej Msza św.).</li>
</ul>
<h2>Spowiedź święta:</h2>
<ul>
<li style="list-style-type: none">
<ul>
<li>pół godziny przed każdą Mszą św.</li>
<li>dodatkowo:</li>
</ul>
</li>
</ul>
<blockquote><p>piątek: 10.00-12.00,<br />
niedziela: 19.00-20.00,</p></blockquote>
<h2>Adoracja Najświętszego Sakramentu:</h2>
<ul>
<li>piątek: 8.00-12.00,</li>
<li>niedziela: 19.00-20.00,</li>
<li>dodatkowo w pierwsze piątki miesiąca: 16.30-18.30.</li>
</ul>

<p>Msza święta: niedziela i uroczystości:  6.30, 7.45, 9.00, 20.00, dni powszednie: 6.30, 7.30, 18.30. Nabożeństwa: majowe/ czerwcowe/ październikowe/ listopadowe: niedziela: po Mszy św. z godz. 9.00, dni powszednie: 18.00. Gorzkie żale: niedziela: po Mszy św. z godz. 9.00. Droga Krzyżowa w Wielkim Poście: piątek: 15.00 (po niej Msza św.). Spowiedź święta: pół godziny przed każdą Mszą [&hellip;]</p>
