{"id":5319,"date":"2020-12-22T20:10:17","date_gmt":"2020-12-22T19:10:17","guid":{"rendered":"https:\/\/bonifratrzy.pl\/dps-iwonicz\/?page_id=5319"},"modified":"2021-09-24T14:04:28","modified_gmt":"2021-09-24T12:04:28","slug":"projekt-nfz","status":"publish","type":"page","link":"https:\/\/bonifratrzy.pl\/dps-iwonicz\/projekty\/projekt-nfz\/","title":{"rendered":"Projekt NFZ"},"content":{"rendered":"<p><strong>\u201eZapewnienie bezpiecze\u0144stwa i opieki pacjentom <\/strong><strong>oraz bezpiecze\u0144stwa personelowi zak\u0142ad\u00f3w opieku\u0144czo-leczniczych, dom\u00f3w pomocy spo\u0142ecznej, zak\u0142ad\u00f3w piel\u0119gnacyjno-opieku\u0144czych<\/strong><strong>\u00a0i hospicj\u00f3w na czas COVID-19\u201d<\/strong><\/p>\n<p><strong>\u00a0<\/strong>Konwent Bonifratr\u00f3w w Iwoniczu prowadz\u0105cy Dom Pomocy Spo\u0142ecznej Zakonu Bonifratr\u00f3w w Iwoniczu od 01.05.2020 r. do 31.12.2020 realizuje projekt grantowy pod nazw\u0105 \u201eZapewnienie bezpiecze\u0144stwa i opieki pacjentom oraz bezpiecze\u0144stwa personelowi zak\u0142ad\u00f3w opieku\u0144czo-leczniczych, dom\u00f3w pomocy spo\u0142ecznej, zak\u0142ad\u00f3w piel\u0119gnacyjno-opieku\u0144czych i hospicj\u00f3w na czas COVID-19\u201d w ramach Programu Operacyjnego Wiedza Edukacja Rozw\u00f3j 2014-2020 wsp\u00f3\u0142finansowanego ze \u015brodk\u00f3w Europejskiego Funduszu Spo\u0142ecznego, realizowanego na podstawie umowy zawartej w dniu 30 czerwca 2020 r. pomi\u0119dzy Skarbem Pa\u0144stwa \u2013 Ministrem Zdrowia, a Narodowym Funduszem Zdrowia, w tym zasady przyznawania grant\u00f3w realizatorom tego programu.<\/p>\n<p>Wysoko\u015b\u0107 otrzymanego grantu to 41.273,53 z\u0142. \u015arodki te przeznaczono na dodatkowe wynagrodzenie dla personelu piel\u0119gniarskiego zatrudnionego przez Dom Pomocy Spo\u0142ecznej oraz na zakup \u015brodk\u00f3w ochrony osobistej.<\/p>\n<p><a href=\"https:\/\/bonifratrzy.pl\/dps-iwonicz\/wp-content\/uploads\/sites\/26\/2020\/12\/nfz_grafika.jpg\"><img loading=\"lazy\" decoding=\"async\" class=\"aligncenter size-full wp-image-5321\" src=\"https:\/\/bonifratrzy.pl\/dps-iwonicz\/wp-content\/uploads\/sites\/26\/2020\/12\/nfz_grafika.jpg\" alt=\"\" width=\"869\" height=\"1229\" srcset=\"https:\/\/bonifratrzy.pl\/dps-iwonicz\/wp-content\/uploads\/sites\/26\/2020\/12\/nfz_grafika.jpg 869w, https:\/\/bonifratrzy.pl\/dps-iwonicz\/wp-content\/uploads\/sites\/26\/2020\/12\/nfz_grafika-212x300.jpg 212w, https:\/\/bonifratrzy.pl\/dps-iwonicz\/wp-content\/uploads\/sites\/26\/2020\/12\/nfz_grafika-724x1024.jpg 724w\" sizes=\"(max-width: 869px) 100vw, 869px\" \/><\/a><\/p>\n","protected":false},"excerpt":{"rendered":"<p>\u201eZapewnienie bezpiecze\u0144stwa i opieki pacjentom oraz bezpiecze\u0144stwa personelowi zak\u0142ad\u00f3w opieku\u0144czo-leczniczych, dom\u00f3w pomocy spo\u0142ecznej, zak\u0142ad\u00f3w piel\u0119gnacyjno-opieku\u0144czych\u00a0i hospicj\u00f3w na czas COVID-19\u201d \u00a0Konwent Bonifratr\u00f3w w Iwoniczu prowadz\u0105cy Dom Pomocy Spo\u0142ecznej Zakonu Bonifratr\u00f3w w Iwoniczu od 01.05.2020 r. do 31.12.2020 realizuje projekt grantowy pod nazw\u0105 \u201eZapewnienie bezpiecze\u0144stwa i opieki pacjentom oraz bezpiecze\u0144stwa personelowi zak\u0142ad\u00f3w opieku\u0144czo-leczniczych, dom\u00f3w pomocy spo\u0142ecznej, zak\u0142ad\u00f3w [&hellip;]<\/p>\n","protected":false},"author":30,"featured_media":0,"parent":5942,"menu_order":20,"comment_status":"closed","ping_status":"closed","template":"","meta":{"footnotes":""},"_links":{"self":[{"href":"https:\/\/bonifratrzy.pl\/dps-iwonicz\/wp-json\/wp\/v2\/pages\/5319"}],"collection":[{"href":"https:\/\/bonifratrzy.pl\/dps-iwonicz\/wp-json\/wp\/v2\/pages"}],"about":[{"href":"https:\/\/bonifratrzy.pl\/dps-iwonicz\/wp-json\/wp\/v2\/types\/page"}],"author":[{"embeddable":true,"href":"https:\/\/bonifratrzy.pl\/dps-iwonicz\/wp-json\/wp\/v2\/users\/30"}],"replies":[{"embeddable":true,"href":"https:\/\/bonifratrzy.pl\/dps-iwonicz\/wp-json\/wp\/v2\/comments?post=5319"}],"version-history":[{"count":2,"href":"https:\/\/bonifratrzy.pl\/dps-iwonicz\/wp-json\/wp\/v2\/pages\/5319\/revisions"}],"predecessor-version":[{"id":5324,"href":"https:\/\/bonifratrzy.pl\/dps-iwonicz\/wp-json\/wp\/v2\/pages\/5319\/revisions\/5324"}],"up":[{"embeddable":true,"href":"https:\/\/bonifratrzy.pl\/dps-iwonicz\/wp-json\/wp\/v2\/pages\/5942"}],"wp:attachment":[{"href":"https:\/\/bonifratrzy.pl\/dps-iwonicz\/wp-json\/wp\/v2\/media?parent=5319"}],"curies":[{"name":"wp","href":"https:\/\/api.w.org\/{rel}","templated":true}]}}