{"id":5291,"date":"2020-12-22T13:34:05","date_gmt":"2020-12-22T12:34:05","guid":{"rendered":"https:\/\/bonifratrzy.pl\/dps-iwonicz\/?page_id=5291"},"modified":"2021-09-24T14:06:12","modified_gmt":"2021-09-24T12:06:12","slug":"lepsze-jutro","status":"publish","type":"page","link":"https:\/\/bonifratrzy.pl\/dps-iwonicz\/projekty\/lepsze-jutro\/","title":{"rendered":"\u201eLepsze jutro\u201d"},"content":{"rendered":"<p align=\"center\"><img loading=\"lazy\" decoding=\"async\" class=\"n3VNCb aligncenter\" src=\"https:\/\/www.funduszeeuropejskie.gov.pl\/media\/47849\/Barwy_RP_1.jpg\" alt=\"Zasady promocji i oznakowania projekt\u00f3w - umowy podpisane od 1 stycznia 2018 roku - Ministerstwo Funduszy i Polityki Regionalnej\" width=\"130\" height=\"43\" data-noaft=\"1\" \/><\/p>\n<p align=\"center\"><img loading=\"lazy\" decoding=\"async\" class=\"n3VNCb alignright\" src=\"https:\/\/rpo.wrotapodlasia.pl\/resource\/image\/236\/333\/687\/826\/0x0.jpg\" alt=\"Zasady promowania projektu - umowy podpisane do 31 grudnia 2017 roku - Regionalny Program Operacyjny Wojew\u00f3dztwa Podlaskiego na lata 2014-2020\" width=\"157\" height=\"47\" data-noaft=\"1\" \/><\/p>\n<p align=\"center\"><img loading=\"lazy\" decoding=\"async\" class=\"n3VNCb alignleft\" src=\"https:\/\/www.power.gov.pl\/media\/48372\/FE_POWER.jpg\" alt=\"Zasady promocji i oznakowania projekt\u00f3w w Programie - umowy podpisane od 1 stycznia 2018 roku - Ministerstwo Funduszy i Polityki Regionalnej\" width=\"111\" height=\"52\" data-noaft=\"1\" \/><\/p>\n<p align=\"center\">\u201e<span style=\"font-size: large\"><b>Lepsze jutro\u201d<\/b><\/span><\/p>\n<p align=\"center\"><!--more--><\/p>\n<h3 class=\"western\" align=\"justify\"><span style=\"font-family: Calibri, serif\"><span style=\"font-size: medium\">Pocz\u0105wszy od 1 lipca b.r. Dom Pomocy Spo\u0142ecznej Zakonu Bonifratr\u00f3w w Iwoniczu realizuje projekty grantowe, <\/span><\/span><span style=\"font-family: Calibri, serif\"><span style=\"font-size: medium\">kt\u00f3rych celem jest przeciwdzia\u0142anie rozprzestrzenianiu si\u0119 COVID-19 w plac\u00f3wce. <\/span><\/span><span style=\"font-family: Calibri, serif\"><span style=\"font-size: medium\">Granty otrzymali\u015bmy w\u00a0ramach projektu realizowanego przez Regionalny O\u015brodek Polityki Spo\u0142ecznej w\u00a0Rzeszowie pn.\u00a0\u201eLepsze jutro\u201d wsp\u00f3\u0142finansowanego przez Uni\u0119 Europejsk\u0105 w ramach Europejskiego Funduszu Spo\u0142ecznego <\/span><\/span><span style=\"font-family: Calibri, serif\"><span style=\"font-size: medium\">Osi Priorytetowej II Efektywne polityki publiczne dla rynku pracy, gospodarki i edukacji Dzia\u0142anie 2.8 Rozw\u00f3j us\u0142ug spo\u0142ecznych \u015bwiadczonych w \u015brodowisku lokalnym, Programu Operacyjnego Wiedza Edukacja Rozw\u00f3j 2014 \u2013 2020. <\/span><\/span><\/h3>\n<h3 class=\"western\" align=\"justify\"><span style=\"font-family: Calibri, serif\"><span style=\"font-size: medium\">Grant \u201eWsparcie pracownik\u00f3w i mieszka\u0144c\u00f3w Domu Pomocy Spo\u0142ecznej Zakonu Bonifratr\u00f3w w Iwoniczu w zwi\u0105zku z zagro\u017ceniem Covid-19\u201d na kwot\u0119 601\u00a0186 z\u0142 zosta\u0142 zrealizowany w\u00a0okresie 1.07- 31.10.2020 r. <\/span><\/span><\/h3>\n<h3 class=\"western\" align=\"justify\"><span style=\"font-family: Calibri, serif\"><span style=\"font-size: medium\">Od 01.11.2020 do 31.12.2020 trwa realizacja grantu \u201eChro\u0144my siebie i innych\u201d na kwot\u0119 70\u00a0752 z\u0142.<\/span><\/span><\/h3>\n<p align=\"justify\"><span style=\"font-family: Times New Roman, serif\"><span style=\"font-size: medium\"><span style=\"font-family: Calibri, serif\">Granty s\u0105 przeznaczone na cele zapewnienia<\/span><span style=\"font-family: Calibri, serif\"> zdrowia i bezpiecze\u0144stwa epidemicznego pensjonariuszy oraz\u00a0kadry. Wykorzystane \u015brodki zosta\u0142y przeznaczone m. in. na dodatkowe wynagrodzenie dla pracownik\u00f3w Domu, na zatrudnienie dodatkowej kadry, zakup sprz\u0119tu i\u00a0wyposa\u017cenia zwi\u0105zanego z walk\u0105 z COVID-19 (m.in. dekontaminatora, lamp bakteriob\u00f3jczych, \u0142\u00f3\u017cek, parawan\u00f3w medycznych, koncentratora tlenu, ssaka elektrycznego, sprz\u0119tu do sprz\u0105tania i dezynfekcji itp), zakup \u015brodk\u00f3w ochrony indywidualnej (m.in. r\u0119kawic jednorazowych, maseczek\u00a0 i gogli ochronnych, przy\u0142bic, kombinezon\u00f3w, fartuch\u00f3w, p\u0142yn\u00f3w do dezynfekcji, ochraniaczy na obuwie, termometr\u00f3w bezdotykowych, itp.). <\/span><\/span><\/span><\/p>\n<p>&nbsp;<\/p>\n","protected":false},"excerpt":{"rendered":"<p>\u201eLepsze jutro\u201d<\/p>\n","protected":false},"author":30,"featured_media":0,"parent":5942,"menu_order":21,"comment_status":"closed","ping_status":"closed","template":"","meta":{"footnotes":""},"_links":{"self":[{"href":"https:\/\/bonifratrzy.pl\/dps-iwonicz\/wp-json\/wp\/v2\/pages\/5291"}],"collection":[{"href":"https:\/\/bonifratrzy.pl\/dps-iwonicz\/wp-json\/wp\/v2\/pages"}],"about":[{"href":"https:\/\/bonifratrzy.pl\/dps-iwonicz\/wp-json\/wp\/v2\/types\/page"}],"author":[{"embeddable":true,"href":"https:\/\/bonifratrzy.pl\/dps-iwonicz\/wp-json\/wp\/v2\/users\/30"}],"replies":[{"embeddable":true,"href":"https:\/\/bonifratrzy.pl\/dps-iwonicz\/wp-json\/wp\/v2\/comments?post=5291"}],"version-history":[{"count":5,"href":"https:\/\/bonifratrzy.pl\/dps-iwonicz\/wp-json\/wp\/v2\/pages\/5291\/revisions"}],"predecessor-version":[{"id":5898,"href":"https:\/\/bonifratrzy.pl\/dps-iwonicz\/wp-json\/wp\/v2\/pages\/5291\/revisions\/5898"}],"up":[{"embeddable":true,"href":"https:\/\/bonifratrzy.pl\/dps-iwonicz\/wp-json\/wp\/v2\/pages\/5942"}],"wp:attachment":[{"href":"https:\/\/bonifratrzy.pl\/dps-iwonicz\/wp-json\/wp\/v2\/media?parent=5291"}],"curies":[{"name":"wp","href":"https:\/\/api.w.org\/{rel}","templated":true}]}}