{"id":217,"date":"2016-09-02T00:59:16","date_gmt":"2016-09-01T22:59:16","guid":{"rendered":"https:\/\/bonifratrzy.pl\/dps-iwonicz\/?page_id=217"},"modified":"2016-11-08T14:14:19","modified_gmt":"2016-11-08T13:14:19","slug":"kalendarium","status":"publish","type":"page","link":"https:\/\/bonifratrzy.pl\/dps-iwonicz\/projekty\/projekt-partnerski-leonardo-da-vinci\/kalendarium\/","title":{"rendered":"Kalendarium"},"content":{"rendered":"<ul class=\"su-subpages btnlink\"><li class=\"page_item page-item-211\"><a href=\"https:\/\/bonifratrzy.pl\/dps-iwonicz\/projekty\/projekt-partnerski-leonardo-da-vinci\/czym-polega-realizacja-naszego-partnerstwa-ldv\/\">Na czym polega realizacja naszego partnerstwa w LdV<\/a><\/li>\n<li class=\"page_item page-item-215\"><a href=\"https:\/\/bonifratrzy.pl\/dps-iwonicz\/projekty\/projekt-partnerski-leonardo-da-vinci\/ogrodnicy-naszym-domu\/\">Ogrodnicy w naszym Domu<\/a><\/li>\n<li class=\"page_item page-item-217\"><a href=\"https:\/\/bonifratrzy.pl\/dps-iwonicz\/projekty\/projekt-partnerski-leonardo-da-vinci\/kalendarium\/\">Kalendarium<\/a><\/li>\n<\/ul>\n<div class=\"su-spacer\" style=\"height:20px\"><\/div>\n<h2 class=\"cl-1\" style=\"text-align: center;\">Wystawa ogrodnictwa.<br \/>\nRozpowszechnianie naszego europejskiego partnerstwa w LdV<br \/>\nprzy okazji imprezy \u201ePo\u017cegnanie lata\u201d &#8211; sierpie\u0144 2012<\/h2>\n<p>W tradycj\u0119 \u017cycia kulturalnego naszego Domu wpisa\u0142a si\u0119 ju\u017c impreza integracyjna \u201ePo\u017cegnanie lata\u201d organizowana co roku ko\u0144cem sierpnia. Wykorzystali\u015bmy t\u0119 okazj\u0119 do tego, aby podzieli\u0107 si\u0119 z naszymi go\u015b\u0107mi do\u015bwiadczeniami pracy w ramach Projektu Leonardo da Vinci. Przygotowuj\u0105c wystaw\u0119 zdj\u0119\u0107 na tle scenerii naszego ogrodu, cz\u0119stuj\u0105c go\u015bci warzywami, owocami, kt\u00f3re sami wyhodowali\u015bmy ucz\u0105c si\u0119 ogrodnictwa w ramach Projektu, chcieli\u015bmy podkre\u015bli\u0107 i przekaza\u0107 osobom odwiedzaj\u0105cym wystaw\u0119, i\u017c osoba niepe\u0142nosprawna mo\u017ce z du\u017cym powodzeniem wykonywa\u0107 prac\u0119 zwi\u0105zan\u0105 z zawodem ogrodnika. Zaproszeni go\u015bcie: rodziny naszych podopiecznych, w\u0142adze samorz\u0105dowe, lokalna spo\u0142eczno\u015b\u0107, podopieczni i personel z plac\u00f3wek podobnych do naszej, zar\u00f3wno z naszego wojew\u00f3dztwa, ale i z odleglejszych zak\u0105tk\u00f3w Polski, mogli pospacerowa\u0107 \u015bcie\u017ckami naszego ogrodu warzywno-owocowo-kwiatowego a zarazem na zdj\u0119ciach obejrze\u0107 wcze\u015bniejsze etapy jego powstawania od przygotowywania ziemi, siania, sadzenia i piel\u0119gnowania a\u017c po zbieranie plon\u00f3w. Pokazali\u015bmy nasz ogr\u00f3d jako oaz\u0119, z kt\u00f3rej czerpiemy inspiracj\u0119, odkrywamy swoje zainteresowania i przede wszystkim odnajdujemy sens pracy. Nasi podopieczni, Beneficjenci Programu Leonardo da Vinci, byli prawdziwymi gospodarzami, oprowadzali go\u015bci, opowiadali o swoich do\u015bwiadczeniach pracy w ogrodzie, ale te\u017c o emocjach i prze\u017cyciach towarzysz\u0105cych wyjazdom zagranicznym do kraj\u00f3w partnerskich.<\/p>\n<p>Wystawa cieszy\u0142a si\u0119 du\u017cym zainteresowaniem i uznaniem, szczeg\u00f3lnie rodzin, kt\u00f3re ze wzruszeniem i rado\u015bci\u0105 patrzy\u0142y na swoich bliskich widz\u0105c je w zupe\u0142nie nowej roli.<\/p>\n<div class=\"su-divider su-divider-style-default\" style=\"margin:35px 0;border-width:2px;border-color:#e60d0d\"><\/div>\n<h2 style=\"text-align: center;\">Mi\u0119dzynarodowe spotkanie w Iwoniczu.<br \/>\nLeonardo da Vinci 2012<\/h2>\n<p>W dniach 8-12 pa\u017adziernika 2012 r. odby\u0142o si\u0119 trzecie ju\u017c spotkanie partnerskie w ramach Projektu Leonardo da Vinci. Tym razem krajem goszcz\u0105cym by\u0142a Polska. W spotkaniu udzia\u0142 wzi\u0119li podopieczni i ich opiekunowie z Niemiec, Austrii, Hiszpanii, Irlandii i Polski, w sumie 32 osoby, a tak\u017ce liczna grupa polska, kt\u00f3ra przygotowywa\u0142a spotkanie, prowadzi\u0142a zaj\u0119cia i organizowa\u0142a kolejne punkty wizyty.<\/p>\n<p>Tematem przewodnim spotkania by\u0142a praca w ogrodzie jako, \u017ce grupa polska przygotowuje kszta\u0142cenie zawodowe w\u0142a\u015bnie z obszaru ogrodnictwa. Zaprezentowali\u015bmy go\u015bciom nasze dzia\u0142ania, metody pracy i osi\u0105gni\u0119cia w ramach Projektu LdV, zaprosili\u015bmy uczestnik\u00f3w spotkania do ogrodu. Przygotowali\u015bmy r\u00f3\u017cnorodne, wyzwalaj\u0105ce inicjatyw\u0119 zaj\u0119cia z obszaru ogrodnictwa, na kt\u00f3rych np. w grupach mi\u0119dzynarodowych wsp\u00f3lnie opracowywali\u015bmy zadania ogrodnika w okre\u015blonej porze roku, rozr\u00f3\u017cniali\u015bmy zastosowanie okre\u015blonych warzyw, owoc\u00f3w i zi\u00f3\u0142 w codziennym \u017cyciu cz\u0142owieka, utrwalali\u015bmy najbardziej podstawowe wiadomo\u015bci o ro\u015blinach i ich potrzebach.<\/p>\n<p>Szczeg\u00f3lny entuzjazm w\u015br\u00f3d uczestnik\u00f3w spotkania wzbudzi\u0142y zaj\u0119cia praktyczne w naszym ogrodzie w Iwoniczu. Przygotowali\u015bmy dla naszych go\u015bci stanowiska warsztatowe gdzie mogli do\u015bwiadcza\u0107 praktycznych zada\u0144 ogrodniczych, m.in. w oparciu o metodyczne instrukcje i piktogramy uczyli si\u0119 w jaki spos\u00f3b prawid\u0142owo formowa\u0107 grz\u0105dki i sadzi\u0107 ziemniaki, jak nale\u017cy przesadza\u0107 ro\u015bliny, uczyli si\u0119 sia\u0107, okopywa\u0107 ro\u015bliny, ale i grabi\u0107 li\u015bcie.<\/p>\n<p>W ramach spotkania nie zabrak\u0142o te\u017c zada\u0144, kt\u00f3re pobudza\u0142y wyobra\u017ani\u0119, rozwija\u0142y umiej\u0119tno\u015bci pracy zespo\u0142owej, dlatego te\u017c uczestnicy w grupach mi\u0119dzynarodowych budowali nowoczesne maszyny ogrodnicze z przygotowanych im wcze\u015bniej r\u00f3\u017cnorodnych materia\u0142\u00f3w.<\/p>\n<p>Wa\u017cnym punktem spotkania w Polsce by\u0142y prezentacje, kt\u00f3re uczestnicy z ka\u017cdego kraju przedstawiali na temat osobistego rozwoju zawodowego. Wszystkie opiera\u0142y si\u0119 na kreatywnych metodach przekazu, tak, aby bez barier komunikacyjnych m\u00f3c odebra\u0107 przes\u0142anie na temat pracy i potrzeby rozwijania swoich zdolno\u015bci, pokonywania s\u0142abo\u015bci i wzmacniania cech indywidualnych.<\/p>\n<p>Nasi zagraniczni go\u015bcie mogli tak\u017ce zwiedzi\u0107 nasz o\u015brodek i pozna\u0107 podstawy jego dzia\u0142ania. Wsp\u00f3lnie uczestniczyli\u015bmy w Mszy \u015aw. w kaplicy Domu, go\u015bcie aktywnie w\u0142\u0105czyli si\u0119 w modlitwy w swoich j\u0119zykach. Pokazali\u015bmy te\u017c go\u015bciom najbli\u017csze okolice i wybrane atrakcje lokalne. Oczywi\u015bcie znale\u017ali\u015bmy czas na wsp\u00f3ln\u0105 zabaw\u0119 i integracj\u0119 by razem prze\u017cywa\u0107 rado\u015b\u0107 z mo\u017cliwo\u015bci spotkania i wsp\u00f3lnej pracy w ramach Projektu.<\/p>\n<p>Dzi\u0119ki Programowi Leonardo da Vinci odnajdujemy w sobie nowe zasoby, kt\u00f3rych istnienia nie podejrzewali\u015bmy. Nasze dzia\u0142ania w Projekcie pozwalaj\u0105 spojrze\u0107 na swoj\u0105 prac\u0119 i aktywno\u015b\u0107 przez pryzmat do\u015bwiadcze\u0144 partner\u00f3w z innych kraj\u00f3w, ale przede wszystkim uczestnictwo w Projekcie ma ogromne znaczenie dla naszych podopiecznych. Program LdV, kt\u00f3ry realizujemy, w szczeg\u00f3lny spos\u00f3b akcentuje partnerstwo i sprawczo\u015b\u0107 naszych podopiecznych, a wi\u0119c to ich intensywne dzia\u0142ania, wypowiedzi, oceny, aktywno\u015b\u0107 w przygotowaniu programu spotkania w Polsce, wsp\u00f3\u0142prowadzenie, oczywi\u015bcie na miar\u0119 mo\u017cliwo\u015bci i talent\u00f3w, doprowadzi\u0142y do sp\u00f3jnego i sensownego spotkania w naszym o\u015brodku w Iwoniczu.<\/p>\n<div class=\"su-divider su-divider-style-default\" style=\"margin:35px 0;border-width:2px;border-color:#e60d0d\"><\/div>\n<h2 style=\"text-align: center;\">Wystawa LdV w naszym Domu po spotkaniu mi\u0119dzynarodowym w Polsce<\/h2>\n<p>Kieruj\u0105c si\u0119 ch\u0119ci\u0105 podzielenia naszymi do\u015bwiadczeniami, trudem i osi\u0105gni\u0119ciami, kt\u00f3rych do\u015bwiadczyli\u015bmy przygotowuj\u0105c mi\u0119dzynarodowe spotkanie w naszym o\u015brodku, ale te\u017c ide\u0105 rozpowszechniania europejskiego Projektu Leonardo da Vinci przygotowali\u015bmy wystaw\u0119 zdj\u0119\u0107 i prac, kt\u00f3r\u0105 skierowali\u015bmy do ca\u0142ej spo\u0142eczno\u015bci Domu Pomocy Spo\u0142ecznej w Iwoniczu, rodzin naszych podopiecznych oraz os\u00f3b odwiedzaj\u0105cych plac\u00f3wk\u0119. Wystawa trwa\u0142a od 20.12.2013 do 15.02.2013, cieszy\u0142a si\u0119 ogromnym zainteresowaniem, uznaniem i szacunkiem.<\/p>\n<div class=\"su-divider su-divider-style-default\" style=\"margin:35px 0;border-width:2px;border-color:#e60d0d\"><\/div>\n<h2 class=\"cl-1\" style=\"text-align: center;\">Spotkanie organizacyjne w Madrycie w ramach Projektu LdV<\/h2>\n<p>W dn. 25-26.02.2013 w Madrycie odby\u0142o si\u0119 spotkanie koordynator\u00f3w z wszystkich kraj\u00f3w partnerskich, a wi\u0119c Niemiec, Austrii, Irlandii, Polski i Hiszpanii. Celem spotkania by\u0142o om\u00f3wienie wszystkich spraw organizacyjnych, zaplanowanie dalszych prac projektowych, w szczeg\u00f3lno\u015bci za\u015b przedstawienie Program\u00f3w Kszta\u0142cenia i praca nad publikacj\u0105 ko\u0144cow\u0105.<\/p>\n<p>Bardzo cenne jest to, i\u017c mimo r\u00f3\u017cnicy zda\u0144 i trud\u00f3w w porozumieniu, potrafimy cieszy\u0107 si\u0119 wsp\u00f3lnym czasem, uczy\u0107 od siebie nawzajem i budowa\u0107 przyjazne relacje.<br \/>\nMimo ca\u0142odziennej wyt\u0119\u017conej pracy znale\u017ali\u015bmy czas na nocny spacer po Madrycie, kosztowanie egzotycznych potraw i do\u015bwiadczanie hiszpa\u0144skiej kultury.<\/p>\n<div class=\"su-divider su-divider-style-default\" style=\"margin:35px 0;border-width:2px;border-color:#e60d0d\"><\/div>\n<h2 class=\"cl-1\" style=\"text-align: center;\">Mi\u0119dzynarodowe spotkanie w Hiszpanii.<br \/>\nLeonardo da Vinci 2013<\/h2>\n<p>Przystankiem kolejnego, czwartego ju\u017c spotkania partnerskiego w ramach europejskiego Projektu Leonardo do Vinci by\u0142a Hiszpania. W dniach 15-19.04.2013 podopieczni i ich opiekunowie z o\u015brodk\u00f3w partnerskich z Niemiec, Austrii, Polski, Irlandii i Hiszpanii spotkali si\u0119 w Bonifraterskim Centrum Jana Bo\u017cego w Valladolid.<\/p>\n<p>O\u015brodek ten jest miejscem edukacji i zaj\u0119\u0107 dla 300 niepe\u0142nosprawnych intelektualnie os\u00f3b, kt\u00f3re w licznych warsztatach i zaj\u0119ciach maj\u0105 mo\u017cliwo\u015b\u0107 zdobywania praktycznych umiej\u0119tno\u015bci. Mieli\u015bmy mo\u017cliwo\u015b\u0107 zwiedzi\u0107 o\u015brodek, pozna\u0107 jego specyfik\u0119 i \u015bwietne rozwi\u0105zania edukacyjne.<\/p>\n<p>Tematem przewodnim spotkania by\u0142o zdobywanie wiedzy i umiej\u0119tno\u015bci zwi\u0105zanych z prac\u0105 biurow\u0105. Uczyli\u015bmy si\u0119 zasad obs\u0142ugi komputera, kserowania, przecinania, laminowania, dziurkowania, ozdabiania, produkcji papieru metod\u0105 czerpan\u0105. Dzi\u0119ki nowym umiej\u0119tno\u015bciom ka\u017cdy z uczestnik\u00f3w zaj\u0119\u0107 m\u00f3g\u0142 stworzy\u0107 sw\u00f3j osobisty notes.<\/p>\n<p>Zadaniem ka\u017cdego kraju by\u0142o przygotowanie i przedstawienie podczas zaj\u0119\u0107 prezentacji na temat \u201eKompetencje zawodowe\u201d. Uczestnicy poszczeg\u00f3lnych kraj\u00f3w wykazali si\u0119 r\u00f3\u017cnorodn\u0105 form\u0105 prezentowanego tematu. Przedstawiciele naszej grupy zaprezentowali przygotowany w Iwoniczu film ukazuj\u0105cy zasadnicze umiej\u0119tno\u015bci zawodowe, kt\u00f3rymi powinien charakteryzowa\u0107 si\u0119 ogrodnik.\u00a0Dope\u0142nieniem zaj\u0119\u0107 by\u0142y integracyjne spotkania przy hiszpa\u0144skich przek\u0105skach, kosztowali\u015bmy tradycyjnej regionalnej kuchni, obcowali\u015bmy z hiszpa\u0144sk\u0105 kultur\u0105.<\/p>\n<p>Wszystkie o\u015brodki partnerskie \u0142\u0105czy wsp\u00f3lna idea s\u0142u\u017cby drugiemu cz\u0142owiekowi, kt\u00f3rej autorem jest \u015bw. Jan Bo\u017cy za\u0142o\u017cyciel Zakonu Bonifratr\u00f3w. Podkre\u015blili\u015bmy t\u0119 wi\u0119\u017a i wierno\u015b\u0107 idei swoim emocjonalnym udzia\u0142em w akcie religijnym przygotowanym w Kaplicy przez gospodarzy.<\/p>\n<p>Zostali\u015bmy r\u00f3wnie\u017c zaproszeni do zabytkowego, renesansowego ratusza na spotkanie z burmistrzem Valladolid, kt\u00f3ry podkre\u015bla\u0142 znaczenie naszej europejskiej integracji w ramach Projektu LdV, a tak\u017ce zapewnia\u0142, i\u017c \u0142\u0105czy nas wsp\u00f3lny cel budowania godnej przysz\u0142o\u015bci os\u00f3b niepe\u0142nosprawnych intelektualnie. Cieszyli\u015bmy si\u0119 ponadto z przeja\u017cd\u017cki z przewodnikiem po mie\u015bcie, mieli\u015bmy mo\u017cliwo\u015b\u0107 zwiedzi\u0107 s\u0142oneczny i urokliwy Madryt.<\/p>\n<p>Spotkanie w Valladolid jak i inne spotkania w krajach partnerskich mia\u0142y na celu wymian\u0119 do\u015bwiadcze\u0144, poznanie swoich kultur, integracj\u0119 i niew\u0105tpliwie te cele zosta\u0142y osi\u0105gni\u0119te. Natomiast lot samolotem, przemieszczanie si\u0119 metrem, poznawanie j\u0119zyk\u00f3w, zawi\u0105zanie nowych znajomo\u015bci i wiele innych prze\u017cy\u0107 wzbogaci\u0142o nasze \u017cycie osobiste i zawodowe.<\/p>\n<div class=\"su-divider su-divider-style-default\" style=\"margin:35px 0;border-width:2px;border-color:#e60d0d\"><\/div>\n<h2 class=\"cl-1\" style=\"text-align: center;\">Praktyki zawodowe<\/h2>\n<p>W miesi\u0105cach maj \u2013 czerwiec 2013 r. podopieczni uczestnicz\u0105cy w Projekcie Leonardo da Vinci wzi\u0119li udzia\u0142 w praktykach zawodowych, kt\u00f3re zorganizowali\u015bmy u naszych partner\u00f3w w Zak\u0142adzie Aktywno\u015bci Zawodowej w Rymanowie oraz w Szkole Zawodowej w Iwoniczu.<\/p>\n<p>Praktyki w ZAZ-ie polega\u0142y na w\u0142\u0105czaniu si\u0119 w okre\u015blone zadania zatrudnionych tam os\u00f3b niepe\u0142nosprawnych, nasi podopieczni mieli mo\u017cliwo\u015b\u0107 poznania specyficznej struktury tej instytucji, obserwowali i uczestniczyli w procesie przygotowywania okre\u015blonych produkt\u00f3w ogrodniczych na zlecenia klient\u00f3w, do\u015bwiadczali kontaktu z klientami, pe\u0142nili rol\u0119 pracownika.<\/p>\n<p>W Szkole Zawodowej w Iwoniczu podopieczni w\u0142\u0105czali si\u0119 w planowe zaj\u0119cia lekcyjne uczni\u00f3w obserwuj\u0105c i wykonuj\u0105c cz\u0119\u015b\u0107 zada\u0144 jak plantowanie ziemi, zak\u0142adanie i piel\u0119gnacja trawnika, piel\u0119gnacja ro\u015blin i inne. Praktyki w szkole mia\u0142y du\u017ce znaczenie ze wzgl\u0119du na mo\u017cliwo\u015b\u0107 kontaktu z m\u0142odzie\u017c\u0105, prze\u0142amywanie barier komunikacyjnych, mo\u017cliwo\u015b\u0107 wykonywania wyuczonych zada\u0144 w nowym \u015brodowisku i z innym zespo\u0142em.V spotkanie Partnerskie \u2013 Irlandia &#8211; 17- 21.06.2013 r.<\/p>\n<p>To ju\u017c ostatnie mi\u0119dzynarodowe spotkanie w ramach Projektu Leonardo da Vinci. Tym razem go\u015bcili nas partnerzy z zielonego Dublina. Przygotowali oni zaj\u0119cia, kt\u00f3re przyj\u0119li\u015bmy z entuzjazmem, ich g\u0142\u00f3wn\u0105 zalet\u0105 by\u0142o to, i\u017c wyzwala\u0142y kreatywno\u015b\u0107 i spontaniczno\u015b\u0107, realizowa\u0142y cele integracji i odnosi\u0142y si\u0119 do naszych kultur narodowych. By\u0142y tak przygotowane, aby osoby niepe\u0142nosprawne w r\u00f3\u017cnym stopniu mog\u0142y w nich aktywnie uczestniczy\u0107 i czerpa\u0107 satysfakcj\u0119.<\/p>\n<p>Zaj\u0119cia w obszarze kszta\u0142cenia i pracy zawodowej by\u0142y dla uczestnik\u00f3w bardzo atrakcyjne. Odbywa\u0142y si\u0119 w szklarniach, gdzie uczestnicy tworzyli w\u0142asne kompozycje kwiatowe z przygotowanych sadzonek a tak\u017ce w parku w centrum Dublina, gdzie w\u0142\u0105czali si\u0119 w sadzenie drzewek i krzew\u00f3w wg zlece\u0144 pozyskanych przez irlandzki o\u015brodek.<\/p>\n<p>Wa\u017cnym punktem spotkania by\u0142o jak zwykle zadanie, kt\u00f3re ka\u017cdy o\u015brodek przygotowywa\u0142 w swoim kraju.<\/p>\n<p>Tym razem mieli\u015bmy zaprezentowa\u0107 owoce 2-letniej pracy w Projekcie LdV za pomoc\u0105 dowolnej metody. Polska grupa przygotowa\u0142a prezentacj\u0119 multimedialn\u0105 oraz wystaw\u0119 produkt\u00f3w uzyskanych w czasie realizacji Projektu. Wszystkich oczarowa\u0142 smak domowego d\u017cemu z truskawek czy miniaturowe zio\u0142owe herbatki. Wysoko zosta\u0142y ocenione materia\u0142y edukacyjne wykorzystywane podczas pracy.<\/p>\n<p>Podczas spotkania ogl\u0105dali\u015bmy liczne prezentacje o\u015brodka Partner\u00f3w, uczestniczyli\u015bmy w dyskusjach. Wyj\u0105tkowym zainteresowaniem cieszy\u0142a si\u0119 prezentacja dotycz\u0105ca zachodz\u0105cych na przestrzeni lat zmian w podej\u015bciu do os\u00f3b niepe\u0142nosprawnych w Irlandii, w kt\u00f3rej uczestniczyli obecni na spotkaniu przedstawiciele w\u0142adz o\u015brodk\u00f3w.<\/p>\n<p>Pobyt w Irlandii by\u0142 to te\u017c czas podsumowa\u0144, wspomnie\u0144 z pocz\u0105tk\u00f3w wsp\u00f3lnej drogi, sk\u0142adania obietnic co do dalszej wsp\u00f3\u0142pracy i serdecznych po\u017cegna\u0144&#8230;<\/p>\n<div class=\"su-divider su-divider-style-default\" style=\"margin:35px 0;border-width:2px;border-color:#e60d0d\"><\/div>\n<h2 class=\"cl-1\" style=\"text-align: center;\">Wystawa podsumowuj\u0105ca europejski Projekt Leonardo da Vinci<br \/>\nprzy okazji festiwalu Po\u017cegnanie Lata &#8211; 29. 08. 2013<\/h2>\n<p>Przy okazji corocznego Festiwalu Po\u017cegnanie Lata, kt\u00f3ry jest okazj\u0105 do wsp\u00f3lnego spotkania, zabawy i integracji odby\u0142a si\u0119 wystawa promuj\u0105ca 2-letni\u0105 prac\u0119 w Projekcie LdV.<br \/>\nW wydarzeniu tym wzi\u0119li udzia\u0142 licznie zaproszeni go\u015bcie: przedstawiciele w\u0142adz lokalnych i ko\u015bcielnych, zaprzyja\u017anione Domy\u00a0 \u00a0 Pomocy Spo\u0142ecznej, Warsztaty Terapii Zaj\u0119ciowej oraz przedstawiciele spo\u0142eczno\u015bci lokalnej i wspieraj\u0105cy nas w Projekcie Zak\u0142ad Aktywno\u015bci Zawodowej z Rymanowa Zdroju oraz Zesp\u00f3\u0142 Szk\u00f3\u0142 w Iwoniczu.<\/p>\n<p>Podczas wystawy zaprezentowali\u015bmy wszystkie materia\u0142y wytworzone w toku dwuletniej pracy, przede wszystkim Materia\u0142 Kszta\u0142cenia w zawodzie ogrodnika dla os\u00f3b ze specjaln\u0105 potrzeb\u0105 uczenia si\u0119. Kilka plac\u00f3wek zdeklarowa\u0142o ch\u0119\u0107 wykorzystania go w swojej pracy.<\/p>\n<p>Ponadto zaprezentowali\u015bmy produkty wykonane przez uczestnik\u00f3w Projektu w trakcie zaj\u0119\u0107 praktycznych. By\u0142y to saszetki z zio\u0142owymi herbatkami, zak\u0142adki do ksi\u0105\u017cek oraz kwiaty z masy solnej, kt\u00f3rymi obdarowywali\u015bmy przyby\u0142ych go\u015bci.<\/p>\n<p>Atrakcyjno\u015bci stoisku doda\u0142y d\u017cemy truskawkowe, og\u00f3rki i pomidory wyhodowane w przydomowym ogrodzie dydaktycznym oraz kompozycje z warzyw, owoc\u00f3w, zi\u00f3\u0142, kwiat\u00f3w. Istotnym punktem wystawy by\u0142o Kalendarium Leonardo da Vinci, w kt\u00f3rym przedstawili\u015bmy najwa\u017cniejsze wydarzenia towarzysz\u0105ce realizacji Projektu. Wspomnienia i wra\u017cenia z wyjazd\u00f3w zagranicznych zawarli\u015bmy w przygotowanym albumie ze zdj\u0119ciami. Go\u015bciom zosta\u0142y wr\u0119czone foldery na temat realizacji Projektu Partnerskiego przez nasz Dom. Jednak najistotniejszym elementem rozpowszechniania by\u0142y dyskusje, rozmowy, pytania na temat kszta\u0142cenia i pracy os\u00f3b niepe\u0142nosprawnych, wymiana opinii na temat mo\u017cliwo\u015bci, szans i zagro\u017ce\u0144 w obecnym systemie pomocy spo\u0142ecznej oraz sytuacji na rynku pracy.<\/p>\n","protected":false},"excerpt":{"rendered":"<p>Wystawa ogrodnictwa. Rozpowszechnianie naszego europejskiego partnerstwa w LdV przy okazji imprezy \u201ePo\u017cegnanie lata\u201d &#8211; sierpie\u0144 2012 W tradycj\u0119 \u017cycia kulturalnego naszego Domu wpisa\u0142a si\u0119 ju\u017c impreza integracyjna \u201ePo\u017cegnanie lata\u201d organizowana co roku ko\u0144cem sierpnia. Wykorzystali\u015bmy t\u0119 okazj\u0119 do tego, aby podzieli\u0107 si\u0119 z naszymi go\u015b\u0107mi do\u015bwiadczeniami pracy w ramach Projektu Leonardo da Vinci. Przygotowuj\u0105c wystaw\u0119 [&hellip;]<\/p>\n","protected":false},"author":1,"featured_media":0,"parent":21,"menu_order":29,"comment_status":"closed","ping_status":"closed","template":"","meta":{"footnotes":""},"_links":{"self":[{"href":"https:\/\/bonifratrzy.pl\/dps-iwonicz\/wp-json\/wp\/v2\/pages\/217"}],"collection":[{"href":"https:\/\/bonifratrzy.pl\/dps-iwonicz\/wp-json\/wp\/v2\/pages"}],"about":[{"href":"https:\/\/bonifratrzy.pl\/dps-iwonicz\/wp-json\/wp\/v2\/types\/page"}],"author":[{"embeddable":true,"href":"https:\/\/bonifratrzy.pl\/dps-iwonicz\/wp-json\/wp\/v2\/users\/1"}],"replies":[{"embeddable":true,"href":"https:\/\/bonifratrzy.pl\/dps-iwonicz\/wp-json\/wp\/v2\/comments?post=217"}],"version-history":[{"count":0,"href":"https:\/\/bonifratrzy.pl\/dps-iwonicz\/wp-json\/wp\/v2\/pages\/217\/revisions"}],"up":[{"embeddable":true,"href":"https:\/\/bonifratrzy.pl\/dps-iwonicz\/wp-json\/wp\/v2\/pages\/21"}],"wp:attachment":[{"href":"https:\/\/bonifratrzy.pl\/dps-iwonicz\/wp-json\/wp\/v2\/media?parent=217"}],"curies":[{"name":"wp","href":"https:\/\/api.w.org\/{rel}","templated":true}]}}