{"id":21,"date":"2016-01-28T00:46:53","date_gmt":"2016-01-27T23:46:53","guid":{"rendered":"https:\/\/bonifratrzy.pl\/dps-iwonicz\/?page_id=21"},"modified":"2021-09-24T14:07:07","modified_gmt":"2021-09-24T12:07:07","slug":"projekt-partnerski-leonardo-da-vinci","status":"publish","type":"page","link":"https:\/\/bonifratrzy.pl\/dps-iwonicz\/projekty\/projekt-partnerski-leonardo-da-vinci\/","title":{"rendered":"Projekt Partnerski Leonardo da Vinci"},"content":{"rendered":"<ul class=\"su-subpages btnlink\"><li class=\"page_item page-item-211\"><a href=\"https:\/\/bonifratrzy.pl\/dps-iwonicz\/projekty\/projekt-partnerski-leonardo-da-vinci\/czym-polega-realizacja-naszego-partnerstwa-ldv\/\">Na czym polega realizacja naszego partnerstwa w LdV<\/a><\/li>\n<li class=\"page_item page-item-215\"><a href=\"https:\/\/bonifratrzy.pl\/dps-iwonicz\/projekty\/projekt-partnerski-leonardo-da-vinci\/ogrodnicy-naszym-domu\/\">Ogrodnicy w naszym Domu<\/a><\/li>\n<li class=\"page_item page-item-217\"><a href=\"https:\/\/bonifratrzy.pl\/dps-iwonicz\/projekty\/projekt-partnerski-leonardo-da-vinci\/kalendarium\/\">Kalendarium<\/a><\/li>\n<\/ul>\n<div class=\"su-spacer\" style=\"height:20px\"><\/div>\n<h2 class=\"cl-r art_title\" style=\"text-align: center\">Program Partnerski Leonardo da Vinci &#8211; fundusze europejskie<\/h2>\n<p>&nbsp;<\/p>\n<h3 class=\"cl-1\">Czym jest program Leonardo da Vinci (LdV) ?<\/h3>\n<p>Leonardo da Vinci jest cz\u0119\u015bci\u0105 programu edukacyjnego UE &#8211; &#8222;Uczenie si\u0119 przez ca\u0142e \u017cycie&#8221;. Projekt wspiera jedynie dzia\u0142ania mi\u0119dzynarodowe. W zale\u017cno\u015bci od typu projektu ( Projekty Mobilno\u015bci, Projekty Partnerskie, Projekty Transferu Innowacji) do realizacji projektu konieczny jest jeden, b\u0105d\u017a kilku partner\u00f3w zagranicznych. My korzystamy z Projektu Partnerskiego. Program LdV wspiera osoby na wszystkich etapach \u017cycia w zdobywaniu wykszta\u0142cenia, kwalifikacji i do\u015bwiadczenia zawodowego poza granicami w\u0142asnego kraju, promuj\u0105c miedzy innymi uczenie si\u0119 od siebie nawzajem, wymian\u0119 do\u015bwiadcze\u0144 oraz wzajemne zrozumienie.<\/p>\n<p>W projektach partnerskich mog\u0105 uczestniczy\u0107 podmioty funkcjonuj\u0105ce w obszarze kszta\u0142cenia i szkolenia zawodowego. Ka\u017cdy kraj partnerski otrzymuje dofinansowanie na dwa lata realizacji projektu. Dofinansowanie jest przyznawane jako rycza\u0142t w zale\u017cno\u015bci od ilo\u015bci zaplanowanej liczby mobilno\u015bci (wyjazd\u00f3w zagranicznych) i przeznaczone jest na pokrycie wszystkich koszt\u00f3w projektu wynikaj\u0105cych z jego realizacji. Ca\u0142kowite dofinansowanie dla jednego partnera uczestnicz\u0105cego w projekcie nie mo\u017ce przekroczy\u0107 25 000 euro.<\/p>\n<h3 class=\"cl-1\">Kim s\u0105 partnerzy i sojusznicy ?<\/h3>\n<p>Koordynatorem Projektu LdV jest O\u015brodek Bonifraterski w Straubingu (Niemcy), kt\u00f3ry sprawuje opiek\u0119 nad 400 niepe\u0142nosprawnymi intelektualnie osobami doros\u0142ymi mieszkaj\u0105cymi na terenie o\u015brodka b\u0105d\u017a w mieszkaniach chronionych z opiek\u0105 ambulatoryjn\u0105. O\u015brodek ma r\u00f3wnie\u017c \u015bwietnie rozwini\u0119te warsztaty pracy, gdzie 200 podopiecznych wykonuje prace typu: montowanie i czyszczenie drobnych cz\u0119\u015bci samochodowych w ramach umowy z du\u017cymi zak\u0142adami samochodowymi, czy warsztaty stolarskie wykonuj\u0105ce obrazy, ramki i inne artyku\u0142y dekoracyjne. W o\u015brodku w Straubingu ka\u017cda z os\u00f3b niepe\u0142nosprawnych, niezale\u017cnie od stopnia niepe\u0142nosprawno\u015bci, uczestniczy, je\u015bli nie w warsztatach pracy, to w zaj\u0119ciach aktywizuj\u0105cych, kt\u00f3re z kolei zwi\u0119kszaj\u0105c samodzielno\u015b\u0107 oraz podnosz\u0105c kwalifikacje i umiej\u0119tno\u015bci maj\u0105 przygotowa\u0107 te osoby do wykonywania pracy. Widocznym rysem o\u015brodka jest indywidualizacja dzia\u0142a\u0144 i pedagogiczny kierunek.<\/p>\n<p>Naszymi partnerami s\u0105 ponadto O\u015brodki Bonifraterskie z Kainbach (Austria), z Valladolid (Hiszpania), z Dublina ( Irlandia).<\/p>\n<p>O\u015brodek z Austrii sprawuje opiek\u0119 nad 600 osobami z niepe\u0142nosprawno\u015bci\u0105 intelektualn\u0105 lub chorych psychicznie. Plac\u00f3wka ta po\u0142o\u017cona jest w bardzo malowniczym miejscu, zajmuje rozleg\u0142y teren i jest to wiele du\u017cych budynk\u00f3w oraz mniejszych domk\u00f3w kilkuosobowych z mini zoo, warsztat\u00f3w pracy, warsztat\u00f3w terapii zaj\u0119ciowej, olbrzymie gospodarstwo rolne z hodowl\u0105 kr\u00f3w i zak\u0142adem produkcji jogurtu, pasieka, ma\u0142y zak\u0142ad produkuj\u0105cy d\u017cemy z w\u0142asnych owoc\u00f3w. te wszystkie formy aktywizacji daj\u0105 podopiecznym mo\u017cliwo\u015b\u0107 pracy oraz zatrudnienia.<\/p>\n<p>O\u015brodek z Irlandii to sie\u0107 szk\u00f3\u0142, o\u015brodk\u00f3w dziennych i o\u015bwiatowych oraz mieszkania chronione dla dzieci niepe\u0142nosprawnych intelektualnie oraz opieka kr\u00f3tkoterminowa funkcjonuj\u0105ca w okr\u0119gu pd. &#8211; wsch. Dublina i Nrd Wicklow. Bardzo jeste\u015bmy ciekawi tego o\u015brodka, ale podr\u00f3\u017c do Irlandii dopiero w przysz\u0142ym roku.<\/p>\n<p>O\u015brodek hiszpa\u0144ski to centrum edukacji i zaj\u0119\u0107 dla 300 niepe\u0142nosprawnych intelektualnie os\u00f3b, kt\u00f3re w 10 warsztatach maj\u0105 mo\u017cliwo\u015b\u0107 wykonywania r\u00f3\u017cnorodnych prac: stolarskich, w pralni, produkcji przemys\u0142owej, monta\u017cach, ogrodnictwie i us\u0142ugodawstwie. Hiszpani\u0119 i o\u015brodek w Valladolid b\u0119dziemy mie\u0107 przyjemno\u015b\u0107 poznawa\u0107 na wiosn\u0119 2013 roku, ale ju\u017c dzi\u015b cieszymy si\u0119, \u017ce b\u0119dzie nam dane do\u015bwiadczy\u0107 hiszpa\u0144skiej kultury.<\/p>\n<p>W realizacji cel\u00f3w Projektu w Iwoniczu wspieraj\u0105 nas nasi sojusznicy:<\/p>\n<ul>\n<li>Zesp\u00f3\u0142 Szk\u00f3\u0142 w Iwoniczu,<\/li>\n<li>Zak\u0142ad Aktywno\u015bci Zawodowej w Rymanowie,<\/li>\n<li>Urz\u0105d Gminy Iwonicz Zdr\u00f3j<\/li>\n<\/ul>\n","protected":false},"excerpt":{"rendered":"<p>Program Partnerski Leonardo da Vinci &#8211; fundusze europejskie &nbsp; Czym jest program Leonardo da Vinci (LdV) ? Leonardo da Vinci jest cz\u0119\u015bci\u0105 programu edukacyjnego UE &#8211; &#8222;Uczenie si\u0119 przez ca\u0142e \u017cycie&#8221;. Projekt wspiera jedynie dzia\u0142ania mi\u0119dzynarodowe. W zale\u017cno\u015bci od typu projektu ( Projekty Mobilno\u015bci, Projekty Partnerskie, Projekty Transferu Innowacji) do realizacji projektu konieczny jest jeden, [&hellip;]<\/p>\n","protected":false},"author":1,"featured_media":0,"parent":5942,"menu_order":26,"comment_status":"closed","ping_status":"closed","template":"","meta":{"footnotes":""},"_links":{"self":[{"href":"https:\/\/bonifratrzy.pl\/dps-iwonicz\/wp-json\/wp\/v2\/pages\/21"}],"collection":[{"href":"https:\/\/bonifratrzy.pl\/dps-iwonicz\/wp-json\/wp\/v2\/pages"}],"about":[{"href":"https:\/\/bonifratrzy.pl\/dps-iwonicz\/wp-json\/wp\/v2\/types\/page"}],"author":[{"embeddable":true,"href":"https:\/\/bonifratrzy.pl\/dps-iwonicz\/wp-json\/wp\/v2\/users\/1"}],"replies":[{"embeddable":true,"href":"https:\/\/bonifratrzy.pl\/dps-iwonicz\/wp-json\/wp\/v2\/comments?post=21"}],"version-history":[{"count":1,"href":"https:\/\/bonifratrzy.pl\/dps-iwonicz\/wp-json\/wp\/v2\/pages\/21\/revisions"}],"predecessor-version":[{"id":5945,"href":"https:\/\/bonifratrzy.pl\/dps-iwonicz\/wp-json\/wp\/v2\/pages\/21\/revisions\/5945"}],"up":[{"embeddable":true,"href":"https:\/\/bonifratrzy.pl\/dps-iwonicz\/wp-json\/wp\/v2\/pages\/5942"}],"wp:attachment":[{"href":"https:\/\/bonifratrzy.pl\/dps-iwonicz\/wp-json\/wp\/v2\/media?parent=21"}],"curies":[{"name":"wp","href":"https:\/\/api.w.org\/{rel}","templated":true}]}}