{"id":137,"date":"2016-05-06T15:47:48","date_gmt":"2016-05-06T13:47:48","guid":{"rendered":"https:\/\/bonifratrzy.pl\/dps-iwonicz\/?page_id=137"},"modified":"2022-04-06T12:57:41","modified_gmt":"2022-04-06T10:57:41","slug":"opieka-medyczna","status":"publish","type":"page","link":"https:\/\/bonifratrzy.pl\/dps-iwonicz\/zakres-uslug\/opieka-medyczna\/","title":{"rendered":"Opieka medyczna"},"content":{"rendered":"<p align=\"justify\"><span style=\"font-family: Times New Roman, serif\"><span style=\"font-size: medium\">Dom \u015bwiadczy ca\u0142odobowo us\u0142ugi piel\u0119gniarskie. Posiada gabinet dora\u017anej pomocy medycznej, w\u00a0kt\u00f3rym\u00a0wykonywane s\u0105 podstawowe czynno\u015bci piel\u0119gniarskie oraz pomoc podopiecznym chodz\u0105cym. Opieka piel\u0119gniarska u os\u00f3b chorych, le\u017c\u0105cych i z wi\u0119ksz\u0105 niepe\u0142nosprawno\u015bci\u0105 realizowana jest w ich pokojach. <\/span><\/span><\/p>\n<p align=\"justify\"><span style=\"font-family: Times New Roman, serif\">Opr\u00f3cz piel\u0119gniarek zatrudnionych przez DPS, wszyscy podopieczni s\u0105 obj\u0119ci opiek\u0105 piel\u0119gniarki POZ oraz opiek\u0105 lekarza rodzinnego<\/span><span style=\"font-family: Times New Roman, serif\">, kt\u00f3ry przyje\u017cd\u017ca do DPS na wizyty domowe 1x w tygodniu oraz w\u00a0razie potrzeby.<\/span><span style=\"font-family: Times New Roman, serif\"> Ponadto podopieczni spe\u0142niaj\u0105cy kryteria (40 pkt i poni\u017cej w skali Barthela) s\u0105 obj\u0119ci piel\u0119gniarsk\u0105 opiek\u0105 d\u0142ugoterminow\u0105<\/span><span style=\"font-family: Times New Roman, serif\">. <\/span><\/p>\n<p align=\"justify\"><span style=\"font-family: Times New Roman, serif\">Dom ma podpisan\u0105 umow\u0119 z lekarzem psychiatr\u0105, neurologiem i psychologiem, kt\u00f3rzy udzielaj\u0105 konsultacji w Domu \u015brednio 1x w tygodniu i obejmuj\u0105 wsparciem wszystkich podopiecznych, kt\u00f3rzy tego wymagaj\u0105. <\/span><span style=\"font-family: Times New Roman, serif\"><span style=\"font-size: medium\">W\u00a0razie potrzeby podopieczni dowo\u017ceni s\u0105 do\u00a0poradni i\u00a0przychodni lekarskich specjalistycznych innych ni\u017c oferuje Dom, korzystaj\u0105 te\u017c z\u00a0leczenia szpitalnego i<\/span><\/span><span style=\"font-family: Times New Roman, serif\"> otrzymuj\u0105 w\u00a0tym zakresie adekwatne wsparcie. <\/span><\/p>\n<p align=\"justify\"><!--more--><\/p>\n<div class=\"wpmf-gallerys wpmf-gallerys-life \" ><div id=\"gallery-1\" class=\"gallery gallery_life wpmf_gallery_default gallery_default  gallery-columns-4 gallery-size-thumbnail gallery-link-file wpmf-has-border-radius-0 wpmf-gutterwidth-5 no_ratio\"><figure class=\"wpmf-gallery-item\" data-index=\"0\"><div class=\"wpmf-gallery-icon\"><div class=\"square_thumbnail\"><div class=\"img_centered\"><a class=\" not_video noLightbox\" data-lightbox=\"1\" data-href=\"https:\/\/bonifratrzy.pl\/dps-iwonicz\/wp-content\/uploads\/sites\/26\/2016\/05\/5c0460fbe32c42f18fef8af016f1d500.jpeg\" title=\"5c0460fbe32c42f18fef8af016f1d500\" target=\"_self\" data-index=\"0\"><img decoding=\"async\" class=\"wpmf_img\" alt=\"5c0460fbe32c42f18fef8af016f1d500\" src=\"https:\/\/bonifratrzy.pl\/dps-iwonicz\/wp-content\/uploads\/sites\/26\/2016\/05\/5c0460fbe32c42f18fef8af016f1d500-150x150.jpeg\" data-type=\"wpmfgalleryimg\" data-lazy-src=\"https:\/\/bonifratrzy.pl\/dps-iwonicz\/wp-content\/uploads\/sites\/26\/2016\/05\/5c0460fbe32c42f18fef8af016f1d500-150x150.jpeg\"><\/a><\/div><\/div><\/div><\/figure><figure class=\"wpmf-gallery-item\" data-index=\"1\"><div class=\"wpmf-gallery-icon\"><div class=\"square_thumbnail\"><div class=\"img_centered\"><a class=\" not_video noLightbox\" data-lightbox=\"1\" data-href=\"https:\/\/bonifratrzy.pl\/dps-iwonicz\/wp-content\/uploads\/sites\/26\/2016\/05\/40af9a2ee6ce22a1eee09f0f127f41cf.jpeg\" title=\"40af9a2ee6ce22a1eee09f0f127f41cf\" target=\"_self\" data-index=\"1\"><img decoding=\"async\" class=\"wpmf_img\" alt=\"40af9a2ee6ce22a1eee09f0f127f41cf\" src=\"https:\/\/bonifratrzy.pl\/dps-iwonicz\/wp-content\/uploads\/sites\/26\/2016\/05\/40af9a2ee6ce22a1eee09f0f127f41cf-150x150.jpeg\" data-type=\"wpmfgalleryimg\" data-lazy-src=\"https:\/\/bonifratrzy.pl\/dps-iwonicz\/wp-content\/uploads\/sites\/26\/2016\/05\/40af9a2ee6ce22a1eee09f0f127f41cf-150x150.jpeg\"><\/a><\/div><\/div><\/div><\/figure><figure class=\"wpmf-gallery-item\" data-index=\"2\"><div class=\"wpmf-gallery-icon\"><div class=\"square_thumbnail\"><div class=\"img_centered\"><a class=\" not_video noLightbox\" data-lightbox=\"1\" data-href=\"https:\/\/bonifratrzy.pl\/dps-iwonicz\/wp-content\/uploads\/sites\/26\/2016\/05\/ac5bb4d09be0297f3783597aa6156b43.jpeg\" title=\"ac5bb4d09be0297f3783597aa6156b43\" target=\"_self\" data-index=\"2\"><img decoding=\"async\" class=\"wpmf_img\" alt=\"ac5bb4d09be0297f3783597aa6156b43\" src=\"https:\/\/bonifratrzy.pl\/dps-iwonicz\/wp-content\/uploads\/sites\/26\/2016\/05\/ac5bb4d09be0297f3783597aa6156b43-150x150.jpeg\" data-type=\"wpmfgalleryimg\" data-lazy-src=\"https:\/\/bonifratrzy.pl\/dps-iwonicz\/wp-content\/uploads\/sites\/26\/2016\/05\/ac5bb4d09be0297f3783597aa6156b43-150x150.jpeg\"><\/a><\/div><\/div><\/div><\/figure><figure class=\"wpmf-gallery-item\" data-index=\"3\"><div class=\"wpmf-gallery-icon\"><div class=\"square_thumbnail\"><div class=\"img_centered\"><a class=\" not_video noLightbox\" data-lightbox=\"1\" data-href=\"https:\/\/bonifratrzy.pl\/dps-iwonicz\/wp-content\/uploads\/sites\/26\/2016\/05\/f21a10de1ee2ecc18ae7088379988f19.jpeg\" title=\"f21a10de1ee2ecc18ae7088379988f19\" target=\"_self\" data-index=\"3\"><img decoding=\"async\" class=\"wpmf_img\" alt=\"f21a10de1ee2ecc18ae7088379988f19\" src=\"https:\/\/bonifratrzy.pl\/dps-iwonicz\/wp-content\/uploads\/sites\/26\/2016\/05\/f21a10de1ee2ecc18ae7088379988f19-150x150.jpeg\" data-type=\"wpmfgalleryimg\" data-lazy-src=\"https:\/\/bonifratrzy.pl\/dps-iwonicz\/wp-content\/uploads\/sites\/26\/2016\/05\/f21a10de1ee2ecc18ae7088379988f19-150x150.jpeg\"><\/a><\/div><\/div><\/div><\/figure><\/div><\/div>\n<p>&nbsp;<\/p>\n","protected":false},"excerpt":{"rendered":"<p>Dom \u015bwiadczy ca\u0142odobowo us\u0142ugi piel\u0119gniarskie. Posiada gabinet dora\u017anej pomocy medycznej, w\u00a0kt\u00f3rym\u00a0wykonywane s\u0105 podstawowe czynno\u015bci piel\u0119gniarskie oraz pomoc podopiecznym chodz\u0105cym. Opieka piel\u0119gniarska u os\u00f3b chorych, le\u017c\u0105cych i z wi\u0119ksz\u0105 niepe\u0142nosprawno\u015bci\u0105 realizowana jest w ich pokojach. Opr\u00f3cz piel\u0119gniarek zatrudnionych przez DPS, wszyscy podopieczni s\u0105 obj\u0119ci opiek\u0105 piel\u0119gniarki POZ oraz opiek\u0105 lekarza rodzinnego, kt\u00f3ry przyje\u017cd\u017ca do DPS na [&hellip;]<\/p>\n","protected":false},"author":1,"featured_media":0,"parent":17,"menu_order":44,"comment_status":"closed","ping_status":"closed","template":"","meta":{"footnotes":""},"_links":{"self":[{"href":"https:\/\/bonifratrzy.pl\/dps-iwonicz\/wp-json\/wp\/v2\/pages\/137"}],"collection":[{"href":"https:\/\/bonifratrzy.pl\/dps-iwonicz\/wp-json\/wp\/v2\/pages"}],"about":[{"href":"https:\/\/bonifratrzy.pl\/dps-iwonicz\/wp-json\/wp\/v2\/types\/page"}],"author":[{"embeddable":true,"href":"https:\/\/bonifratrzy.pl\/dps-iwonicz\/wp-json\/wp\/v2\/users\/1"}],"replies":[{"embeddable":true,"href":"https:\/\/bonifratrzy.pl\/dps-iwonicz\/wp-json\/wp\/v2\/comments?post=137"}],"version-history":[{"count":2,"href":"https:\/\/bonifratrzy.pl\/dps-iwonicz\/wp-json\/wp\/v2\/pages\/137\/revisions"}],"predecessor-version":[{"id":6783,"href":"https:\/\/bonifratrzy.pl\/dps-iwonicz\/wp-json\/wp\/v2\/pages\/137\/revisions\/6783"}],"up":[{"embeddable":true,"href":"https:\/\/bonifratrzy.pl\/dps-iwonicz\/wp-json\/wp\/v2\/pages\/17"}],"wp:attachment":[{"href":"https:\/\/bonifratrzy.pl\/dps-iwonicz\/wp-json\/wp\/v2\/media?parent=137"}],"curies":[{"name":"wp","href":"https:\/\/api.w.org\/{rel}","templated":true}]}}