{"id":12702,"date":"2026-01-21T10:38:28","date_gmt":"2026-01-21T09:38:28","guid":{"rendered":"https:\/\/bonifratrzy.pl\/dps-iwonicz\/?page_id=12702"},"modified":"2026-01-21T10:38:28","modified_gmt":"2026-01-21T09:38:28","slug":"procedura-wyjazdu-mieszkanca-domu-pomocy-spolecznej-zakonu-bonifratrow-w-iwoniczu-na-przepustke","status":"publish","type":"page","link":"https:\/\/bonifratrzy.pl\/dps-iwonicz\/procedura-wyjazdu-mieszkanca-domu-pomocy-spolecznej-zakonu-bonifratrow-w-iwoniczu-na-przepustke\/","title":{"rendered":"Procedura wyjazdu mieszka\u0144ca Domu Pomocy Spo\u0142ecznej Zakonu Bonifratr\u00f3w w Iwoniczu na przepustk\u0119"},"content":{"rendered":"<p><!--more--><\/p>\n\n\n<p>Wyjazd mieszka\u0144ca do domu rodzinnego lub do innych os\u00f3b bliskich jest mo\u017cliwy, je\u015bli zostanie zaproszony przez rodzin\u0119 i otrzyma od niej wsparcie w wyje\u017adzie.<\/p>\n\n\n\n<ol>\n<li>Rodzina jest zobowi\u0105zana do poinformowania i uzyskania zgody opiekuna prawnego na wyjazd mieszka\u0144ca<\/li>\n<\/ol>\n\n\n\n<ol start=\"2\">\n<li>Rodzina informuje telefonicznie pracownika socjalnego lub opiekuna o planowanym terminie i czasie trwania przepustki. Pracownik socjalny przekazuje t\u0119 informacj\u0119 opiekunowi grupy i piel\u0119gniarce koordynuj\u0105cej.<\/li>\n\n\n\n<li>Opiekun udziela mieszka\u0144cowi wsparcia w obszarze spakowania potrzebnych rzeczy osobistych, \u015brodk\u00f3w higieny itp.<\/li>\n\n\n\n<li>Piel\u0119gniarka przygotowuje leki, kt\u00f3re mieszkaniec musi przyjmowa\u0107 w czasie przepustki.<\/li>\n\n\n\n<li>Osoba, kt\u00f3ra przyje\u017cd\u017ca po mieszka\u0144ca, zg\u0142asza si\u0119 do opiekuna, kt\u00f3ry udziela informacji potrzebnych w czasie pobytu poza DPS dotycz\u0105cych nawyk\u00f3w mieszka\u0144ca, jego charakterystycznych zachowa\u0144, itp.<\/li>\n\n\n\n<li>Osoba zabieraj\u0105ca mieszka\u0144ca zg\u0142asza si\u0119 do Gabinetu Przedmedycznej Pomocy Dora\u017anej w celu uzyskania od piel\u0119gniarki informacji o stanie zdrowia mieszka\u0144ca oraz otrzymania w\u0142a\u015bciwych lekarstw i opisu ich podawania i innych zalece\u0144.<\/li>\n\n\n\n<li>Osoba zabieraj\u0105ca mieszka\u0144ca z DPS podpisuje w Gabinecie Przedmedycznej Pomocy Dora\u017anej przygotowane przez piel\u0119gniark\u0119 O\u015bwiadczenie o przej\u0119ciu odpowiedzialno\u015bci za mieszka\u0144ca na czas jego nieobecno\u015bci w DPS ze wskazaniem adresu przebywania, czasu trwania przepustki i kontaktu.<\/li>\n\n\n\n<li>Osoba zabieraj\u0105ca mieszka\u0144ca zobowi\u0105zuje si\u0119 przywie\u017a\u0107 mieszka\u0144ca z\u00a0powrotem.<\/li>\n\n\n\n<li>Odwo\u017c\u0105c mieszka\u0144ca do DPS nale\u017cy odda\u0107 jego dokumenty, zwr\u00f3ci\u0107 rzeczy pobrane \u00a0do jego u\u017cytku na czas pobytu poza DPS (lekarstwa, odzie\u017c itp.), poinformowa\u0107 opiekuna o stanie zdrowia i zachowaniu mieszka\u0144ca w \u00a0czasie przepustki.<\/li>\n\n\n\n<li>W czasie trwania przepustki, czas powrotu mieszka\u0144ca do DPS mo\u017ce zosta\u0107 zmieniony, ale rodzina musi o tym fakcie poinformowa\u0107 personel DPS. W\u00a0przypadku wyd\u0142u\u017cenia pobytu, rodzina jest zobowi\u0105zana do zaopatrzenia mieszka\u0144ca w leki.<\/li>\n<\/ol>\n\n\n\n<p>Mieszkaniec posiadaj\u0105cy orientacj\u0119 przestrzenn\u0105 i umiej\u0119tno\u015bci poruszania si\u0119 poza DPS, mo\u017ce wyje\u017cd\u017ca\u0107 na samodzielne przepustki po spe\u0142nieniu warunk\u00f3w:<\/p>\n\n\n\n<ol>\n<li>Mieszkaniec ubezw\u0142asnowolniony musi uzyska\u0107 zgod\u0119 opiekuna prawnego na wyjazd.<ol><li>Je\u015bli jest to wyjazd do rodziny, mieszkaniec wcze\u015bniej ustala terminu wyjazdu z rodzin\u0105 i informuje o tym Dyrektora DPS lub Kierownika Dzia\u0142u Terapeutyczno-Opieku\u0144czego. Dyrektor\/Kierownik informuje o planowanym wyje\u017adzie opiekuna grupy.<\/li><\/ol><ol><li>Opiekun udziela mieszka\u0144cowi wsparcia w obszarze spakowania potrzebnych rzeczy oraz informuje piel\u0119gniark\u0119 o terminie i czasie trwania przepustki.<\/li><\/ol><ol><li>Piel\u0119gniarka (po wcze\u015bniejszym wyja\u015bnieniu w\u0105tpliwo\u015bci) przygotowuje mieszka\u0144cowi leki niezb\u0119dne na czas przepustki.<\/li><\/ol><ol><li>Opiekun\/pracownik pierwszego kontaktu udziela mieszka\u0144cowi potrzebnego wsparcia w zorganizowaniu wyjazdu (kontakt z rodzin\u0105, \u015brodek transportu, godziny wyjazdu, przekazania nr telefonu i adresu DPS itp.)<\/li><\/ol><ol><li>Mieszkaniec przed wyjazdem podpisuje O\u015bwiadczenie o wyje\u017adzie na przepustk\u0119 dost\u0119pne w Gabinecie Przedmedycznej Pomocy Dora\u017anej, podaj\u0105c cel i adres wyjazdu, kontakt i czas powrotu oraz wybiera przygotowane przez piel\u0119gniark\u0119 leki.<\/li><\/ol>\n<ol>\n<li>Je\u015bli mieszkaniec b\u0119dzie chcia\u0142 wyd\u0142u\u017cy\u0107 czas pobytu na przepustce, jest zobowi\u0105zany powiadomi\u0107 o tym fakcie personel DPS. Je\u015bli mieszkaniec nie powr\u00f3ci\u0142 z przepustki w zaplanowanym czasie i nie poinformowa\u0142 o wyd\u0142u\u017ceniu jej czasu personelu, opiekun informuje o tym fakcie Kierownika Dzia\u0142u Terapeutyczno-Opieku\u0144czego\/Dyrektora DPS, kt\u00f3ry podejmuje decyzje o dalszych dzia\u0142aniach.<\/li>\n<\/ol>\n<\/li>\n<\/ol>\n\n\n\n<p>11.02.2025r<\/p>\n","protected":false},"excerpt":{"rendered":"","protected":false},"author":30,"featured_media":0,"parent":0,"menu_order":1,"comment_status":"closed","ping_status":"closed","template":"","meta":{"footnotes":""},"_links":{"self":[{"href":"https:\/\/bonifratrzy.pl\/dps-iwonicz\/wp-json\/wp\/v2\/pages\/12702"}],"collection":[{"href":"https:\/\/bonifratrzy.pl\/dps-iwonicz\/wp-json\/wp\/v2\/pages"}],"about":[{"href":"https:\/\/bonifratrzy.pl\/dps-iwonicz\/wp-json\/wp\/v2\/types\/page"}],"author":[{"embeddable":true,"href":"https:\/\/bonifratrzy.pl\/dps-iwonicz\/wp-json\/wp\/v2\/users\/30"}],"replies":[{"embeddable":true,"href":"https:\/\/bonifratrzy.pl\/dps-iwonicz\/wp-json\/wp\/v2\/comments?post=12702"}],"version-history":[{"count":1,"href":"https:\/\/bonifratrzy.pl\/dps-iwonicz\/wp-json\/wp\/v2\/pages\/12702\/revisions"}],"predecessor-version":[{"id":12703,"href":"https:\/\/bonifratrzy.pl\/dps-iwonicz\/wp-json\/wp\/v2\/pages\/12702\/revisions\/12703"}],"wp:attachment":[{"href":"https:\/\/bonifratrzy.pl\/dps-iwonicz\/wp-json\/wp\/v2\/media?parent=12702"}],"curies":[{"name":"wp","href":"https:\/\/api.w.org\/{rel}","templated":true}]}}