{"id":122,"date":"2016-05-06T15:43:57","date_gmt":"2016-05-06T13:43:57","guid":{"rendered":"https:\/\/bonifratrzy.pl\/dps-iwonicz\/?page_id=122"},"modified":"2022-04-06T12:56:41","modified_gmt":"2022-04-06T10:56:41","slug":"opieka-duszpasterska","status":"publish","type":"page","link":"https:\/\/bonifratrzy.pl\/dps-iwonicz\/zakres-uslug\/opieka-duszpasterska\/","title":{"rendered":"Opieka duszpasterska"},"content":{"rendered":"<p align=\"justify\"><span style=\"font-family: Times New Roman, serif\">Dom zatrudnia kapelana, kt\u00f3ry dost\u0119pny jest dla podopiecznych przez ca\u0142\u0105 dob\u0119. W DPS znajduje si\u0119 kaplica, w kt\u00f3rej codziennie od poniedzia\u0142ku do pi\u0105tku odprawiana jest Msza \u015bw. o godz. 7:30, a\u00a0w\u00a0niedziel\u0119 i \u015bwi\u0119ta o\u00a0godz. 9:30. <\/span><span style=\"font-family: Times New Roman, serif\">W kaplicy odprawiane s\u0105 nabo\u017ce\u0144stwa r\u00f3\u017ca\u0144cowe,, majowe wielkopostne, pierwszopi\u0105tkowe, za zmar\u0142ych i In. Okoliczno\u015bciowe.<\/span><\/p>\n<p align=\"justify\"><span style=\"font-family: Times New Roman, serif\">Kapelan realizuje tak\u017ce pos\u0142ug\u0119 sakramentaln\u0105.<\/span><\/p>\n<p align=\"justify\"><!--more--><\/p>\n<div class=\"wpmf-gallerys wpmf-gallerys-life \" ><div id=\"gallery-1\" class=\"gallery gallery_life wpmf_gallery_default gallery_default  gallery-columns-4 gallery-size-thumbnail gallery-link-file wpmf-has-border-radius-0 wpmf-gutterwidth-5 no_ratio\"><figure class=\"wpmf-gallery-item\" data-index=\"0\"><div class=\"wpmf-gallery-icon\"><div class=\"square_thumbnail\"><div class=\"img_centered\"><a class=\" not_video noLightbox\" data-lightbox=\"1\" data-href=\"https:\/\/bonifratrzy.pl\/dps-iwonicz\/wp-content\/uploads\/sites\/26\/2016\/05\/6c519ff356dde5f5f82e5d00dc5d8693.jpeg\" title=\"6c519ff356dde5f5f82e5d00dc5d8693\" target=\"_self\" data-index=\"0\"><img decoding=\"async\" class=\"wpmf_img\" alt=\"6c519ff356dde5f5f82e5d00dc5d8693\" src=\"https:\/\/bonifratrzy.pl\/dps-iwonicz\/wp-content\/uploads\/sites\/26\/2016\/05\/6c519ff356dde5f5f82e5d00dc5d8693-150x150.jpeg\" data-type=\"wpmfgalleryimg\" data-lazy-src=\"https:\/\/bonifratrzy.pl\/dps-iwonicz\/wp-content\/uploads\/sites\/26\/2016\/05\/6c519ff356dde5f5f82e5d00dc5d8693-150x150.jpeg\"><\/a><\/div><\/div><\/div><\/figure><figure class=\"wpmf-gallery-item\" data-index=\"1\"><div class=\"wpmf-gallery-icon\"><div class=\"square_thumbnail\"><div class=\"img_centered\"><a class=\" not_video noLightbox\" data-lightbox=\"1\" data-href=\"https:\/\/bonifratrzy.pl\/dps-iwonicz\/wp-content\/uploads\/sites\/26\/2016\/05\/8e626c975c2e7acaeee7abff437f8286.jpeg\" title=\"8e626c975c2e7acaeee7abff437f8286\" target=\"_self\" data-index=\"1\"><img decoding=\"async\" class=\"wpmf_img\" alt=\"8e626c975c2e7acaeee7abff437f8286\" src=\"https:\/\/bonifratrzy.pl\/dps-iwonicz\/wp-content\/uploads\/sites\/26\/2016\/05\/8e626c975c2e7acaeee7abff437f8286-150x150.jpeg\" data-type=\"wpmfgalleryimg\" data-lazy-src=\"https:\/\/bonifratrzy.pl\/dps-iwonicz\/wp-content\/uploads\/sites\/26\/2016\/05\/8e626c975c2e7acaeee7abff437f8286-150x150.jpeg\"><\/a><\/div><\/div><\/div><\/figure><figure class=\"wpmf-gallery-item\" data-index=\"2\"><div class=\"wpmf-gallery-icon\"><div class=\"square_thumbnail\"><div class=\"img_centered\"><a class=\" not_video noLightbox\" data-lightbox=\"1\" data-href=\"https:\/\/bonifratrzy.pl\/dps-iwonicz\/wp-content\/uploads\/sites\/26\/2016\/05\/62a41ecc625245b53e31e8134eda950b-1.jpeg\" title=\"62a41ecc625245b53e31e8134eda950b (1)\" target=\"_self\" data-index=\"2\"><img decoding=\"async\" class=\"wpmf_img\" alt=\"62a41ecc625245b53e31e8134eda950b (1)\" src=\"https:\/\/bonifratrzy.pl\/dps-iwonicz\/wp-content\/uploads\/sites\/26\/2016\/05\/62a41ecc625245b53e31e8134eda950b-1-150x150.jpeg\" data-type=\"wpmfgalleryimg\" data-lazy-src=\"https:\/\/bonifratrzy.pl\/dps-iwonicz\/wp-content\/uploads\/sites\/26\/2016\/05\/62a41ecc625245b53e31e8134eda950b-1-150x150.jpeg\"><\/a><\/div><\/div><\/div><\/figure><figure class=\"wpmf-gallery-item\" data-index=\"3\"><div class=\"wpmf-gallery-icon\"><div class=\"square_thumbnail\"><div class=\"img_centered\"><a class=\" not_video noLightbox\" data-lightbox=\"1\" data-href=\"https:\/\/bonifratrzy.pl\/dps-iwonicz\/wp-content\/uploads\/sites\/26\/2016\/05\/91ba3cf4cca0e4e51d64e862ae12bfb6.jpeg\" title=\"91ba3cf4cca0e4e51d64e862ae12bfb6\" target=\"_self\" data-index=\"3\"><img decoding=\"async\" class=\"wpmf_img\" alt=\"91ba3cf4cca0e4e51d64e862ae12bfb6\" src=\"https:\/\/bonifratrzy.pl\/dps-iwonicz\/wp-content\/uploads\/sites\/26\/2016\/05\/91ba3cf4cca0e4e51d64e862ae12bfb6-150x150.jpeg\" data-type=\"wpmfgalleryimg\" data-lazy-src=\"https:\/\/bonifratrzy.pl\/dps-iwonicz\/wp-content\/uploads\/sites\/26\/2016\/05\/91ba3cf4cca0e4e51d64e862ae12bfb6-150x150.jpeg\"><\/a><\/div><\/div><\/div><\/figure><figure class=\"wpmf-gallery-item\" data-index=\"4\"><div class=\"wpmf-gallery-icon\"><div class=\"square_thumbnail\"><div class=\"img_centered\"><a class=\" not_video noLightbox\" data-lightbox=\"1\" data-href=\"https:\/\/bonifratrzy.pl\/dps-iwonicz\/wp-content\/uploads\/sites\/26\/2016\/05\/1436e406aa9e814c6749721c3e2cfb74.jpeg\" title=\"1436e406aa9e814c6749721c3e2cfb74\" target=\"_self\" data-index=\"4\"><img decoding=\"async\" class=\"wpmf_img\" alt=\"1436e406aa9e814c6749721c3e2cfb74\" src=\"https:\/\/bonifratrzy.pl\/dps-iwonicz\/wp-content\/uploads\/sites\/26\/2016\/05\/1436e406aa9e814c6749721c3e2cfb74-150x150.jpeg\" data-type=\"wpmfgalleryimg\" data-lazy-src=\"https:\/\/bonifratrzy.pl\/dps-iwonicz\/wp-content\/uploads\/sites\/26\/2016\/05\/1436e406aa9e814c6749721c3e2cfb74-150x150.jpeg\"><\/a><\/div><\/div><\/div><\/figure><figure class=\"wpmf-gallery-item\" data-index=\"5\"><div class=\"wpmf-gallery-icon\"><div class=\"square_thumbnail\"><div class=\"img_centered\"><a class=\" not_video noLightbox\" data-lightbox=\"1\" data-href=\"https:\/\/bonifratrzy.pl\/dps-iwonicz\/wp-content\/uploads\/sites\/26\/2016\/05\/c14faa0c19d56cb27cfbe5adc32c7d58.jpeg\" title=\"c14faa0c19d56cb27cfbe5adc32c7d58\" target=\"_self\" data-index=\"5\"><img decoding=\"async\" class=\"wpmf_img\" alt=\"c14faa0c19d56cb27cfbe5adc32c7d58\" src=\"https:\/\/bonifratrzy.pl\/dps-iwonicz\/wp-content\/uploads\/sites\/26\/2016\/05\/c14faa0c19d56cb27cfbe5adc32c7d58-150x150.jpeg\" data-type=\"wpmfgalleryimg\" data-lazy-src=\"https:\/\/bonifratrzy.pl\/dps-iwonicz\/wp-content\/uploads\/sites\/26\/2016\/05\/c14faa0c19d56cb27cfbe5adc32c7d58-150x150.jpeg\"><\/a><\/div><\/div><\/div><\/figure><figure class=\"wpmf-gallery-item\" data-index=\"6\"><div class=\"wpmf-gallery-icon\"><div class=\"square_thumbnail\"><div class=\"img_centered\"><a class=\" not_video noLightbox\" data-lightbox=\"1\" data-href=\"https:\/\/bonifratrzy.pl\/dps-iwonicz\/wp-content\/uploads\/sites\/26\/2016\/05\/e1b023f70b22eda77d57ae6af9aeb992.jpeg\" title=\"e1b023f70b22eda77d57ae6af9aeb992\" target=\"_self\" data-index=\"6\"><img decoding=\"async\" class=\"wpmf_img\" alt=\"e1b023f70b22eda77d57ae6af9aeb992\" src=\"https:\/\/bonifratrzy.pl\/dps-iwonicz\/wp-content\/uploads\/sites\/26\/2016\/05\/e1b023f70b22eda77d57ae6af9aeb992-150x150.jpeg\" data-type=\"wpmfgalleryimg\" data-lazy-src=\"https:\/\/bonifratrzy.pl\/dps-iwonicz\/wp-content\/uploads\/sites\/26\/2016\/05\/e1b023f70b22eda77d57ae6af9aeb992-150x150.jpeg\"><\/a><\/div><\/div><\/div><\/figure><figure class=\"wpmf-gallery-item\" data-index=\"7\"><div class=\"wpmf-gallery-icon\"><div class=\"square_thumbnail\"><div class=\"img_centered\"><a class=\" not_video noLightbox\" data-lightbox=\"1\" data-href=\"https:\/\/bonifratrzy.pl\/dps-iwonicz\/wp-content\/uploads\/sites\/26\/2016\/05\/f9d6e67b33f74f86c92fabd6b4449da6.jpeg\" title=\"f9d6e67b33f74f86c92fabd6b4449da6\" target=\"_self\" data-index=\"7\"><img decoding=\"async\" class=\"wpmf_img\" alt=\"f9d6e67b33f74f86c92fabd6b4449da6\" src=\"https:\/\/bonifratrzy.pl\/dps-iwonicz\/wp-content\/uploads\/sites\/26\/2016\/05\/f9d6e67b33f74f86c92fabd6b4449da6-150x150.jpeg\" data-type=\"wpmfgalleryimg\" data-lazy-src=\"https:\/\/bonifratrzy.pl\/dps-iwonicz\/wp-content\/uploads\/sites\/26\/2016\/05\/f9d6e67b33f74f86c92fabd6b4449da6-150x150.jpeg\"><\/a><\/div><\/div><\/div><\/figure><\/div><\/div>\n<p>&nbsp;<\/p>\n","protected":false},"excerpt":{"rendered":"<p>Dom zatrudnia kapelana, kt\u00f3ry dost\u0119pny jest dla podopiecznych przez ca\u0142\u0105 dob\u0119. W DPS znajduje si\u0119 kaplica, w kt\u00f3rej codziennie od poniedzia\u0142ku do pi\u0105tku odprawiana jest Msza \u015bw. o godz. 7:30, a\u00a0w\u00a0niedziel\u0119 i \u015bwi\u0119ta o\u00a0godz. 9:30. W kaplicy odprawiane s\u0105 nabo\u017ce\u0144stwa r\u00f3\u017ca\u0144cowe,, majowe wielkopostne, pierwszopi\u0105tkowe, za zmar\u0142ych i In. Okoliczno\u015bciowe. Kapelan realizuje tak\u017ce pos\u0142ug\u0119 sakramentaln\u0105.<\/p>\n","protected":false},"author":1,"featured_media":0,"parent":17,"menu_order":49,"comment_status":"closed","ping_status":"closed","template":"","meta":{"footnotes":""},"_links":{"self":[{"href":"https:\/\/bonifratrzy.pl\/dps-iwonicz\/wp-json\/wp\/v2\/pages\/122"}],"collection":[{"href":"https:\/\/bonifratrzy.pl\/dps-iwonicz\/wp-json\/wp\/v2\/pages"}],"about":[{"href":"https:\/\/bonifratrzy.pl\/dps-iwonicz\/wp-json\/wp\/v2\/types\/page"}],"author":[{"embeddable":true,"href":"https:\/\/bonifratrzy.pl\/dps-iwonicz\/wp-json\/wp\/v2\/users\/1"}],"replies":[{"embeddable":true,"href":"https:\/\/bonifratrzy.pl\/dps-iwonicz\/wp-json\/wp\/v2\/comments?post=122"}],"version-history":[{"count":1,"href":"https:\/\/bonifratrzy.pl\/dps-iwonicz\/wp-json\/wp\/v2\/pages\/122\/revisions"}],"predecessor-version":[{"id":6781,"href":"https:\/\/bonifratrzy.pl\/dps-iwonicz\/wp-json\/wp\/v2\/pages\/122\/revisions\/6781"}],"up":[{"embeddable":true,"href":"https:\/\/bonifratrzy.pl\/dps-iwonicz\/wp-json\/wp\/v2\/pages\/17"}],"wp:attachment":[{"href":"https:\/\/bonifratrzy.pl\/dps-iwonicz\/wp-json\/wp\/v2\/media?parent=122"}],"curies":[{"name":"wp","href":"https:\/\/api.w.org\/{rel}","templated":true}]}}