{"id":5,"date":"2016-01-27T23:52:44","date_gmt":"2016-01-27T22:52:44","guid":{"rendered":"https:\/\/bonifratrzy.pl\/dps-cieszyn\/?page_id=5"},"modified":"2024-11-22T12:14:36","modified_gmt":"2024-11-22T11:14:36","slug":"kontakt","status":"publish","type":"page","link":"https:\/\/bonifratrzy.pl\/dps-cieszyn\/kontakt\/","title":{"rendered":"Kontakt"},"content":{"rendered":"<h2 class=\"cl-1\"><strong>DOM POMOCY SPO\u0141ECZNEJ KONWENTU BONIFRATR\u00d3W<\/strong><\/h2>\n<p class=\"lid\">43-400 Cieszyn, pl. ks. Londzina 1,<\/p>\n<p class=\"lid\">Kontakt telefoniczny:<\/p>\n<p class=\"lid\">33 852 02 68 &#8211; Centrala<br \/>\n33 852 11 74\u00a0 &#8211; Pracownicy Socjalni<br \/>\n33 858 22 09 &#8211; Ksi\u0119gowo\u015b\u0107<br \/>\n33 858 22 08 &#8211; Gabinet piel\u0119gniarek czynny ca\u0142\u0105 dob\u0119<\/p>\n<p class=\"lid\">e-mail: &#100;&#x70;&#115;&#x63;&#105;&#x65;s&#x7a;y&#x6e;&#64;&#98;&#x6f;&#110;&#x69;&#102;&#x72;&#97;&#x74;r&#x7a;y&#x2e;p&#108;<\/p>\n<p class=\"lid\">\n","protected":false},"excerpt":{"rendered":"<p>DOM POMOCY SPO\u0141ECZNEJ KONWENTU BONIFRATR\u00d3W 43-400 Cieszyn, pl. ks. Londzina 1, Kontakt telefoniczny: 33 852 02 68 &#8211; Centrala 33 852 11 74\u00a0 &#8211; Pracownicy Socjalni 33 858 22 09 &#8211; Ksi\u0119gowo\u015b\u0107 33 858 22 08 &#8211; Gabinet piel\u0119gniarek czynny ca\u0142\u0105 dob\u0119 e-mail: &#x64;&#x70;&#x73;&#x63;&#105;&#101;&#115;&#122;yn&#64;&#x62;&#x6f;&#x6e;&#x69;&#x66;&#114;&#97;&#116;rzy&#x2e;&#x70;&#x6c;<\/p>\n","protected":false},"author":1,"featured_media":0,"parent":0,"menu_order":0,"comment_status":"closed","ping_status":"closed","template":"","meta":{"footnotes":""},"_links":{"self":[{"href":"https:\/\/bonifratrzy.pl\/dps-cieszyn\/wp-json\/wp\/v2\/pages\/5"}],"collection":[{"href":"https:\/\/bonifratrzy.pl\/dps-cieszyn\/wp-json\/wp\/v2\/pages"}],"about":[{"href":"https:\/\/bonifratrzy.pl\/dps-cieszyn\/wp-json\/wp\/v2\/types\/page"}],"author":[{"embeddable":true,"href":"https:\/\/bonifratrzy.pl\/dps-cieszyn\/wp-json\/wp\/v2\/users\/1"}],"replies":[{"embeddable":true,"href":"https:\/\/bonifratrzy.pl\/dps-cieszyn\/wp-json\/wp\/v2\/comments?post=5"}],"version-history":[{"count":3,"href":"https:\/\/bonifratrzy.pl\/dps-cieszyn\/wp-json\/wp\/v2\/pages\/5\/revisions"}],"predecessor-version":[{"id":10810,"href":"https:\/\/bonifratrzy.pl\/dps-cieszyn\/wp-json\/wp\/v2\/pages\/5\/revisions\/10810"}],"wp:attachment":[{"href":"https:\/\/bonifratrzy.pl\/dps-cieszyn\/wp-json\/wp\/v2\/media?parent=5"}],"curies":[{"name":"wp","href":"https:\/\/api.w.org\/{rel}","templated":true}]}}