{"id":1167,"date":"2021-11-28T21:36:25","date_gmt":"2021-11-28T20:36:25","guid":{"rendered":"https:\/\/bonifratrzy.pl\/dom-geriatryczno-rehabilitacyjny-warszawa\/?page_id=1167"},"modified":"2022-01-19T15:22:19","modified_gmt":"2022-01-19T14:22:19","slug":"oferta-na-turnusy-rehabilitacyjne-dgr","status":"publish","type":"page","link":"https:\/\/bonifratrzy.pl\/dom-geriatryczno-rehabilitacyjny-warszawa\/oferta-na-turnusy-rehabilitacyjne-dgr\/","title":{"rendered":"Oferta na turnusy rehabilitacyjne DGR"},"content":{"rendered":"<p>Nasza oferta skierowana jest do os\u00f3b, kt\u00f3re chcia\u0142yby poprawi\u0107 swoj\u0105 og\u00f3ln\u0105 sprawno\u015b\u0107 fizyczn\u0105 i odpocz\u0105\u0107 w mi\u0142ej atmosferze Naszego Domu, kt\u00f3r\u0105 tworzy Zesp\u00f3\u0142 Opieku\u0144czo-Terapeutyczny wraz z przebywaj\u0105cymi ju\u017c Mieszka\u0144cami. W Domu Geriatryczno-Rehabilitacyjnym Bonifratr\u00f3w w Warszawie Pensjonariusze maj\u0105 zapewnion\u0105 kompleksow\u0105 opiek\u0119, kt\u00f3ra pozwala mo\u017cliwie najszybciej powr\u00f3ci\u0107 do sprawno\u015bci fizycznej oraz r\u00f3wnowagi psychicznej.<\/p>\n<p>Rehabilitacja po\u0142\u0105czona z elementami wypoczynku &#8211; tak w skr\u00f3cie mo\u017cna scharakteryzowa\u0107 ofert\u0119 turnus\u00f3w rehabilitacyjnych w Domu Geriatryczno-Rehabilitacyjnym Bonifratr\u00f3w. Wykwalifikowany personel zadba o wype\u0142nienie czasu oraz dobre samopoczucie uczestnik\u00f3w turnusu rehabilitacyjnego.<\/p>\n<p>Turnusy s\u0105 tworzone i dostosowywane do potrzeb Pensjonariuszy, a dzi\u0119ki do\u015bwiadczeniu i profesjonalnemu podej\u015bciu naszego personelu, rehabilitacja przygotowana dla os\u00f3b potrzebuj\u0105cych staje si\u0119 niezwykle efektywna.<\/p>\n<p><strong>Oferujemy pakiety rehabilitacyjne dla os\u00f3b starszych oraz dla pacjent\u00f3w po:<\/strong><\/p>\n<ul>\n<li>po udarach<\/li>\n<li>po zabiegach operacyjnych<\/li>\n<li>po wypadkach i urazach z\u0142amaniu<\/li>\n<li>po przebytym Covid-19<\/li>\n<\/ul>\n<p>W celu uzyskania dodatkowych informacji prosimy o kontakt telefoniczny: kom. 570\u00a0968 956, 22\u00a0390 33 36, b\u0105d\u017a e-mailowy: dgr&#64;bonifrat&#114;&#122;&#121;&#46;&#119;&#97;&#114;&#115;&#122;&#97;&#119;&#97;&#46;&#112;&#108;.<\/p>\n<p><strong>Cena za dob\u0119:<\/strong><\/p>\n<p>300,00 z\u0142 \u2013 pok\u00f3j dwuosobowy<\/p>\n<p>350,00 z\u0142 \u2013 pok\u00f3j jednoosobowy<\/p>\n<p><strong>Zakres us\u0142ug turnusu rehabilitacyjnego DGR obejmuje:<\/strong><\/p>\n<ul>\n<li>zakwaterowanie w pokoju jedno lub dwuosobowym bez barier architektonicznych,<\/li>\n<li>ca\u0142odobow\u0105 opiek\u0119 Zespo\u0142u Opieku\u0144czo-Terapeutycznego (piel\u0119gniarka, opiekun medyczny),<\/li>\n<li>opiek\u0119 lekarza,<\/li>\n<li>opiek\u0119 psychologa,<\/li>\n<li>spersonalizowane posi\u0142ki pod opiek\u0105 dietetyka,<\/li>\n<li>posi\u0142ki przygotowywane przez w\u0142asn\u0105 kuchni\u0119,<\/li>\n<li>zaj\u0119cia rehabilitacyjne grupowe i indywidualne wed\u0142ug potrzeb pi\u0119\u0107 razy w tygodniu,<\/li>\n<li>zaj\u0119cia terapeutyczne grupowe ze zr\u00f3\u017cnicowanym harmonogramem (pi\u0119\u0107 razy w tygodniu).<\/li>\n<\/ul>\n<p><strong>Ponadto:<\/strong><\/p>\n<ul>\n<li>korzystanie z pi\u0119knego przyklasztornego ogrodu,<\/li>\n<li>opieka duszpasterska w ramach indywidualnych potrzeb,<\/li>\n<li>mo\u017cliwo\u015b\u0107 uczestniczenia w codziennej mszy \u015bw. w przestronnej kaplicy wewn\u0105trz budynku,<\/li>\n<li>wyposa\u017cenie w system przywo\u0142awczy,<\/li>\n<li>korzystanie z profesjonalnej pralni w\u0142asnej,<\/li>\n<li>dost\u0119p do lekarzy specjalist\u00f3w w przychodni usytuowanej w tym samym budynku.<\/li>\n<\/ul>\n","protected":false},"excerpt":{"rendered":"<p>Nasza oferta skierowana jest do os\u00f3b, kt\u00f3re chcia\u0142yby poprawi\u0107 swoj\u0105 og\u00f3ln\u0105 sprawno\u015b\u0107 fizyczn\u0105 i odpocz\u0105\u0107 w mi\u0142ej atmosferze Naszego Domu, kt\u00f3r\u0105 tworzy Zesp\u00f3\u0142 Opieku\u0144czo-Terapeutyczny wraz z przebywaj\u0105cymi ju\u017c Mieszka\u0144cami. W Domu Geriatryczno-Rehabilitacyjnym Bonifratr\u00f3w w Warszawie Pensjonariusze maj\u0105 zapewnion\u0105 kompleksow\u0105 opiek\u0119, kt\u00f3ra pozwala mo\u017cliwie najszybciej powr\u00f3ci\u0107 do sprawno\u015bci fizycznej oraz r\u00f3wnowagi psychicznej. Rehabilitacja po\u0142\u0105czona z elementami [&hellip;]<\/p>\n","protected":false},"author":1,"featured_media":0,"parent":0,"menu_order":3,"comment_status":"closed","ping_status":"closed","template":"page-full.php","meta":{"footnotes":""},"yoast_head":"<!-- This site is optimized with the Yoast SEO plugin v24.5 - https:\/\/yoast.com\/wordpress\/plugins\/seo\/ -->\n<title>Oferta na turnusy rehabilitacyjne DGR - Dom Geriatryczno-Rehabilitacyjny - Warszawa<\/title>\n<meta name=\"robots\" content=\"index, follow, max-snippet:-1, max-image-preview:large, max-video-preview:-1\" \/>\n<link rel=\"canonical\" href=\"https:\/\/bonifratrzy.pl\/dom-geriatryczno-rehabilitacyjny-warszawa\/oferta-na-turnusy-rehabilitacyjne-dgr\/\" \/>\n<meta property=\"og:locale\" content=\"pl_PL\" \/>\n<meta property=\"og:type\" content=\"article\" \/>\n<meta property=\"og:title\" content=\"Oferta na turnusy rehabilitacyjne DGR - Dom Geriatryczno-Rehabilitacyjny - Warszawa\" \/>\n<meta property=\"og:description\" content=\"Nasza oferta skierowana jest do os\u00f3b, kt\u00f3re chcia\u0142yby poprawi\u0107 swoj\u0105 og\u00f3ln\u0105 sprawno\u015b\u0107 fizyczn\u0105 i odpocz\u0105\u0107 w mi\u0142ej atmosferze Naszego Domu, kt\u00f3r\u0105 tworzy Zesp\u00f3\u0142 Opieku\u0144czo-Terapeutyczny wraz z przebywaj\u0105cymi ju\u017c Mieszka\u0144cami. W Domu Geriatryczno-Rehabilitacyjnym Bonifratr\u00f3w w Warszawie Pensjonariusze maj\u0105 zapewnion\u0105 kompleksow\u0105 opiek\u0119, kt\u00f3ra pozwala mo\u017cliwie najszybciej powr\u00f3ci\u0107 do sprawno\u015bci fizycznej oraz r\u00f3wnowagi psychicznej. Rehabilitacja po\u0142\u0105czona z elementami [&hellip;]\" \/>\n<meta property=\"og:url\" content=\"https:\/\/bonifratrzy.pl\/dom-geriatryczno-rehabilitacyjny-warszawa\/oferta-na-turnusy-rehabilitacyjne-dgr\/\" \/>\n<meta property=\"og:site_name\" content=\"Dom Geriatryczno-Rehabilitacyjny - Warszawa\" \/>\n<meta property=\"article:modified_time\" content=\"2022-01-19T14:22:19+00:00\" \/>\n<meta name=\"twitter:card\" content=\"summary_large_image\" \/>\n<meta name=\"twitter:label1\" content=\"Szacowany czas czytania\" \/>\n\t<meta name=\"twitter:data1\" content=\"2 minuty\" \/>\n<script type=\"application\/ld+json\" class=\"yoast-schema-graph\">{\"@context\":\"https:\/\/schema.org\",\"@graph\":[{\"@type\":\"WebPage\",\"@id\":\"https:\/\/bonifratrzy.pl\/dom-geriatryczno-rehabilitacyjny-warszawa\/oferta-na-turnusy-rehabilitacyjne-dgr\/\",\"url\":\"https:\/\/bonifratrzy.pl\/dom-geriatryczno-rehabilitacyjny-warszawa\/oferta-na-turnusy-rehabilitacyjne-dgr\/\",\"name\":\"Oferta na turnusy rehabilitacyjne DGR - Dom Geriatryczno-Rehabilitacyjny - Warszawa\",\"isPartOf\":{\"@id\":\"https:\/\/bonifratrzy.pl\/dom-geriatryczno-rehabilitacyjny-warszawa\/#website\"},\"datePublished\":\"2021-11-28T20:36:25+00:00\",\"dateModified\":\"2022-01-19T14:22:19+00:00\",\"breadcrumb\":{\"@id\":\"https:\/\/bonifratrzy.pl\/dom-geriatryczno-rehabilitacyjny-warszawa\/oferta-na-turnusy-rehabilitacyjne-dgr\/#breadcrumb\"},\"inLanguage\":\"pl-PL\",\"potentialAction\":[{\"@type\":\"ReadAction\",\"target\":[\"https:\/\/bonifratrzy.pl\/dom-geriatryczno-rehabilitacyjny-warszawa\/oferta-na-turnusy-rehabilitacyjne-dgr\/\"]}]},{\"@type\":\"BreadcrumbList\",\"@id\":\"https:\/\/bonifratrzy.pl\/dom-geriatryczno-rehabilitacyjny-warszawa\/oferta-na-turnusy-rehabilitacyjne-dgr\/#breadcrumb\",\"itemListElement\":[{\"@type\":\"ListItem\",\"position\":1,\"name\":\"Strona g\u0142\u00f3wna\",\"item\":\"https:\/\/bonifratrzy.pl\/dom-geriatryczno-rehabilitacyjny-warszawa\/\"},{\"@type\":\"ListItem\",\"position\":2,\"name\":\"Oferta na&nbsp;turnusy rehabilitacyjne DGR\"}]},{\"@type\":\"WebSite\",\"@id\":\"https:\/\/bonifratrzy.pl\/dom-geriatryczno-rehabilitacyjny-warszawa\/#website\",\"url\":\"https:\/\/bonifratrzy.pl\/dom-geriatryczno-rehabilitacyjny-warszawa\/\",\"name\":\"Dom Geriatryczno-Rehabilitacyjny - Warszawa\",\"description\":\"Dom Geriatryczno-Rehabilitacyjny - Warszawa\",\"potentialAction\":[{\"@type\":\"SearchAction\",\"target\":{\"@type\":\"EntryPoint\",\"urlTemplate\":\"https:\/\/bonifratrzy.pl\/dom-geriatryczno-rehabilitacyjny-warszawa\/?s={search_term_string}\"},\"query-input\":{\"@type\":\"PropertyValueSpecification\",\"valueRequired\":true,\"valueName\":\"search_term_string\"}}],\"inLanguage\":\"pl-PL\"}]}<\/script>\n<!-- \/ Yoast SEO plugin. -->","yoast_head_json":{"title":"Oferta na turnusy rehabilitacyjne DGR - Dom Geriatryczno-Rehabilitacyjny - Warszawa","robots":{"index":"index","follow":"follow","max-snippet":"max-snippet:-1","max-image-preview":"max-image-preview:large","max-video-preview":"max-video-preview:-1"},"canonical":"https:\/\/bonifratrzy.pl\/dom-geriatryczno-rehabilitacyjny-warszawa\/oferta-na-turnusy-rehabilitacyjne-dgr\/","og_locale":"pl_PL","og_type":"article","og_title":"Oferta na turnusy rehabilitacyjne DGR - Dom Geriatryczno-Rehabilitacyjny - Warszawa","og_description":"Nasza oferta skierowana jest do os\u00f3b, kt\u00f3re chcia\u0142yby poprawi\u0107 swoj\u0105 og\u00f3ln\u0105 sprawno\u015b\u0107 fizyczn\u0105 i odpocz\u0105\u0107 w mi\u0142ej atmosferze Naszego Domu, kt\u00f3r\u0105 tworzy Zesp\u00f3\u0142 Opieku\u0144czo-Terapeutyczny wraz z przebywaj\u0105cymi ju\u017c Mieszka\u0144cami. W Domu Geriatryczno-Rehabilitacyjnym Bonifratr\u00f3w w Warszawie Pensjonariusze maj\u0105 zapewnion\u0105 kompleksow\u0105 opiek\u0119, kt\u00f3ra pozwala mo\u017cliwie najszybciej powr\u00f3ci\u0107 do sprawno\u015bci fizycznej oraz r\u00f3wnowagi psychicznej. Rehabilitacja po\u0142\u0105czona z elementami [&hellip;]","og_url":"https:\/\/bonifratrzy.pl\/dom-geriatryczno-rehabilitacyjny-warszawa\/oferta-na-turnusy-rehabilitacyjne-dgr\/","og_site_name":"Dom Geriatryczno-Rehabilitacyjny - Warszawa","article_modified_time":"2022-01-19T14:22:19+00:00","twitter_card":"summary_large_image","twitter_misc":{"Szacowany czas czytania":"2 minuty"},"schema":{"@context":"https:\/\/schema.org","@graph":[{"@type":"WebPage","@id":"https:\/\/bonifratrzy.pl\/dom-geriatryczno-rehabilitacyjny-warszawa\/oferta-na-turnusy-rehabilitacyjne-dgr\/","url":"https:\/\/bonifratrzy.pl\/dom-geriatryczno-rehabilitacyjny-warszawa\/oferta-na-turnusy-rehabilitacyjne-dgr\/","name":"Oferta na turnusy rehabilitacyjne DGR - Dom Geriatryczno-Rehabilitacyjny - Warszawa","isPartOf":{"@id":"https:\/\/bonifratrzy.pl\/dom-geriatryczno-rehabilitacyjny-warszawa\/#website"},"datePublished":"2021-11-28T20:36:25+00:00","dateModified":"2022-01-19T14:22:19+00:00","breadcrumb":{"@id":"https:\/\/bonifratrzy.pl\/dom-geriatryczno-rehabilitacyjny-warszawa\/oferta-na-turnusy-rehabilitacyjne-dgr\/#breadcrumb"},"inLanguage":"pl-PL","potentialAction":[{"@type":"ReadAction","target":["https:\/\/bonifratrzy.pl\/dom-geriatryczno-rehabilitacyjny-warszawa\/oferta-na-turnusy-rehabilitacyjne-dgr\/"]}]},{"@type":"BreadcrumbList","@id":"https:\/\/bonifratrzy.pl\/dom-geriatryczno-rehabilitacyjny-warszawa\/oferta-na-turnusy-rehabilitacyjne-dgr\/#breadcrumb","itemListElement":[{"@type":"ListItem","position":1,"name":"Strona g\u0142\u00f3wna","item":"https:\/\/bonifratrzy.pl\/dom-geriatryczno-rehabilitacyjny-warszawa\/"},{"@type":"ListItem","position":2,"name":"Oferta na&nbsp;turnusy rehabilitacyjne DGR"}]},{"@type":"WebSite","@id":"https:\/\/bonifratrzy.pl\/dom-geriatryczno-rehabilitacyjny-warszawa\/#website","url":"https:\/\/bonifratrzy.pl\/dom-geriatryczno-rehabilitacyjny-warszawa\/","name":"Dom Geriatryczno-Rehabilitacyjny - Warszawa","description":"Dom Geriatryczno-Rehabilitacyjny - Warszawa","potentialAction":[{"@type":"SearchAction","target":{"@type":"EntryPoint","urlTemplate":"https:\/\/bonifratrzy.pl\/dom-geriatryczno-rehabilitacyjny-warszawa\/?s={search_term_string}"},"query-input":{"@type":"PropertyValueSpecification","valueRequired":true,"valueName":"search_term_string"}}],"inLanguage":"pl-PL"}]}},"_links":{"self":[{"href":"https:\/\/bonifratrzy.pl\/dom-geriatryczno-rehabilitacyjny-warszawa\/wp-json\/wp\/v2\/pages\/1167"}],"collection":[{"href":"https:\/\/bonifratrzy.pl\/dom-geriatryczno-rehabilitacyjny-warszawa\/wp-json\/wp\/v2\/pages"}],"about":[{"href":"https:\/\/bonifratrzy.pl\/dom-geriatryczno-rehabilitacyjny-warszawa\/wp-json\/wp\/v2\/types\/page"}],"author":[{"embeddable":true,"href":"https:\/\/bonifratrzy.pl\/dom-geriatryczno-rehabilitacyjny-warszawa\/wp-json\/wp\/v2\/users\/1"}],"replies":[{"embeddable":true,"href":"https:\/\/bonifratrzy.pl\/dom-geriatryczno-rehabilitacyjny-warszawa\/wp-json\/wp\/v2\/comments?post=1167"}],"version-history":[{"count":3,"href":"https:\/\/bonifratrzy.pl\/dom-geriatryczno-rehabilitacyjny-warszawa\/wp-json\/wp\/v2\/pages\/1167\/revisions"}],"predecessor-version":[{"id":1327,"href":"https:\/\/bonifratrzy.pl\/dom-geriatryczno-rehabilitacyjny-warszawa\/wp-json\/wp\/v2\/pages\/1167\/revisions\/1327"}],"wp:attachment":[{"href":"https:\/\/bonifratrzy.pl\/dom-geriatryczno-rehabilitacyjny-warszawa\/wp-json\/wp\/v2\/media?parent=1167"}],"curies":[{"name":"wp","href":"https:\/\/api.w.org\/{rel}","templated":true}]}}