{"id":11,"date":"2016-01-28T01:05:05","date_gmt":"2016-01-28T00:05:05","guid":{"rendered":"https:\/\/bonifratrzy.pl\/dom-geriatryczno-rehabilitacyjny-warszawa\/?page_id=11"},"modified":"2022-05-26T16:51:03","modified_gmt":"2022-05-26T14:51:03","slug":"kontakt","status":"publish","type":"page","link":"https:\/\/bonifratrzy.pl\/dom-geriatryczno-rehabilitacyjny-warszawa\/kontakt\/","title":{"rendered":"Kontakt"},"content":{"rendered":"<div id=\"pl-11\"  class=\"panel-layout\" ><div id=\"pg-11-0\"  class=\"panel-grid panel-no-style\" ><div id=\"pgc-11-0-0\"  class=\"panel-grid-cell\" ><div id=\"panel-11-0-0-0\" class=\"so-panel widget widget_sow-editor panel-first-child panel-last-child\" data-index=\"0\" ><div\n\t\t\t\n\t\t\tclass=\"so-widget-sow-editor so-widget-sow-editor-base\"\n\t\t\t\n\t\t>\n<div class=\"siteorigin-widget-tinymce textwidget\">\n\t<h2 class=\"lid\"><span style=\"color: #c41718;font-size: 24px\">Bonifraterskie Centrum Medyczne sp. z o.o.<br \/>\n<\/span><\/h2>\n<h5 class=\"lid\">DOM GERIATRYCZNO-REHABILITACYJNY<br \/>\npw. NMP Kr\u00f3lowej Pokoju<br \/>\n00-215 Warszawa, ul. Sapie\u017cy\u0144ska 3<\/h5>\n<p class=\"lid\">REGON 521336320, NIP 899-29-19-206<br \/>\nnr rach. 05 1240 2887 1111 0000 3389 6421<\/p>\n<p>GODZINY PRACY ADMINISTRACJI:<\/p>\n<p>poniedzia\u0142ek-pi\u0105tek godz. 9:00 \u2013 15:00<\/p>\n<p><strong>Kontakt:<\/strong><\/p>\n<p>Biuro Administracji DGR<\/p>\n<p>tel.:<strong> 22 390 33 36,\u00a0 570\u00a0968\u00a0956<\/strong><br \/>\n<strong> \u00a0\u00a0\u00a0\u00a0\u00a0\u00a0\u00a0 22 390 33 35 \u00a0<\/strong>(sekretariat)<\/p>\n<p>e-mail:<strong> dgr&#64;bonifrat&#114;&#122;&#121;&#46;&#119;&#97;&#114;&#115;&#122;&#97;&#119;&#97;&#46;&#112;&#108;<\/strong><\/p>\n<\/div>\n<\/div><\/div><\/div><div id=\"pgc-11-0-1\"  class=\"panel-grid-cell\" ><div id=\"panel-11-0-1-0\" class=\"so-panel widget widget_sow-editor panel-first-child panel-last-child\" data-index=\"1\" ><div class=\"panel-widget-style panel-widget-style-for-11-0-1-0\" ><div\n\t\t\t\n\t\t\tclass=\"so-widget-sow-editor so-widget-sow-editor-base\"\n\t\t\t\n\t\t>\n<div class=\"siteorigin-widget-tinymce textwidget\">\n\t<div class=\"su-gmap su-u-responsive-media-yes\"><iframe loading=\"lazy\" width=\"820\" height=\"400\" src=\"\/\/maps.google.com\/maps?q=ul.%20Sapie%C5%BCy%C5%84ska%203%2C%20Warszawa&amp;output=embed\" title=\"\"><\/iframe><\/div>\n<\/div>\n<\/div><\/div><\/div><\/div><\/div><\/div>","protected":false},"excerpt":{"rendered":"<p>Bonifraterskie Centrum Medyczne sp. z o.o. DOM GERIATRYCZNO-REHABILITACYJNY pw. NMP Kr\u00f3lowej Pokoju 00-215 Warszawa, ul. Sapie\u017cy\u0144ska 3 REGON 521336320, NIP 899-29-19-206 nr rach. 05 1240 2887 1111 0000 3389 6421 GODZINY PRACY ADMINISTRACJI: poniedzia\u0142ek-pi\u0105tek godz. 9:00 \u2013 15:00 Kontakt: Biuro Administracji DGR tel.: 22 390 33 36,\u00a0 570\u00a0968\u00a0956 \u00a0\u00a0\u00a0\u00a0\u00a0\u00a0\u00a0 22 390 33 35 \u00a0(sekretariat) e-mail: [&hellip;]<\/p>\n","protected":false},"author":1,"featured_media":0,"parent":0,"menu_order":7,"comment_status":"closed","ping_status":"closed","template":"page-full.php","meta":{"footnotes":""},"yoast_head":"<!-- This site is optimized with the Yoast SEO plugin v24.5 - https:\/\/yoast.com\/wordpress\/plugins\/seo\/ -->\n<title>Kontakt - Dom Geriatryczno-Rehabilitacyjny - Warszawa<\/title>\n<meta name=\"robots\" content=\"index, follow, max-snippet:-1, max-image-preview:large, max-video-preview:-1\" \/>\n<link rel=\"canonical\" href=\"https:\/\/bonifratrzy.pl\/dom-geriatryczno-rehabilitacyjny-warszawa\/kontakt\/\" \/>\n<meta property=\"og:locale\" content=\"pl_PL\" \/>\n<meta property=\"og:type\" content=\"article\" \/>\n<meta property=\"og:title\" content=\"Kontakt - Dom Geriatryczno-Rehabilitacyjny - Warszawa\" \/>\n<meta property=\"og:description\" content=\"Bonifraterskie Centrum Medyczne sp. z o.o. DOM GERIATRYCZNO-REHABILITACYJNY pw. NMP Kr\u00f3lowej Pokoju 00-215 Warszawa, ul. Sapie\u017cy\u0144ska 3 REGON 521336320, NIP 899-29-19-206 nr rach. 05 1240 2887 1111 0000 3389 6421 GODZINY PRACY ADMINISTRACJI: poniedzia\u0142ek-pi\u0105tek godz. 9:00 \u2013 15:00 Kontakt: Biuro Administracji DGR tel.: 22 390 33 36,\u00a0 570\u00a0968\u00a0956 \u00a0\u00a0\u00a0\u00a0\u00a0\u00a0\u00a0 22 390 33 35 \u00a0(sekretariat) e-mail: [&hellip;]\" \/>\n<meta property=\"og:url\" content=\"https:\/\/bonifratrzy.pl\/dom-geriatryczno-rehabilitacyjny-warszawa\/kontakt\/\" \/>\n<meta property=\"og:site_name\" content=\"Dom Geriatryczno-Rehabilitacyjny - Warszawa\" \/>\n<meta property=\"article:modified_time\" content=\"2022-05-26T14:51:03+00:00\" \/>\n<meta name=\"twitter:card\" content=\"summary_large_image\" \/>\n<script type=\"application\/ld+json\" class=\"yoast-schema-graph\">{\"@context\":\"https:\/\/schema.org\",\"@graph\":[{\"@type\":\"WebPage\",\"@id\":\"https:\/\/bonifratrzy.pl\/dom-geriatryczno-rehabilitacyjny-warszawa\/kontakt\/\",\"url\":\"https:\/\/bonifratrzy.pl\/dom-geriatryczno-rehabilitacyjny-warszawa\/kontakt\/\",\"name\":\"Kontakt - Dom Geriatryczno-Rehabilitacyjny - Warszawa\",\"isPartOf\":{\"@id\":\"https:\/\/bonifratrzy.pl\/dom-geriatryczno-rehabilitacyjny-warszawa\/#website\"},\"datePublished\":\"2016-01-28T00:05:05+00:00\",\"dateModified\":\"2022-05-26T14:51:03+00:00\",\"breadcrumb\":{\"@id\":\"https:\/\/bonifratrzy.pl\/dom-geriatryczno-rehabilitacyjny-warszawa\/kontakt\/#breadcrumb\"},\"inLanguage\":\"pl-PL\",\"potentialAction\":[{\"@type\":\"ReadAction\",\"target\":[\"https:\/\/bonifratrzy.pl\/dom-geriatryczno-rehabilitacyjny-warszawa\/kontakt\/\"]}]},{\"@type\":\"BreadcrumbList\",\"@id\":\"https:\/\/bonifratrzy.pl\/dom-geriatryczno-rehabilitacyjny-warszawa\/kontakt\/#breadcrumb\",\"itemListElement\":[{\"@type\":\"ListItem\",\"position\":1,\"name\":\"Strona g\u0142\u00f3wna\",\"item\":\"https:\/\/bonifratrzy.pl\/dom-geriatryczno-rehabilitacyjny-warszawa\/\"},{\"@type\":\"ListItem\",\"position\":2,\"name\":\"Kontakt\"}]},{\"@type\":\"WebSite\",\"@id\":\"https:\/\/bonifratrzy.pl\/dom-geriatryczno-rehabilitacyjny-warszawa\/#website\",\"url\":\"https:\/\/bonifratrzy.pl\/dom-geriatryczno-rehabilitacyjny-warszawa\/\",\"name\":\"Dom Geriatryczno-Rehabilitacyjny - Warszawa\",\"description\":\"Dom Geriatryczno-Rehabilitacyjny - Warszawa\",\"potentialAction\":[{\"@type\":\"SearchAction\",\"target\":{\"@type\":\"EntryPoint\",\"urlTemplate\":\"https:\/\/bonifratrzy.pl\/dom-geriatryczno-rehabilitacyjny-warszawa\/?s={search_term_string}\"},\"query-input\":{\"@type\":\"PropertyValueSpecification\",\"valueRequired\":true,\"valueName\":\"search_term_string\"}}],\"inLanguage\":\"pl-PL\"}]}<\/script>\n<!-- \/ Yoast SEO plugin. -->","yoast_head_json":{"title":"Kontakt - Dom Geriatryczno-Rehabilitacyjny - Warszawa","robots":{"index":"index","follow":"follow","max-snippet":"max-snippet:-1","max-image-preview":"max-image-preview:large","max-video-preview":"max-video-preview:-1"},"canonical":"https:\/\/bonifratrzy.pl\/dom-geriatryczno-rehabilitacyjny-warszawa\/kontakt\/","og_locale":"pl_PL","og_type":"article","og_title":"Kontakt - Dom Geriatryczno-Rehabilitacyjny - Warszawa","og_description":"Bonifraterskie Centrum Medyczne sp. z o.o. DOM GERIATRYCZNO-REHABILITACYJNY pw. NMP Kr\u00f3lowej Pokoju 00-215 Warszawa, ul. Sapie\u017cy\u0144ska 3 REGON 521336320, NIP 899-29-19-206 nr rach. 05 1240 2887 1111 0000 3389 6421 GODZINY PRACY ADMINISTRACJI: poniedzia\u0142ek-pi\u0105tek godz. 9:00 \u2013 15:00 Kontakt: Biuro Administracji DGR tel.: 22 390 33 36,\u00a0 570\u00a0968\u00a0956 \u00a0\u00a0\u00a0\u00a0\u00a0\u00a0\u00a0 22 390 33 35 \u00a0(sekretariat) e-mail: [&hellip;]","og_url":"https:\/\/bonifratrzy.pl\/dom-geriatryczno-rehabilitacyjny-warszawa\/kontakt\/","og_site_name":"Dom Geriatryczno-Rehabilitacyjny - Warszawa","article_modified_time":"2022-05-26T14:51:03+00:00","twitter_card":"summary_large_image","schema":{"@context":"https:\/\/schema.org","@graph":[{"@type":"WebPage","@id":"https:\/\/bonifratrzy.pl\/dom-geriatryczno-rehabilitacyjny-warszawa\/kontakt\/","url":"https:\/\/bonifratrzy.pl\/dom-geriatryczno-rehabilitacyjny-warszawa\/kontakt\/","name":"Kontakt - Dom Geriatryczno-Rehabilitacyjny - Warszawa","isPartOf":{"@id":"https:\/\/bonifratrzy.pl\/dom-geriatryczno-rehabilitacyjny-warszawa\/#website"},"datePublished":"2016-01-28T00:05:05+00:00","dateModified":"2022-05-26T14:51:03+00:00","breadcrumb":{"@id":"https:\/\/bonifratrzy.pl\/dom-geriatryczno-rehabilitacyjny-warszawa\/kontakt\/#breadcrumb"},"inLanguage":"pl-PL","potentialAction":[{"@type":"ReadAction","target":["https:\/\/bonifratrzy.pl\/dom-geriatryczno-rehabilitacyjny-warszawa\/kontakt\/"]}]},{"@type":"BreadcrumbList","@id":"https:\/\/bonifratrzy.pl\/dom-geriatryczno-rehabilitacyjny-warszawa\/kontakt\/#breadcrumb","itemListElement":[{"@type":"ListItem","position":1,"name":"Strona g\u0142\u00f3wna","item":"https:\/\/bonifratrzy.pl\/dom-geriatryczno-rehabilitacyjny-warszawa\/"},{"@type":"ListItem","position":2,"name":"Kontakt"}]},{"@type":"WebSite","@id":"https:\/\/bonifratrzy.pl\/dom-geriatryczno-rehabilitacyjny-warszawa\/#website","url":"https:\/\/bonifratrzy.pl\/dom-geriatryczno-rehabilitacyjny-warszawa\/","name":"Dom Geriatryczno-Rehabilitacyjny - Warszawa","description":"Dom Geriatryczno-Rehabilitacyjny - Warszawa","potentialAction":[{"@type":"SearchAction","target":{"@type":"EntryPoint","urlTemplate":"https:\/\/bonifratrzy.pl\/dom-geriatryczno-rehabilitacyjny-warszawa\/?s={search_term_string}"},"query-input":{"@type":"PropertyValueSpecification","valueRequired":true,"valueName":"search_term_string"}}],"inLanguage":"pl-PL"}]}},"_links":{"self":[{"href":"https:\/\/bonifratrzy.pl\/dom-geriatryczno-rehabilitacyjny-warszawa\/wp-json\/wp\/v2\/pages\/11"}],"collection":[{"href":"https:\/\/bonifratrzy.pl\/dom-geriatryczno-rehabilitacyjny-warszawa\/wp-json\/wp\/v2\/pages"}],"about":[{"href":"https:\/\/bonifratrzy.pl\/dom-geriatryczno-rehabilitacyjny-warszawa\/wp-json\/wp\/v2\/types\/page"}],"author":[{"embeddable":true,"href":"https:\/\/bonifratrzy.pl\/dom-geriatryczno-rehabilitacyjny-warszawa\/wp-json\/wp\/v2\/users\/1"}],"replies":[{"embeddable":true,"href":"https:\/\/bonifratrzy.pl\/dom-geriatryczno-rehabilitacyjny-warszawa\/wp-json\/wp\/v2\/comments?post=11"}],"version-history":[{"count":15,"href":"https:\/\/bonifratrzy.pl\/dom-geriatryczno-rehabilitacyjny-warszawa\/wp-json\/wp\/v2\/pages\/11\/revisions"}],"predecessor-version":[{"id":1429,"href":"https:\/\/bonifratrzy.pl\/dom-geriatryczno-rehabilitacyjny-warszawa\/wp-json\/wp\/v2\/pages\/11\/revisions\/1429"}],"wp:attachment":[{"href":"https:\/\/bonifratrzy.pl\/dom-geriatryczno-rehabilitacyjny-warszawa\/wp-json\/wp\/v2\/media?parent=11"}],"curies":[{"name":"wp","href":"https:\/\/api.w.org\/{rel}","templated":true}]}}